-- Table structure for table `psx_item_reports`
--

CREATE TABLE `psx_item_reports` (
  `id` bigint(20) UNSIGNED NOT NULL,
  `item_id` bigint(20) UNSIGNED NOT NULL,
  `reported_user_id` bigint(20) UNSIGNED NOT NULL,
  `text_note` longtext COLLATE utf8mb4_unicode_ci NOT NULL,
  `reported_item_status_id` bigint(20) UNSIGNED NOT NULL DEFAULT 1,
  `added_date` timestamp NOT NULL DEFAULT current_timestamp(),
  `added_user_id` bigint(20) UNSIGNED NOT NULL,
  `updated_date` timestamp NULL DEFAULT NULL ON UPDATE current_timestamp(),
  `updated_user_id` bigint(20) UNSIGNED DEFAULT NULL,
  `updated_flag` smallint(6) DEFAULT NULL
) ENGINE=InnoDB DEFAULT CHARSET=utf8mb4 COLLATE=utf8mb4_unicode_ci;

-- --------------------------------------------------------

--
-- Table structure for table `psx_landing_pages`
--

CREATE TABLE `psx_landing_pages` (
  `id` bigint(20) UNSIGNED NOT NULL,
  `title` varchar(255) COLLATE utf8mb4_unicode_ci NOT NULL,
  `description` longtext COLLATE utf8mb4_unicode_ci DEFAULT NULL,
  `default_landing_page_color` varchar(255) COLLATE utf8mb4_unicode_ci DEFAULT '#6366f1',
  `gps_link` varchar(255) COLLATE utf8mb4_unicode_ci DEFAULT NULL,
  `ios_link` varchar(255) COLLATE utf8mb4_unicode_ci DEFAULT NULL,
  `yt_link` varchar(255) COLLATE utf8mb4_unicode_ci DEFAULT NULL,
  `fb_link` varchar(255) COLLATE utf8mb4_unicode_ci DEFAULT NULL,
  `tw_link` varchar(255) COLLATE utf8mb4_unicode_ci DEFAULT NULL,
  `added_date` timestamp NOT NULL DEFAULT current_timestamp() ON UPDATE current_timestamp(),
  `added_user_id` bigint(20) UNSIGNED NOT NULL,
  `updated_date` timestamp NULL DEFAULT NULL,
  `updated_user_id` bigint(20) UNSIGNED DEFAULT NULL,
  `updated_flag` smallint(6) DEFAULT NULL
) ENGINE=InnoDB DEFAULT CHARSET=utf8mb4 COLLATE=utf8mb4_unicode_ci;

--
-- Dumping data for table `psx_landing_pages`
--

INSERT INTO `psx_landing_pages` (`id`, `title`, `description`, `default_landing_page_color`, `gps_link`, `ios_link`, `yt_link`, `fb_link`, `tw_link`, `added_date`, `added_user_id`, `updated_date`, `updated_user_id`, `updated_flag`) VALUES
(1, 'PSX City Guide Classified App', 'Once you\'ve downloaded and installed the app, you can start using it right away to manage and organize your classified ads. Give it a try and see how it can make your life easier!', '#3CAF54', 'https: //play.google.com/store/apps', 'https: //www.apple.com/app-store', 'https: //www.youtube.com', 'https: //www.facebook.com', 'https: //www.twitter.com', '2024-04-09 09:41:41', 1, '2024-04-09 16:41:41', NULL, NULL);

-- --------------------------------------------------------

--
-- Table structure for table `psx_languages`
--

CREATE TABLE `psx_languages` (
  `id` bigint(20) UNSIGNED NOT NULL,
  `symbol` varchar(255) COLLATE utf8mb4_unicode_ci NOT NULL,
  `name` varchar(255) COLLATE utf8mb4_unicode_ci NOT NULL,
  `status` tinyint(1) NOT NULL DEFAULT 0,
  `added_date` timestamp NOT NULL DEFAULT current_timestamp(),
  `added_user_id` bigint(20) UNSIGNED NOT NULL,
  `updated_date` timestamp NULL DEFAULT NULL ON UPDATE current_timestamp(),
  `updated_user_id` bigint(20) UNSIGNED DEFAULT NULL,
  `updated_flag` smallint(6) DEFAULT NULL
) ENGINE=InnoDB DEFAULT CHARSET=utf8mb4 COLLATE=utf8mb4_unicode_ci;

--
-- Dumping data for table `psx_languages`
--

INSERT INTO `psx_languages` (`id`, `symbol`, `name`, `status`, `added_date`, `added_user_id`, `updated_date`, `updated_user_id`, `updated_flag`) VALUES
(1, 'en', 'English', 1, '2022-12-27 08:20:47', 1, '2023-11-17 16:15:32', 1, NULL),
(2, 'ar', 'Arabic', 0, '2022-12-26 21:54:29', 1, '2023-11-17 08:15:32', 1, NULL),
(3, 'fr', 'French', 0, '2022-12-27 08:20:47', 1, '2022-12-27 05:54:29', 1, NULL),
(4, 'es', 'Spanish', 0, '2022-12-05 10:45:04', 1, NULL, NULL, NULL),
(5, 'pt', 'Portuguese', 0, '2022-12-05 10:45:04', 1, NULL, NULL, NULL),
(6, 'hi', 'Hindi', 0, '2022-12-05 10:45:04', 1, NULL, NULL, NULL),
(7, 'id', 'Indonesian', 0, '2022-12-05 10:45:04', 1, NULL, NULL, NULL),
(8, 'ja', 'Japanese', 0, '2022-12-05 10:45:04', 1, NULL, NULL, NULL),
(9, 'ms', 'Malay', 0, '2022-12-05 10:45:04', 1, NULL, NULL, NULL),
(10, 'ru', 'Russian', 0, '2022-12-05 10:45:04', 1, NULL, NULL, NULL),
(11, 'tr', 'Turkish', 0, '2022-12-05 10:45:04', 1, NULL, NULL, NULL),
(12, 'de', 'German', 0, '2022-12-06 20:52:50', 1, '2022-12-07 04:52:46', 1, NULL),
(13, 'it', 'Italian', 0, '2022-12-05 10:45:05', 1, NULL, NULL, NULL),
(14, 'ko', 'Korean', 0, '2022-12-15 17:31:14', 1, '2022-12-16 01:30:32', 1, NULL),
(15, 'th', 'Thai', 0, '2022-12-05 10:45:05', 1, NULL, NULL, NULL),
(16, 'zh', 'Chinese', 0, '2022-12-26 21:54:26', 1, '2022-12-27 05:51:00', 1, NULL);

-- --------------------------------------------------------

--
-- Table structure for table `psx_location_cities`
--

CREATE TABLE `psx_location_cities` (
  `id` bigint(20) UNSIGNED NOT NULL,
  `name` varchar(255) COLLATE utf8mb4_unicode_ci NOT NULL,
  `lat` double(10,6) NOT NULL,
  `lng` double(10,6) NOT NULL,
  `ordering` smallint(6) DEFAULT NULL,
  `status` tinyint(1) NOT NULL DEFAULT 1,
  `description` text COLLATE utf8mb4_unicode_ci DEFAULT NULL,
  `touch_count` smallint(6) DEFAULT NULL,
  `is_featured` tinyint(1) DEFAULT NULL,
  `featured_date` timestamp NULL DEFAULT NULL,
  `added_date` timestamp NOT NULL DEFAULT '0000-00-00 00:00:00',
  `added_user_id` bigint(20) UNSIGNED NOT NULL,
  `updated_date` timestamp NULL DEFAULT NULL ON UPDATE current_timestamp(),
  `updated_user_id` bigint(20) UNSIGNED DEFAULT NULL,
  `updated_flag` smallint(6) DEFAULT NULL
) ENGINE=InnoDB DEFAULT CHARSET=utf8mb4 COLLATE=utf8mb4_unicode_ci;

--
-- Dumping data for table `psx_location_cities`
--

INSERT INTO `psx_location_cities` (`id`, `name`, `lat`, `lng`, `ordering`, `status`, `description`, `touch_count`, `is_featured`, `featured_date`, `added_date`, `added_user_id`, `updated_date`, `updated_user_id`, `updated_flag`) VALUES
(25, 'United States', 39.783730, -100.445882, 1, 1, NULL, NULL, NULL, NULL, '2024-03-06 12:21:12', 1, '2024-03-06 12:21:12', NULL, NULL),
(26, 'London', 51.489334, -0.144055, 2, 1, NULL, NULL, NULL, NULL, '2024-03-06 12:22:11', 1, '2024-03-06 12:22:11', NULL, NULL),
(27, 'India', 22.351115, 78.667743, 3, 1, NULL, NULL, NULL, NULL, '2024-03-06 12:22:31', 1, '2024-03-06 12:22:31', NULL, NULL),
(28, 'Singapore', 1.357107, 103.819499, 4, 1, NULL, NULL, NULL, NULL, '2024-03-06 12:22:54', 1, '2024-03-06 12:22:54', NULL, NULL),
(29, 'Mandalay', 21.957057, 96.092606, 5, 1, NULL, NULL, NULL, NULL, '2024-03-06 12:23:38', 1, '2024-03-06 12:23:38', NULL, NULL),
(30, 'Yangon', 16.811771, 96.155777, 6, 1, NULL, NULL, NULL, NULL, '2024-03-06 12:23:53', 1, '2024-03-06 12:23:53', NULL, NULL);

-- --------------------------------------------------------

--
-- Table structure for table `psx_location_city_infos`
--

CREATE TABLE `psx_location_city_infos` (
  `id` bigint(20) UNSIGNED NOT NULL,
  `location_city_id` bigint(20) UNSIGNED NOT NULL,
  `core_keys_id` varchar(255) COLLATE utf8mb4_unicode_ci NOT NULL,
  `value` varchar(255) COLLATE utf8mb4_unicode_ci DEFAULT NULL,
  `ui_type_id` varchar(255) COLLATE utf8mb4_unicode_ci DEFAULT NULL,
  `added_date` timestamp NOT NULL DEFAULT current_timestamp(),
  `added_user_id` bigint(20) UNSIGNED NOT NULL,
  `updated_date` timestamp NULL DEFAULT NULL ON UPDATE current_timestamp(),
  `updated_user_id` bigint(20) UNSIGNED DEFAULT NULL,
  `updated_flag` smallint(6) DEFAULT NULL
) ENGINE=InnoDB DEFAULT CHARSET=utf8mb4 COLLATE=utf8mb4_unicode_ci;

-- --------------------------------------------------------

--
-- Table structure for table `psx_location_townships`
--

CREATE TABLE `psx_location_townships` (
  `id` bigint(20) UNSIGNED NOT NULL,
  `location_city_id` bigint(20) UNSIGNED NOT NULL,
  `name` varchar(255) COLLATE utf8mb4_unicode_ci NOT NULL,
  `lat` double(10,6) NOT NULL,
  `lng` double(10,6) NOT NULL,
  `ordering` smallint(6) DEFAULT NULL,
  `status` tinyint(1) NOT NULL DEFAULT 1,
  `description` text COLLATE utf8mb4_unicode_ci DEFAULT NULL,
  `touch_count` smallint(6) DEFAULT NULL,
  `is_featured` tinyint(1) DEFAULT NULL,
  `featured_date` timestamp NULL DEFAULT NULL,
  `added_date` timestamp NOT NULL DEFAULT '0000-00-00 00:00:00',
  `added_user_id` bigint(20) UNSIGNED NOT NULL,
  `updated_date` timestamp NULL DEFAULT NULL ON UPDATE current_timestamp(),
  `updated_user_id` bigint(20) UNSIGNED DEFAULT NULL,
  `updated_flag` smallint(6) DEFAULT NULL
) ENGINE=InnoDB DEFAULT CHARSET=utf8mb4 COLLATE=utf8mb4_unicode_ci;

--
-- Dumping data for table `psx_location_townships`
--

INSERT INTO `psx_location_townships` (`id`, `location_city_id`, `name`, `lat`, `lng`, `ordering`, `status`, `description`, `touch_count`, `is_featured`, `featured_date`, `added_date`, `added_user_id`, `updated_date`, `updated_user_id`, `updated_flag`) VALUES
(27, 28, 'Singapore', 1.289918, 103.851907, 1, 1, NULL, NULL, NULL, NULL, '2024-03-06 12:25:06', 1, '2024-03-06 12:25:06', NULL, NULL),
(28, 30, 'Insein', 16.887988, 96.106669, 2, 1, NULL, NULL, NULL, NULL, '2024-03-06 12:25:28', 1, '2024-03-06 12:25:28', NULL, NULL),
(29, 30, 'South Okkalapa', 16.857777, 96.176376, 3, 1, NULL, NULL, NULL, NULL, '2024-03-06 12:25:53', 1, '2024-03-06 12:25:53', NULL, NULL),
(30, 29, 'Chan Mya Tharsi', 21.940657, 96.095867, 4, 1, NULL, NULL, NULL, NULL, '2024-03-06 12:26:45', 1, '2024-03-06 12:26:45', NULL, NULL),
(31, 29, 'Mahar Aung Myay', 21.967723, 96.070805, 5, 1, NULL, NULL, NULL, NULL, '2024-03-06 12:27:34', 1, '2024-03-06 12:27:34', NULL, NULL),
(32, 30, 'Kamaryut', 16.834118, 96.126251, 6, 1, NULL, NULL, NULL, NULL, '2024-03-06 12:28:11', 1, '2024-03-06 12:28:11', NULL, NULL),
(33, 30, 'San Chaung', 16.804623, 96.132259, 7, 1, NULL, NULL, NULL, NULL, '2024-03-06 12:28:44', 1, '2024-03-06 12:28:44', NULL, NULL),
(34, 26, 'Bexley', 51.441679, 0.150488, 8, 1, NULL, NULL, NULL, NULL, '2024-03-06 12:29:26', 1, '2024-03-06 12:29:26', NULL, NULL),
(35, 26, 'Hackney', 51.543240, -0.049362, 9, 1, NULL, NULL, NULL, NULL, '2024-03-06 12:29:54', 1, '2024-03-06 12:29:54', NULL, NULL),
(36, 25, 'San Francisco', 37.779259, -122.419329, NULL, 1, NULL, NULL, NULL, NULL, '2024-03-06 12:30:29', 1, '2024-03-06 12:30:29', NULL, NULL),
(37, 25, 'Chicago', 41.875562, -87.624421, 10, 1, NULL, NULL, NULL, NULL, '2024-03-06 12:30:59', 1, '2024-03-06 12:30:59', NULL, NULL),
(38, 25, 'New York', 40.712728, -74.006015, 12, 1, NULL, NULL, NULL, NULL, '2024-03-06 12:31:31', 1, '2024-03-06 12:31:31', NULL, NULL),
(39, 27, 'Mumbai', 18.973354, 72.828105, 13, 1, NULL, NULL, NULL, NULL, '2024-03-06 12:32:02', 1, '2024-03-06 12:32:02', NULL, NULL),
(40, 27, 'New Delhi', 28.613895, 77.209006, 14, 1, NULL, NULL, NULL, NULL, '2024-03-06 12:32:27', 1, '2024-03-06 12:32:27', NULL, NULL),
(41, 27, 'Hyderabad', 17.360589, 78.474061, 15, 1, NULL, NULL, NULL, NULL, '2024-03-06 12:33:01', 1, '2024-03-06 12:33:01', NULL, NULL),
(42, 28, 'Choa Chu Kang', 1.385317, 103.744325, 16, 1, NULL, NULL, NULL, NULL, '2024-03-06 12:33:29', 1, '2024-03-06 12:33:29', NULL, NULL),
(43, 28, 'Ang Mo Kio', 1.370080, 103.849523, 17, 1, NULL, NULL, NULL, NULL, '2024-03-06 12:33:52', 1, '2024-03-06 12:33:52', NULL, NULL);

-- --------------------------------------------------------

--
-- Table structure for table `psx_log_changes`
--

CREATE TABLE `psx_log_changes` (
  `id` bigint(20) UNSIGNED NOT NULL,
  `code` varchar(255) COLLATE utf8mb4_unicode_ci NOT NULL,
  `added_date` timestamp NULL DEFAULT NULL,
  `added_user_id` bigint(20) UNSIGNED NOT NULL,
  `updated_date` timestamp NULL DEFAULT NULL,
  `updated_user_id` bigint(20) UNSIGNED DEFAULT NULL,
  `updated_flag` smallint(6) DEFAULT NULL
) ENGINE=InnoDB DEFAULT CHARSET=utf8mb4 COLLATE=utf8mb4_unicode_ci;

--
-- Dumping data for table `psx_log_changes`
--

INSERT INTO `psx_log_changes` (`id`, `code`, `added_date`, `added_user_id`, `updated_date`, `updated_user_id`, `updated_flag`) VALUES
(2, '1716028991', '2024-05-18 18:39:14', 0, '2024-05-18 18:39:14', NULL, NULL);

-- --------------------------------------------------------

--
-- Table structure for table `psx_mobile_languages`
--

CREATE TABLE `psx_mobile_languages` (
  `id` bigint(20) UNSIGNED NOT NULL,
  `symbol` varchar(255) COLLATE utf8mb4_unicode_ci NOT NULL,
  `language_code` varchar(255) COLLATE utf8mb4_unicode_ci NOT NULL,
  `country_code` varchar(255) COLLATE utf8mb4_unicode_ci NOT NULL,
  `name` varchar(255) COLLATE utf8mb4_unicode_ci NOT NULL,
  `code` varchar(255) COLLATE utf8mb4_unicode_ci NOT NULL,
  `status` tinyint(4) NOT NULL DEFAULT 0,
  `enable` tinyint(4) NOT NULL DEFAULT 0,
  `added_date` timestamp NOT NULL DEFAULT current_timestamp(),
  `added_user_id` bigint(20) UNSIGNED NOT NULL,
  `updated_date` timestamp NULL DEFAULT NULL ON UPDATE current_timestamp(),
  `updated_user_id` bigint(20) UNSIGNED DEFAULT NULL,
  `updated_flag` smallint(6) DEFAULT NULL
) ENGINE=InnoDB DEFAULT CHARSET=utf8mb4 COLLATE=utf8mb4_unicode_ci;

--
-- Dumping data for table `psx_mobile_languages`
--

INSERT INTO `psx_mobile_languages` (`id`, `symbol`, `language_code`, `country_code`, `name`, `code`, `status`, `enable`, `added_date`, `added_user_id`, `updated_date`, `updated_user_id`, `updated_flag`) VALUES
(1, 'en', 'en', 'US', 'English', '1724231563187', 1, 1, '2022-12-16 09:06:50', 1, '2024-08-21 16:12:43', 1, NULL),
(2, 'ar', 'ar', 'DZ', 'Arabic', '1724231563212', 0, 1, '2022-12-16 09:06:50', 1, '2024-08-21 16:12:43', 1, NULL),
(3, 'es', 'es', 'ES', 'Spanish', '1724231563268', 0, 1, '2022-12-06 21:09:47', 1, '2024-08-21 16:12:43', NULL, NULL),
(4, 'fr', 'fr', 'FR', 'French', '1724231563231', 0, 1, '2022-12-16 09:06:50', 1, '2024-08-21 16:12:43', 1, NULL),
(8, 'id', 'id', 'ID', 'Idonesian', '1724231563248', 0, 0, '2022-12-16 09:06:50', 1, '2024-08-21 16:12:43', NULL, NULL),
(12, 'pt', 'pt', 'PT', 'Portuguese', '1724231563165', 0, 1, '2022-12-26 20:55:19', 1, '2024-08-21 16:12:43', 1, NULL),
(13, 'hi', 'hi', 'IN', 'India (Hindi)', '1724231563127', 0, 1, '2022-12-26 21:28:43', 1, '2024-08-21 16:12:43', 1, NULL),
(14, 'ja', 'ja', 'JP', 'Japanese', '1724231563090', 0, 1, '2022-12-26 21:57:42', 1, '2024-08-21 16:12:43', 1, NULL),
(15, 'ms', 'ms', 'MY', 'Malay', '1724231563109', 0, 1, '2022-12-26 21:57:32', 1, '2024-08-21 16:12:43', 1, NULL),
(16, 'ru', 'ru', 'RU', 'Russian', '1724231563027', 0, 0, '2022-12-27 04:51:13', 1, '2024-08-21 16:12:43', NULL, NULL),
(17, 'tr', 'tr', 'TR', 'Turkish', '1724231563008', 0, 0, '2022-12-27 04:51:47', 1, '2024-08-21 16:12:43', NULL, NULL),
(18, 'de', 'de', 'DE', 'German', '1724231562992', 0, 0, '2022-12-27 04:52:15', 1, '2024-08-21 16:12:42', NULL, NULL),
(19, 'it', 'it', 'IT', 'Italian', '1724231562968', 0, 0, '2022-12-27 04:52:52', 1, '2024-08-21 16:12:42', NULL, NULL),
(20, 'ko', 'ko', 'KR', 'Korean', '1724231563069', 0, 1, '2022-12-26 21:57:45', 1, '2024-08-21 16:12:43', 1, NULL),
(21, 'th', 'th', 'TH', 'Thai', '1724231563047', 0, 1, '2022-12-26 21:57:46', 1, '2024-08-21 16:12:43', 1, NULL),
(22, 'zh', 'zh', 'CN', 'Chinese', '1724231563145', 0, 1, '2022-12-26 21:14:01', 1, '2024-08-21 16:12:43', 1, NULL);

-- --------------------------------------------------------

--
-- Table structure for table `psx_mobile_settings`
--

CREATE TABLE `psx_mobile_settings` (
  `id` bigint(20) UNSIGNED NOT NULL,
  `apple_appstore_url` varchar(255) COLLATE utf8mb4_unicode_ci DEFAULT NULL,
  `ios_appstore_id` varchar(255) COLLATE utf8mb4_unicode_ci DEFAULT NULL,
  `google_playstore_url` varchar(255) COLLATE utf8mb4_unicode_ci DEFAULT NULL,
  `is_show_admob` tinyint(1) DEFAULT NULL,
  `is_show_item_video` tinyint(1) DEFAULT NULL,
  `fb_key` varchar(255) COLLATE utf8mb4_unicode_ci DEFAULT NULL,
  `date_format` varchar(255) COLLATE utf8mb4_unicode_ci DEFAULT NULL,
  `price_format` varchar(255) COLLATE utf8mb4_unicode_ci DEFAULT NULL,
  `default_razor_currency` varchar(255) COLLATE utf8mb4_unicode_ci DEFAULT NULL,
  `is_razor_support_multi_currency` tinyint(1) DEFAULT NULL,
  `is_show_subcategory` tinyint(1) DEFAULT NULL,
  `is_show_discount` tinyint(4) NOT NULL DEFAULT 0,
  `theme_component_attr_change_code` varchar(255) COLLATE utf8mb4_unicode_ci DEFAULT NULL,
  `color_change_code` varchar(255) COLLATE utf8mb4_unicode_ci DEFAULT NULL,
  `show_phone_login` tinyint(1) DEFAULT NULL,
  `show_google_login` tinyint(1) DEFAULT NULL,
  `show_apple_login` tinyint(1) DEFAULT NULL,
  `show_facebook_login` tinyint(1) DEFAULT NULL,
  `is_use_thumbnail_as_placeholder` tinyint(1) DEFAULT NULL,
  `is_use_google_map` tinyint(1) DEFAULT NULL,
  `item_detail_view_count_for_ads` int(11) DEFAULT NULL,
  `is_show_ads_in_item_detail` tinyint(1) DEFAULT NULL,
  `after_item_count_admob_once` int(11) DEFAULT NULL,
  `blue_mark_size` int(11) DEFAULT NULL,
  `block_item_loading_limit` int(11) DEFAULT NULL,
  `follower_item_loading_limit` int(11) DEFAULT NULL,
  `block_slider_loading_limit` int(11) DEFAULT NULL,
  `featured_item_loading_limit` int(11) DEFAULT NULL,
  `popular_item_loading_limit` int(11) DEFAULT NULL,
  `recent_item_loading_limit` int(11) DEFAULT NULL,
  `category_loading_limit` int(11) DEFAULT NULL,
  `default_loading_limit` int(11) DEFAULT NULL,
  `discount_item_loading_limit` int(11) DEFAULT NULL,
  `mile` varchar(255) COLLATE utf8mb4_unicode_ci DEFAULT NULL,
  `video_duration` int(11) DEFAULT NULL,
  `is_show_owner_info` tinyint(1) DEFAULT NULL,
  `is_force_login` tinyint(1) DEFAULT NULL,
  `is_language_config` tinyint(1) DEFAULT NULL,
  `no_filter_with_location_on_map` tinyint(1) DEFAULT NULL,
  `chat_image_size` int(11) DEFAULT NULL,
  `profile_image_size` int(11) DEFAULT NULL,
  `upload_image_size` int(11) DEFAULT NULL,
  `promote_first_choice_day` varchar(255) COLLATE utf8mb4_unicode_ci DEFAULT NULL,
  `promote_second_choice_day` varchar(255) COLLATE utf8mb4_unicode_ci DEFAULT NULL,
  `promote_third_choice_day` varchar(255) COLLATE utf8mb4_unicode_ci DEFAULT NULL,
  `promote_fourth_choice_day` varchar(255) COLLATE utf8mb4_unicode_ci DEFAULT NULL,
  `default_language` varchar(255) COLLATE utf8mb4_unicode_ci DEFAULT NULL,
  `selected_language` varchar(255) COLLATE utf8mb4_unicode_ci DEFAULT NULL,
  `lat` double(10,6) DEFAULT NULL,
  `lng` double(10,6) DEFAULT NULL,
  `collection_item_loading_limit` int(11) DEFAULT NULL,
  `shop_loading_limit` int(11) DEFAULT NULL,
  `show_main_menu` tinyint(1) DEFAULT NULL,
  `show_special_collections` tinyint(1) DEFAULT NULL,
  `show_featured_items` tinyint(1) DEFAULT NULL,
  `show_best_choice_slider` tinyint(1) DEFAULT NULL,
  `default_flutter_wave_currency` varchar(255) COLLATE utf8mb4_unicode_ci DEFAULT NULL,
  `default_order_time` varchar(255) COLLATE utf8mb4_unicode_ci DEFAULT NULL,
  `trending_item_loading_limit` int(11) DEFAULT NULL,
  `version_no` varchar(255) COLLATE utf8mb4_unicode_ci DEFAULT NULL,
  `version_force_update` varchar(255) COLLATE utf8mb4_unicode_ci DEFAULT NULL,
  `version_title` varchar(255) COLLATE utf8mb4_unicode_ci DEFAULT NULL,
  `version_message` varchar(255) COLLATE utf8mb4_unicode_ci DEFAULT NULL,
  `version_need_clear_data` varchar(255) COLLATE utf8mb4_unicode_ci DEFAULT NULL,
  `android_admob_banner_ad_unit_id` varchar(255) COLLATE utf8mb4_unicode_ci NOT NULL,
  `android_admob_native_unit_id` varchar(255) COLLATE utf8mb4_unicode_ci NOT NULL,
  `andorid_admob_interstitial_ad_unit_id` varchar(255) COLLATE utf8mb4_unicode_ci NOT NULL,
  `ios_admob_banner_ad_unit_id` varchar(255) COLLATE utf8mb4_unicode_ci NOT NULL,
  `ios_admob_native_ad_unit_id` varchar(255) COLLATE utf8mb4_unicode_ci NOT NULL,
  `ios_admob_interstitial_ad_unit_id` varchar(255) COLLATE utf8mb4_unicode_ci NOT NULL,
  `recent_search_keyword_limit` int(11) NOT NULL,
  `data_config_data_source_type` varchar(255) COLLATE utf8mb4_unicode_ci NOT NULL,
  `data_config_day` int(11) NOT NULL,
  `is_slider_auto_play` tinyint(4) NOT NULL DEFAULT 0,
  `is_demo_for_payment` tinyint(4) NOT NULL DEFAULT 0,
  `auto_play_interval` int(11) NOT NULL,
  `loading_shimmer_item_count` int(11) NOT NULL,
  `phone_list_count` int(11) NOT NULL,
  `deli_boy_version_no` varchar(255) COLLATE utf8mb4_unicode_ci DEFAULT NULL,
  `deli_boy_version_force_update` varchar(255) COLLATE utf8mb4_unicode_ci DEFAULT NULL,
  `deli_boy_version_title` varchar(255) COLLATE utf8mb4_unicode_ci DEFAULT NULL,
  `deli_boy_version_message` varchar(255) COLLATE utf8mb4_unicode_ci DEFAULT NULL,
  `deli_boy_version_need_clear_data` varchar(255) COLLATE utf8mb4_unicode_ci DEFAULT NULL,
  `added_date` timestamp NOT NULL DEFAULT current_timestamp(),
  `added_user_id` bigint(20) UNSIGNED NOT NULL,
  `updated_date` timestamp NULL DEFAULT NULL ON UPDATE current_timestamp(),
  `updated_user_id` bigint(20) UNSIGNED DEFAULT NULL,
  `updated_flag` smallint(6) DEFAULT NULL
) ENGINE=InnoDB DEFAULT CHARSET=utf8mb4 COLLATE=utf8mb4_unicode_ci;

--
-- Dumping data for table `psx_mobile_settings`
--

INSERT INTO `psx_mobile_settings` (`id`, `apple_appstore_url`, `ios_appstore_id`, `google_playstore_url`, `is_show_admob`, `is_show_item_video`, `fb_key`, `date_format`, `price_format`, `default_razor_currency`, `is_razor_support_multi_currency`, `is_show_subcategory`, `is_show_discount`, `theme_component_attr_change_code`, `color_change_code`, `show_phone_login`, `show_google_login`, `show_apple_login`, `show_facebook_login`, `is_use_thumbnail_as_placeholder`, `is_use_google_map`, `item_detail_view_count_for_ads`, `is_show_ads_in_item_detail`, `after_item_count_admob_once`, `blue_mark_size`, `block_item_loading_limit`, `follower_item_loading_limit`, `block_slider_loading_limit`, `featured_item_loading_limit`, `popular_item_loading_limit`, `recent_item_loading_limit`, `category_loading_limit`, `default_loading_limit`, `discount_item_loading_limit`, `mile`, `video_duration`, `is_show_owner_info`, `is_force_login`, `is_language_config`, `no_filter_with_location_on_map`, `chat_image_size`, `profile_image_size`, `upload_image_size`, `promote_first_choice_day`, `promote_second_choice_day`, `promote_third_choice_day`, `promote_fourth_choice_day`, `default_language`, `selected_language`, `lat`, `lng`, `collection_item_loading_limit`, `shop_loading_limit`, `show_main_menu`, `show_special_collections`, `show_featured_items`, `show_best_choice_slider`, `default_flutter_wave_currency`, `default_order_time`, `trending_item_loading_limit`, `version_no`, `version_force_update`, `version_title`, `version_message`, `version_need_clear_data`, `android_admob_banner_ad_unit_id`, `android_admob_native_unit_id`, `andorid_admob_interstitial_ad_unit_id`, `ios_admob_banner_ad_unit_id`, `ios_admob_native_ad_unit_id`, `ios_admob_interstitial_ad_unit_id`, `recent_search_keyword_limit`, `data_config_data_source_type`, `data_config_day`, `is_slider_auto_play`, `is_demo_for_payment`, `auto_play_interval`, `loading_shimmer_item_count`, `phone_list_count`, `deli_boy_version_no`, `deli_boy_version_force_update`, `deli_boy_version_title`, `deli_boy_version_message`, `deli_boy_version_need_clear_data`, `added_date`, `added_user_id`, `updated_date`, `updated_user_id`, `updated_flag`) VALUES
(1, 'https: //www.apple.com/app-store', '000000000', 'https: //play.google.com/store/apps', 1, 1, '000000000000000', 'dd-MM-yyyy', '#,##0.00', 'INR', 0, 1, 1, NULL, '1716032480725', 1, 1, 0, 1, 1, 0, 5, 1, NULL, 15, 12, 12, 30, 12, 12, 12, 20, 20, 12, '8', 60000, 0, 0, 1, 1, 650, 512, 1024, '7', '14', '30', '60', '1', '1,2', NULL, NULL, NULL, NULL, 1, 0, 1, 0, NULL, NULL, NULL, '1.2.0', '0', 'New Version Available', 'New Version Available for update.', '0', '00-000-000-000000000000000000000000000', '00-000-000-000000000000000000000000000', '00-000-000-000000000000000000000000000', '00-000-000-000000000000000000000000000', '00-000-000-000000000000000000000000000', '00-000-000-000000000000000000000000000', 3, 'FULL_CACHE', 7, 1, 1, 3000, 0, 1, NULL, '0', NULL, NULL, '0', '2022-12-27 13:26:17', 1, '2024-08-21 09:27:15', 1, NULL);

-- --------------------------------------------------------

--
-- Table structure for table `psx_modules`
--

CREATE TABLE `psx_modules` (
  `id` bigint(20) UNSIGNED NOT NULL,
  `title` varchar(255) COLLATE utf8mb4_unicode_ci NOT NULL,
  `lang_key` varchar(255) COLLATE utf8mb4_unicode_ci DEFAULT NULL,
  `added_date` timestamp NOT NULL DEFAULT current_timestamp(),
  `added_user_id` bigint(20) UNSIGNED NOT NULL,
  `updated_date` timestamp NULL DEFAULT NULL ON UPDATE current_timestamp(),
  `updated_user_id` bigint(20) UNSIGNED DEFAULT NULL,
  `updated_flag` smallint(6) DEFAULT NULL,
  `menu_id` bigint(20) DEFAULT NULL,
  `sub_menu_id` bigint(20) DEFAULT NULL,
  `is_not_from_sidebar` tinyint(4) NOT NULL DEFAULT 0,
  `status` bigint(20) DEFAULT NULL,
  `route_name` varchar(255) COLLATE utf8mb4_unicode_ci DEFAULT NULL
) ENGINE=InnoDB DEFAULT CHARSET=utf8mb4 COLLATE=utf8mb4_unicode_ci;

--
-- Dumping data for table `psx_modules`
--

INSERT INTO `psx_modules` (`id`, `title`, `lang_key`, `added_date`, `added_user_id`, `updated_date`, `updated_user_id`, `updated_flag`, `menu_id`, `sub_menu_id`, `is_not_from_sidebar`, `status`, `route_name`) VALUES
(1, 'item', 'item_module', '2022-12-22 19:08:05', 1, '2023-03-09 01:14:06', 1, NULL, 1, 0, 0, 1, 'item.index'),
(2, 'item_custom_field', 'item_custom_field_module', '2022-12-21 15:18:16', 1, '2023-01-19 17:24:37', 1, NULL, 2, NULL, 0, 1, 'item_custom_field.index'),
(3, 'currency', 'currency_module', '2022-12-21 15:18:17', 1, '2023-01-19 17:24:37', 1, NULL, 3, NULL, 0, 1, 'currency.index'),
(4, 'slow_moving_item', 'slow_moving_item_module', '2022-12-21 15:18:17', 1, '2023-01-19 17:27:48', 1, NULL, 4, NULL, 0, 1, 'slow_moving_item.index'),
(5, 'category', 'category_module', '2022-12-21 15:18:17', 1, '2023-01-19 17:27:48', 1, NULL, 5, NULL, 0, 1, 'category.index'),
(6, 'subcategory', 'subcategory_module', '2022-12-21 15:18:17', 1, '2023-10-19 20:59:12', 1, NULL, 6, NULL, 0, 1, 'subcategory.index'),
(7, 'city', 'city_module', '2022-12-21 15:18:17', 1, '2023-01-19 17:32:59', NULL, NULL, 7, NULL, 0, 1, 'city.index'),
(8, 'township', 'township_module', '2022-12-21 15:18:17', 1, '2023-01-19 17:32:59', NULL, NULL, 8, NULL, 0, 1, 'township.index'),
(9, 'shop', 'shop_module', '2022-12-21 15:18:17', 1, '2023-03-09 01:16:33', NULL, NULL, 0, NULL, 0, 1, 'shop.index'),
(10, 'shipping', 'shipping_module', '2022-12-21 15:18:17', 1, '2023-03-09 01:16:46', NULL, NULL, 0, NULL, 0, 1, 'shipping.index'),
(11, 'transaction_status', 'transaction_status_module', '2022-12-21 15:18:17', 1, '2023-03-09 01:17:00', NULL, NULL, 0, NULL, 0, 1, 'transaction_status.index'),
(12, 'payment_status', 'payment_status_module', '2022-12-21 15:18:17', 1, '2023-03-09 01:17:14', NULL, NULL, 0, NULL, 0, 1, 'payment_status.index'),
(13, 'core_key_type', 'core_key_type_module', '2022-12-21 15:18:17', 1, '2023-02-14 00:47:51', 1, NULL, 13, NULL, 0, 0, 'core_key_type.index'),
(14, 'payment', 'payment_module', '2022-12-21 15:18:17', 1, '2023-01-19 17:33:58', NULL, NULL, 14, NULL, 0, 1, 'payment.index'),
(15, 'pending_item', 'pending_item_module', '2022-12-21 15:18:17', 1, '2023-01-19 17:33:58', NULL, NULL, 15, NULL, 0, 1, 'pending_item.index'),
(16, 'bluemarkuser', 'bluemarkuser_module', '2022-12-21 15:18:17', 1, '2023-01-19 17:33:58', NULL, NULL, 16, NULL, 0, 1, 'bluemarkuser.index'),
(17, 'disable_item', 'disable_item_module', '2022-12-21 15:18:17', 1, '2023-01-19 17:54:38', NULL, NULL, 17, NULL, 0, 1, 'disable_item.index'),
(18, 'reject_item', 'reject_item_module', '2022-12-21 15:18:17', 1, '2023-01-19 17:54:38', NULL, NULL, 18, NULL, 0, 1, 'reject_item.index'),
(19, 'offline_paid_item', 'offline_paid_item_module', '2022-12-21 15:18:17', 1, '2023-01-19 17:54:38', NULL, NULL, 19, NULL, 0, 1, 'offline_paid_item.index'),
(20, 'offline_package', 'offline_package_module', '2022-12-21 15:18:17', 1, '2023-01-19 17:54:38', NULL, NULL, 20, NULL, 0, 1, 'offline_package.index'),
(21, 'transaction', 'transaction_history_module', '2022-12-21 15:18:17', 1, '2023-03-09 01:15:58', NULL, NULL, 0, NULL, 0, 1, 'transaction.index'),
(22, 'buyer_report', 'buyer_report_module', '2022-12-21 15:18:18', 1, '2023-01-19 17:54:38', NULL, NULL, 22, NULL, 0, 1, 'buyer_report.index'),
(23, 'seller_report', 'seller_report_module', '2022-12-21 15:18:18', 1, '2023-01-19 17:54:38', NULL, NULL, 23, NULL, 0, 1, 'seller_report.index'),
(24, 'user_report', 'user_report_module', '2022-12-21 15:18:18', 1, '2023-01-19 17:54:38', NULL, NULL, 24, NULL, 0, 1, 'user_report.index'),
(25, 'daily_active_user_report', 'daily_active_user_report_module', '2022-12-21 15:18:18', 1, '2023-01-19 17:54:38', NULL, NULL, 25, NULL, 0, 1, 'daily_active_user_report.index'),
(26, 'successful_deal_count_report', 'successful_deal_count_report_module', '2022-12-21 15:18:18', 1, '2023-01-19 17:54:38', NULL, NULL, 26, NULL, 0, 1, 'successful_deal_count_report.index'),
(27, 'sold_out_item_report', 'sold_out_item_report_module', '2022-12-21 15:18:18', 1, '2023-01-19 17:54:38', NULL, NULL, 27, NULL, 0, 1, 'sold_out_item_report.index'),
(28, 'item_report', 'item_report_module', '2022-12-21 15:18:18', 1, '2023-01-19 17:54:38', NULL, NULL, 28, NULL, 0, 1, 'item_report.index'),
(29, 'paid_item', 'promotion_report_module', '2022-12-21 15:18:18', 1, '2023-01-19 18:33:48', NULL, NULL, 29, NULL, 0, 1, 'paid_item.index'),
(30, 'category_report', 'category_report_module', '2022-12-21 15:18:18', 1, '2023-01-19 17:57:17', NULL, NULL, 30, NULL, 0, 1, 'category_report.index'),
(31, 'complaint_item_report', 'complaint_item_report_module', '2022-12-21 15:18:18', 1, '2023-01-19 17:57:17', NULL, NULL, 31, NULL, 0, 1, 'complaint_item_report.index'),
(32, 'package_report', 'package_report_module', '2022-12-21 15:18:18', 1, '2023-01-19 17:57:17', NULL, NULL, 32, NULL, 0, 1, 'package_report.index'),
(33, 'contact', 'contact_us_message_module', '2022-12-21 15:18:18', 1, '2023-03-09 01:16:17', NULL, NULL, 0, NULL, 0, 1, 'contact.index'),
(34, 'user', 'user_module', '2022-12-21 15:18:18', 1, '2023-01-19 17:57:17', NULL, NULL, 34, NULL, 0, 1, 'user.index'),
(35, 'banned_user', 'banned_user_module', '2022-12-21 15:18:18', 1, '2023-01-19 17:57:17', NULL, NULL, 35, NULL, 0, 1, 'banned_user.index'),
(36, 'user_role', 'user_role_module', '2022-12-21 15:18:18', 1, '2023-01-19 17:57:17', NULL, NULL, 36, NULL, 0, 1, 'user_role.index'),
(37, 'favourite', 'favourite_module', '2022-12-21 15:18:18', 1, '2023-01-19 17:57:17', NULL, NULL, 37, NULL, 0, 1, 'favourite.index'),
(38, 'backend_setting', 'backend_setting_module', '2022-12-21 15:18:19', 1, '2023-01-19 17:58:11', NULL, NULL, 38, NULL, 0, 1, 'backend_setting.index'),
(39, 'mobile_setting', 'mobile_setting_module', '2022-12-21 15:18:19', 1, '2023-01-19 17:58:11', NULL, NULL, 39, NULL, 0, 1, 'mobile_setting.index'),
(40, 'frontend_setting', 'frontend_setting_module', '2022-12-21 15:18:19', 1, '2023-01-19 17:58:11', NULL, NULL, 40, NULL, 0, 1, 'frontend_setting.index'),
(41, 'system_config', 'system_config_module', '2022-12-21 15:18:19', 1, '2023-01-19 17:58:11', NULL, NULL, 41, NULL, 0, 1, 'system_config.index'),
(42, 'menu_group', 'menu_group_module', '2022-12-21 15:18:19', 1, '2023-01-19 17:58:11', NULL, NULL, 42, NULL, 0, 1, 'menu_group.index'),
(43, 'sub_menu_group', 'sub_menu_group_module', '2022-12-21 15:18:19', 1, '2023-01-19 17:58:11', NULL, NULL, 43, NULL, 0, 1, 'sub_menu_group.index'),
(44, 'core_menu', 'menu_module', '2022-12-21 15:18:19', 1, '2023-01-19 18:35:17', NULL, NULL, 44, NULL, 0, 1, 'menu.index'),
(45, 'deeplink_generator', 'deeplink_generator_module', '2022-12-21 15:18:19', 1, '2023-01-19 17:58:11', NULL, NULL, 45, NULL, 0, 1, 'deeplink_generator.index'),
(46, 'push_notification_message', 'push_notification_module', '2022-12-21 15:18:19', 1, '2023-01-19 18:29:59', NULL, NULL, 46, NULL, 0, 1, 'push_notification_message.index'),
(47, 'demo_data_deletion', 'demo_data_deletion_module', '2022-12-21 15:18:19', 1, '2023-01-19 18:00:24', NULL, NULL, 47, NULL, 0, 1, 'demo_data_deletion.index'),
(48, 'language', 'language_module', '2022-12-21 15:18:19', 1, '2023-01-19 18:00:24', NULL, NULL, 48, NULL, 0, 1, 'language.index'),
(49, 'mobile_language', 'mobile_language_module', '2022-12-21 15:18:19', 1, '2023-01-19 18:00:24', NULL, NULL, 49, NULL, 0, 1, 'mobile_language.index'),
(50, 'about', 'about_module', '2022-12-21 15:18:19', 1, '2023-01-19 18:00:24', NULL, NULL, 50, NULL, 0, 1, 'about.index'),
(51, 'privacy_policy', 'privacy_policy_module', '2022-12-21 15:18:19', 1, '2023-01-19 18:00:24', NULL, NULL, 51, NULL, 0, 1, 'privacy_policy.index'),
(52, 'data_deletion_policy', 'data_deletion_policy_module', '2022-12-21 15:18:19', 1, '2023-01-19 18:00:24', NULL, NULL, 52, NULL, 0, 1, 'data_deletion_policy.index'),
(53, 'api-tokens', 'api_tokens_module', '2022-12-21 15:18:19', 1, '2023-01-19 18:28:35', NULL, NULL, 53, NULL, 0, 1, 'api_token.index'),
(54, 'thumbnail_generator', 'thumbnail_generator_module', '2022-12-21 15:18:19', 1, '2023-03-09 02:44:10', NULL, NULL, 0, NULL, 0, 1, 'thumbnail_generator.index'),
(55, 'image_lists', 'image_lists_module', '2022-12-21 15:18:19', 1, '2023-03-09 02:44:59', NULL, NULL, 0, NULL, 0, 1, 'image_lists.index'),
(56, 'payment_setting', 'payment_setting_module', '2022-12-21 15:18:20', 1, '2023-01-19 18:00:24', NULL, NULL, 56, NULL, 0, 1, 'payment_setting.index'),
(57, 'offline_payment_setting', 'offline_payment_setting_module', '2022-12-21 15:18:20', 1, '2023-01-19 18:00:24', NULL, NULL, 57, NULL, 0, 1, 'offline_payment_setting.index'),
(58, 'promotion_in_app_purchase', 'promotion_in_app_purchase_module', '2022-12-21 15:18:20', 1, '2023-01-19 18:00:24', NULL, NULL, 58, NULL, 0, 1, 'promotion_in_app_purchase.index'),
(59, 'package_in_app_purchase', 'package_in_app_purchase_module', '2022-12-21 15:18:20', 1, '2023-01-19 18:00:24', NULL, NULL, 59, NULL, 0, 1, 'package_in_app_purchase.index'),
(60, 'blog', 'blog_module', '2022-12-21 15:18:20', 1, '2023-01-19 18:00:24', NULL, NULL, NULL, 5, 0, 1, 'blog.index'),
(61, 'module', 'module_module', '2022-12-21 15:18:20', 1, '2023-01-19 18:00:24', NULL, NULL, 60, NULL, 0, 1, 'module.index'),
(62, 'table', 'table_setting_group', '2022-12-22 19:19:30', 1, '2023-01-19 18:28:35', NULL, NULL, NULL, 15, 0, 1, 'table.index'),
(63, 'payment_currency', 'payment_currency_module', '2022-12-22 19:56:15', 1, '2023-01-19 18:00:59', 1, NULL, 63, NULL, 0, 1, 'available_currency.index'),
(64, 'table_field_module', 'table_field_module', '2022-12-28 13:30:13', 1, '2022-12-28 06:49:20', NULL, NULL, NULL, NULL, 1, 1, 'tables.fields.index'),
(65, 'table_field_attributes', 'table_field_attributes', '2022-12-28 13:37:49', 1, '2022-12-28 07:07:26', NULL, NULL, NULL, NULL, 1, 1, 'attribute.index'),
(66, 'phone_country_code_module', 'phone_country_code_module', '2022-12-28 14:03:11', 1, '2022-12-28 07:33:11', NULL, NULL, 66, NULL, 0, 1, 'phone_country_code.index'),
(67, 'language_string_module', 'language_string_module', '2022-12-28 13:48:24', 1, '2022-12-28 07:16:30', NULL, NULL, NULL, NULL, 1, 1, 'language_string.index'),
(68, 'mobile_language_string_module', 'mobile_language_string_module', '2022-12-28 14:00:20', 1, '2022-12-28 07:19:53', NULL, NULL, NULL, NULL, 1, 1, 'mobile_language_string.index'),
(69, 'slow_moving_item_report_module', 'slow_moving_item_report_module', '2022-12-28 14:02:26', 1, '2022-12-28 07:32:26', NULL, NULL, 65, NULL, 0, 1, 'slow_moving_item_report.index'),
(70, 'dashboard', 'core__be_dashboard_label', '2023-01-20 15:31:02', 1, '2023-01-20 16:02:32', NULL, NULL, NULL, 16, 0, 1, 'admin.index'),
(71, 'landing_page', 'landing_page_module', '2023-02-03 07:15:03', 1, '2023-02-03 07:16:36', NULL, NULL, 67, NULL, 0, 1, 'landing_page.index'),
(72, 'fe_language', 'fe_language_module', '2023-06-29 16:30:15', 1, '2023-06-29 23:00:15', NULL, NULL, 68, NULL, 0, 1, 'fe_language.index'),
(73, 'fe_language_string', 'fe_language_string_module', '2023-06-29 16:30:15', 1, '2023-06-29 16:30:15', NULL, NULL, NULL, NULL, 0, 1, 'fe_language_string.index'),
(74, 'builder_setting', 'builder_setting_module', '2023-09-27 04:07:47', 1, '2023-09-27 04:07:47', NULL, NULL, 69, 12, 0, 1, 'builder_setting.index'),
(75, 'vendor_language', 'vendor_language_module', '2023-12-21 19:50:12', 1, '2023-12-21 11:50:12', NULL, NULL, 70, NULL, 0, 1, 'vendor_language.index'),
(76, 'vendor_language_string', 'vendor_language_string_module', '2023-12-21 19:50:12', 1, '2023-12-21 19:50:12', NULL, NULL, NULL, NULL, 1, 1, 'vendor_language_string.index'),
(77, 'vendor_menu_group', 'vendor_menu_group_module', '2023-12-21 19:50:12', 1, '2023-12-21 11:50:12', NULL, NULL, 71, NULL, 0, 1, 'vendor_menu_group.index'),
(78, 'vendor_sub_menu_group', 'vendor_sub_menu_group_module', '2023-12-21 19:50:12', 1, '2023-12-21 11:50:12', NULL, NULL, 72, NULL, 0, 1, 'vendor_sub_menu_group.index'),
(79, 'vendor_menu', 'vendor_menu_module', '2023-12-21 19:50:12', 1, '2023-12-21 11:50:12', NULL, NULL, 73, NULL, 0, 1, 'vendor_menu.index'),
(80, 'vendor_module_registering', 'vendor_module_registering_module', '2023-12-21 19:50:12', 1, '2023-12-21 11:50:12', NULL, NULL, 74, NULL, 0, 1, 'vendor_module_registering.index'),
(81, 'vendor_role', 'vendor_role_module', '2023-12-21 19:50:12', 1, '2023-12-21 19:50:13', NULL, NULL, NULL, 20, 0, 1, 'vendor_role.index'),
(82, 'vendor', 'vendor_list_module', '2023-12-21 19:50:12', 1, '2023-12-21 11:50:12', NULL, NULL, 76, 18, 0, 1, 'vendor.index'),
(83, 'pending_vendor', 'pending_vendor_module', '2023-12-21 19:50:12', 1, '2023-12-21 11:50:13', NULL, NULL, 77, NULL, 0, 1, 'pending_vendor.index'),
(84, 'vendor_panel_setting', 'vendor_panel_setting', '2023-12-21 19:50:13', 1, '2023-12-21 19:50:13', NULL, NULL, 78, 12, 0, 1, 'vendor_setting.index'),
(85, 'reject_vendor', 'reject_vendor_module', '2023-12-21 19:50:13', 1, '2023-12-21 11:50:13', NULL, NULL, 79, NULL, 0, 1, 'reject_vendor.index'),
(86, 'vendor_subscription_plan', 'vendor_subscription_plan_module', '2024-01-17 10:47:52', 1, '2024-01-17 02:47:52', NULL, NULL, 80, NULL, 0, 1, 'vendor_subscription_plan.index'),
(87, 'vendor_subscription_report', 'vendor_subscription_report_module', '2024-01-17 10:47:52', 1, '2024-01-17 02:47:52', NULL, NULL, 81, NULL, 0, 1, 'vendor_subscription_report.index'),
(88, 'download_db', 'download_db_module', '2024-05-18 18:37:40', 1, '2024-05-18 11:37:40', NULL, NULL, 82, NULL, 0, 1, 'download_db.index');

-- --------------------------------------------------------

--
-- Table structure for table `psx_nos`
--

CREATE TABLE `psx_nos` (
  `id` bigint(20) UNSIGNED NOT NULL,
  `created_at` timestamp NULL DEFAULT NULL,
  `updated_at` timestamp NULL DEFAULT NULL
) ENGINE=InnoDB DEFAULT CHARSET=utf8mb4 COLLATE=utf8mb4_unicode_ci;

-- --------------------------------------------------------

--
-- Table structure for table `psx_orders`
--

CREATE TABLE `psx_orders` (
  `id` bigint(20) UNSIGNED NOT NULL,
  `user_id` bigint(20) UNSIGNED NOT NULL,
  `vendor_id` bigint(20) UNSIGNED NOT NULL,
  `order_date` timestamp NOT NULL DEFAULT current_timestamp(),
  `total_price` double NOT NULL,
  `order_status_id` bigint(20) UNSIGNED NOT NULL,
  `order_code` varchar(255) COLLATE utf8mb4_unicode_ci NOT NULL,
  `is_payment_fail` tinyint(1) NOT NULL DEFAULT 0,
  `delivery_fee` double NOT NULL DEFAULT 0,
  `added_date` timestamp NOT NULL DEFAULT '0000-00-00 00:00:00',
  `added_user_id` bigint(20) UNSIGNED NOT NULL,
  `updated_date` timestamp NULL DEFAULT NULL,
  `updated_user_id` bigint(20) UNSIGNED DEFAULT NULL,
  `updated_flag` smallint(6) DEFAULT NULL
) ENGINE=InnoDB DEFAULT CHARSET=utf8mb4 COLLATE=utf8mb4_unicode_ci;

--
-- Dumping data for table `psx_orders`
--

INSERT INTO `psx_orders` (`id`, `user_id`, `vendor_id`, `order_date`, `total_price`, `order_status_id`, `order_code`, `is_payment_fail`, `delivery_fee`, `added_date`, `added_user_id`, `updated_date`, `updated_user_id`, `updated_flag`) VALUES
(1, 170, 3, '2024-02-21 17:46:30', 7, 1, '520778', 0, 0, '2024-02-21 17:46:30', 170, '2024-02-21 17:46:30', NULL, NULL),
(2, 170, 3, '2024-02-21 17:46:38', 7, 1, '822246', 0, 0, '2024-02-21 17:46:38', 170, '2024-02-21 17:46:38', NULL, NULL),
(3, 170, 3, '2024-02-21 17:46:40', 7, 1, '633334', 0, 0, '2024-02-21 17:46:40', 170, '2024-02-21 17:46:40', NULL, NULL),
(4, 170, 3, '2024-02-21 17:46:46', 7, 1, '934759', 0, 0, '2024-02-21 17:46:46', 170, '2024-02-21 17:46:46', NULL, NULL),
(5, 170, 3, '2024-02-21 17:46:47', 7, 1, '638649', 0, 0, '2024-02-21 17:46:47', 170, '2024-02-21 17:46:47', NULL, NULL),
(6, 170, 3, '2024-02-21 17:46:47', 7, 1, '498870', 0, 0, '2024-02-21 17:46:47', 170, '2024-02-21 17:46:47', NULL, NULL),
(7, 170, 3, '2024-02-21 17:46:48', 7, 1, '159194', 0, 0, '2024-02-21 17:46:48', 170, '2024-02-21 17:46:48', NULL, NULL),
(8, 170, 3, '2024-02-21 17:46:49', 7, 1, '119198', 0, 0, '2024-02-21 17:46:49', 170, '2024-02-21 17:46:49', NULL, NULL),
(9, 170, 3, '2024-02-21 17:46:53', 7, 1, '542103', 0, 0, '2024-02-21 17:46:53', 170, '2024-02-21 17:46:53', NULL, NULL),
(10, 170, 3, '2024-02-21 17:46:54', 7, 1, '657232', 0, 0, '2024-02-21 17:46:54', 170, '2024-02-21 17:46:54', NULL, NULL),
(11, 170, 3, '2024-02-21 17:46:55', 7, 1, '716298', 0, 0, '2024-02-21 17:46:55', 170, '2024-02-21 17:46:55', NULL, NULL),
(12, 170, 3, '2024-02-21 17:46:57', 7, 1, '636845', 0, 0, '2024-02-21 17:46:57', 170, '2024-02-21 17:46:57', NULL, NULL),
(13, 170, 3, '2024-02-21 17:46:57', 7, 1, '521482', 0, 0, '2024-02-21 17:46:57', 170, '2024-02-21 17:46:57', NULL, NULL),
(14, 170, 3, '2024-02-21 17:46:58', 7, 1, '685991', 0, 0, '2024-02-21 17:46:58', 170, '2024-02-21 17:46:58', NULL, NULL),
(15, 170, 3, '2024-02-21 17:46:59', 7, 1, '237915', 0, 0, '2024-02-21 17:46:59', 170, '2024-02-21 17:46:59', NULL, NULL),
(16, 170, 3, '2024-02-21 17:46:59', 7, 1, '386512', 0, 0, '2024-02-21 17:46:59', 170, '2024-02-21 17:46:59', NULL, NULL),
(17, 170, 3, '2024-02-21 17:47:01', 7, 1, '511172', 0, 0, '2024-02-21 17:47:01', 170, '2024-02-21 17:47:01', NULL, NULL),
(18, 170, 3, '2024-02-21 17:47:01', 7, 1, '116327', 0, 0, '2024-02-21 17:47:01', 170, '2024-02-21 17:47:01', NULL, NULL),
(19, 170, 3, '2024-02-21 17:47:02', 7, 1, '662180', 0, 0, '2024-02-21 17:47:02', 170, '2024-02-21 17:47:02', NULL, NULL),
(20, 170, 3, '2024-02-21 17:47:04', 7, 1, '489629', 0, 0, '2024-02-21 17:47:04', 170, '2024-02-21 17:47:04', NULL, NULL),
(21, 170, 3, '2024-02-21 17:47:04', 7, 1, '333507', 0, 0, '2024-02-21 17:47:04', 170, '2024-02-21 17:47:04', NULL, NULL),
(22, 170, 3, '2024-02-21 17:47:06', 7, 1, '734340', 0, 0, '2024-02-21 17:47:06', 170, '2024-02-21 17:47:06', NULL, NULL),
(23, 170, 3, '2024-02-21 17:47:06', 7, 1, '544130', 0, 0, '2024-02-21 17:47:06', 170, '2024-02-21 17:47:06', NULL, NULL),
(24, 170, 3, '2024-02-21 17:47:07', 7, 1, '700874', 0, 0, '2024-02-21 17:47:07', 170, '2024-02-21 17:47:07', NULL, NULL),
(25, 170, 3, '2024-02-21 17:47:11', 7, 1, '714366', 0, 0, '2024-02-21 17:47:11', 170, '2024-02-21 17:47:11', NULL, NULL),
(26, 170, 3, '2024-02-21 17:47:14', 7, 1, '136151', 0, 0, '2024-02-21 17:47:14', 170, '2024-02-21 17:47:14', NULL, NULL),
(27, 170, 3, '2024-02-21 17:47:21', 7, 1, '933656', 0, 0, '2024-02-21 17:47:21', 170, '2024-02-21 17:47:21', NULL, NULL),
(28, 170, 3, '2024-02-21 17:47:23', 7, 1, '351417', 0, 0, '2024-02-21 17:47:23', 170, '2024-02-21 17:47:23', NULL, NULL);

-- --------------------------------------------------------

--
-- Table structure for table `psx_order_items`
--

CREATE TABLE `psx_order_items` (
  `id` bigint(20) UNSIGNED NOT NULL,
  `order_id` bigint(20) UNSIGNED NOT NULL,
  `item_name` varchar(255) COLLATE utf8mb4_unicode_ci NOT NULL,
  `item_id` bigint(20) UNSIGNED NOT NULL,
  `quantity` int(11) NOT NULL,
  `original_price` double NOT NULL,
  `sale_price` double NOT NULL,
  `sub_total` double NOT NULL,
  `discount_price` double NOT NULL,
  `added_date` timestamp NOT NULL DEFAULT current_timestamp() ON UPDATE current_timestamp(),
  `added_user_id` bigint(20) UNSIGNED NOT NULL,
  `updated_date` timestamp NULL DEFAULT NULL,
  `updated_user_id` bigint(20) UNSIGNED DEFAULT NULL,
  `updated_flag` smallint(6) DEFAULT NULL
) ENGINE=InnoDB DEFAULT CHARSET=utf8mb4 COLLATE=utf8mb4_unicode_ci;

--
-- Dumping data for table `psx_order_items`
--

INSERT INTO `psx_order_items` (`id`, `order_id`, `item_name`, `item_id`, `quantity`, `original_price`, `sale_price`, `sub_total`, `discount_price`, `added_date`, `added_user_id`, `updated_date`, `updated_user_id`, `updated_flag`) VALUES
(1, 1, '', 418, 1, 7, 7, 7, 0, '2024-02-21 17:46:30', 170, '2024-02-21 17:46:30', NULL, NULL),
(2, 2, '', 418, 1, 7, 7, 7, 0, '2024-02-21 17:46:38', 170, '2024-02-21 17:46:38', NULL, NULL),
(3, 3, '', 418, 1, 7, 7, 7, 0, '2024-02-21 17:46:40', 170, '2024-02-21 17:46:40', NULL, NULL),
(4, 4, '', 418, 1, 7, 7, 7, 0, '2024-02-21 17:46:46', 170, '2024-02-21 17:46:46', NULL, NULL),
(5, 5, '', 418, 1, 7, 7, 7, 0, '2024-02-21 17:46:47', 170, '2024-02-21 17:46:47', NULL, NULL),
(6, 6, '', 418, 1, 7, 7, 7, 0, '2024-02-21 17:46:47', 170, '2024-02-21 17:46:47', NULL, NULL),
(7, 7, '', 418, 1, 7, 7, 7, 0, '2024-02-21 17:46:48', 170, '2024-02-21 17:46:48', NULL, NULL),
(8, 8, '', 418, 1, 7, 7, 7, 0, '2024-02-21 17:46:49', 170, '2024-02-21 17:46:49', NULL, NULL),
(9, 9, '', 418, 1, 7, 7, 7, 0, '2024-02-21 17:46:53', 170, '2024-02-21 17:46:53', NULL, NULL),
(10, 10, '', 418, 1, 7, 7, 7, 0, '2024-02-21 17:46:54', 170, '2024-02-21 17:46:54', NULL, NULL),
(11, 11, '', 418, 1, 7, 7, 7, 0, '2024-02-21 17:46:55', 170, '2024-02-21 17:46:55', NULL, NULL),
(12, 12, '', 418, 1, 7, 7, 7, 0, '2024-02-21 17:46:57', 170, '2024-02-21 17:46:57', NULL, NULL),
(13, 13, '', 418, 1, 7, 7, 7, 0, '2024-02-21 17:46:57', 170, '2024-02-21 17:46:57', NULL, NULL),
(14, 14, '', 418, 1, 7, 7, 7, 0, '2024-02-21 17:46:58', 170, '2024-02-21 17:46:58', NULL, NULL),
(15, 15, '', 418, 1, 7, 7, 7, 0, '2024-02-21 17:46:59', 170, '2024-02-21 17:46:59', NULL, NULL),
(16, 16, '', 418, 1, 7, 7, 7, 0, '2024-02-21 17:46:59', 170, '2024-02-21 17:46:59', NULL, NULL),
(17, 17, '', 418, 1, 7, 7, 7, 0, '2024-02-21 17:47:01', 170, '2024-02-21 17:47:01', NULL, NULL),
(18, 18, '', 418, 1, 7, 7, 7, 0, '2024-02-21 17:47:01', 170, '2024-02-21 17:47:01', NULL, NULL),
(19, 19, '', 418, 1, 7, 7, 7, 0, '2024-02-21 17:47:02', 170, '2024-02-21 17:47:02', NULL, NULL),
(20, 20, '', 418, 1, 7, 7, 7, 0, '2024-02-21 17:47:04', 170, '2024-02-21 17:47:04', NULL, NULL),
(21, 21, '', 418, 1, 7, 7, 7, 0, '2024-02-21 17:47:04', 170, '2024-02-21 17:47:04', NULL, NULL),
(22, 22, '', 418, 1, 7, 7, 7, 0, '2024-02-21 17:47:06', 170, '2024-02-21 17:47:06', NULL, NULL),
(23, 23, '', 418, 1, 7, 7, 7, 0, '2024-02-21 17:47:06', 170, '2024-02-21 17:47:06', NULL, NULL),
(24, 24, '', 418, 1, 7, 7, 7, 0, '2024-02-21 17:47:07', 170, '2024-02-21 17:47:07', NULL, NULL),
(25, 25, '', 418, 1, 7, 7, 7, 0, '2024-02-21 17:47:11', 170, '2024-02-21 17:47:11', NULL, NULL),
(26, 26, '', 418, 1, 7, 7, 7, 0, '2024-02-21 17:47:14', 170, '2024-02-21 17:47:14', NULL, NULL),
(27, 27, '', 418, 1, 7, 7, 7, 0, '2024-02-21 17:47:21', 170, '2024-02-21 17:47:21', NULL, NULL),
(28, 28, '', 418, 1, 7, 7, 7, 0, '2024-02-21 17:47:23', 170, '2024-02-21 17:47:23', NULL, NULL);

-- --------------------------------------------------------

--
-- Table structure for table `psx_order_statuses`
--

CREATE TABLE `psx_order_statuses` (
  `id` int(11) NOT NULL,
  `name` varchar(255) COLLATE utf8mb4_unicode_ci NOT NULL,
  `description` varchar(255) COLLATE utf8mb4_unicode_ci NOT NULL,
  `colour` varchar(255) COLLATE utf8mb4_unicode_ci NOT NULL DEFAULT '#000000',
  `vendor_id` bigint(20) UNSIGNED NOT NULL,
  `status` tinyint(4) NOT NULL DEFAULT 1,
  `is_ps_default` tinyint(4) NOT NULL DEFAULT 0,
  `added_date` timestamp NOT NULL DEFAULT current_timestamp() ON UPDATE current_timestamp(),
  `added_user_id` bigint(20) UNSIGNED NOT NULL,
  `updated_date` timestamp NULL DEFAULT NULL,
  `updated_user_id` bigint(20) UNSIGNED DEFAULT NULL,
  `updated_flag` smallint(6) DEFAULT NULL
) ENGINE=InnoDB DEFAULT CHARSET=utf8mb4 COLLATE=utf8mb4_unicode_ci;

--
-- Dumping data for table `psx_order_statuses`
--

INSERT INTO `psx_order_statuses` (`id`, `name`, `description`, `colour`, `vendor_id`, `status`, `is_ps_default`, `added_date`, `added_user_id`, `updated_date`, `updated_user_id`, `updated_flag`) VALUES
(1, 'Pending', 'Pending', '#F59E0B', 1, 1, 1, '2024-02-07 14:57:51', 1, '2024-02-07 15:24:46', 1, NULL),
(2, 'Approved', 'Approved', '#059669', 1, 1, 1, '2024-02-07 14:57:51', 1, '2024-02-07 14:57:51', NULL, NULL),
(3, 'Delivering', 'Delivering', '#3B82F6', 1, 1, 1, '2024-02-07 14:57:51', 1, '2024-02-07 14:57:51', NULL, NULL),
(4, 'Delivered', 'Delivered', '#059669', 1, 1, 1, '2024-02-07 14:57:51', 1, '2024-02-07 14:57:51', NULL, NULL),
(5, 'Cancelled', 'Cancelled', '#e600ac', 1, 1, 1, '2024-02-07 14:57:51', 1, '2024-02-07 14:57:51', NULL, NULL),
(1, 'Pending', 'Pending', '#F59E0B', 2, 1, 1, '2024-02-07 14:57:51', 1, '2024-02-07 15:24:46', 1, NULL),
(2, 'Approved', 'Approved', '#059669', 2, 1, 1, '2024-02-07 14:57:51', 1, '2024-02-07 14:57:51', NULL, NULL),
(3, 'Delivering', 'Delivering', '#3B82F6', 2, 1, 1, '2024-02-07 14:57:51', 1, '2024-02-07 14:57:51', NULL, NULL),
(4, 'Delivered', 'Delivered', '#059669', 2, 1, 1, '2024-02-07 14:57:51', 1, '2024-02-07 14:57:51', NULL, NULL),
(5, 'Cancelled', 'Cancelled', '#e600ac', 2, 1, 1, '2024-02-07 14:57:51', 1, '2024-02-07 14:57:51', NULL, NULL),
(1, 'Pending', 'Pending', '#000000', 3, 1, 1, '2024-02-13 17:15:04', 1, '2024-02-13 17:15:04', NULL, NULL),
(2, 'Approved', 'Approved', '#000000', 3, 1, 1, '2024-02-13 17:15:04', 1, '2024-02-13 17:15:04', NULL, NULL),
(3, 'Delivering', 'Delivering', '#000000', 3, 1, 1, '2024-02-13 17:15:04', 1, '2024-02-13 17:15:04', NULL, NULL),
(4, 'Delivered', 'Delivered', '#000000', 3, 1, 1, '2024-02-13 17:15:04', 1, '2024-02-13 17:15:04', NULL, NULL),
(5, 'Cancelled', 'Cancelled', '#000000', 3, 1, 1, '2024-02-13 17:15:04', 1, '2024-02-13 17:15:04', NULL, NULL),
(1, 'Pending', 'Pending', '#000000', 4, 1, 1, '2024-02-13 17:22:34', 1, '2024-02-13 17:22:34', NULL, NULL),
(2, 'Approved', 'Approved', '#000000', 4, 1, 1, '2024-02-13 17:22:34', 1, '2024-02-13 17:22:34', NULL, NULL),
(3, 'Delivering', 'Delivering', '#000000', 4, 1, 1, '2024-02-13 17:22:34', 1, '2024-02-13 17:22:34', NULL, NULL),
(4, 'Delivered', 'Delivered', '#000000', 4, 1, 1, '2024-02-13 17:22:34', 1, '2024-02-13 17:22:34', NULL, NULL),
(5, 'Cancelled', 'Cancelled', '#000000', 4, 1, 1, '2024-02-13 17:22:34', 1, '2024-02-13 17:22:34', NULL, NULL),
(1, 'Pending', 'Pending', '#000000', 5, 1, 1, '2024-02-13 19:22:32', 1, '2024-02-13 19:22:32', NULL, NULL),
(2, 'Approved', 'Approved', '#000000', 5, 1, 1, '2024-02-13 19:22:32', 1, '2024-02-13 19:22:32', NULL, NULL),
(3, 'Delivering', 'Delivering', '#000000', 5, 1, 1, '2024-02-13 19:22:32', 1, '2024-02-13 19:22:32', NULL, NULL),
(4, 'Delivered', 'Delivered', '#000000', 5, 1, 1, '2024-02-13 19:22:32', 1, '2024-02-13 19:22:32', NULL, NULL),
(5, 'Cancelled', 'Cancelled', '#000000', 5, 1, 1, '2024-02-13 19:22:32', 1, '2024-02-13 19:22:32', NULL, NULL),
(1, 'Pending', 'Pending', '#000000', 6, 1, 1, '2024-02-21 18:34:56', 1, '2024-02-21 18:34:56', NULL, NULL),
(2, 'Approved', 'Approved', '#000000', 6, 1, 1, '2024-02-21 18:34:56', 1, '2024-02-21 18:34:56', NULL, NULL),
(3, 'Delivering', 'Delivering', '#000000', 6, 1, 1, '2024-02-21 18:34:56', 1, '2024-02-21 18:34:56', NULL, NULL),
(4, 'Delivered', 'Delivered', '#000000', 6, 1, 1, '2024-02-21 18:34:56', 1, '2024-02-21 18:34:56', NULL, NULL),
(5, 'Cancelled', 'Cancelled', '#000000', 6, 1, 1, '2024-02-21 18:34:56', 1, '2024-02-21 18:34:56', NULL, NULL),
(1, 'Pending', 'Pending', '#000000', 7, 1, 1, '2024-02-21 19:00:40', 1, '2024-02-21 19:00:40', NULL, NULL),
(2, 'Approved', 'Approved', '#000000', 7, 1, 1, '2024-02-21 19:00:40', 1, '2024-02-21 19:00:40', NULL, NULL),
(3, 'Delivering', 'Delivering', '#000000', 7, 1, 1, '2024-02-21 19:00:40', 1, '2024-02-21 19:00:40', NULL, NULL),
(4, 'Delivered', 'Delivered', '#000000', 7, 1, 1, '2024-02-21 19:00:40', 1, '2024-02-21 19:00:40', NULL, NULL),
(5, 'Cancelled', 'Cancelled', '#000000', 7, 1, 1, '2024-02-21 19:00:40', 1, '2024-02-21 19:00:40', NULL, NULL);

-- --------------------------------------------------------

--
-- Table structure for table `psx_packages`
--

CREATE TABLE `psx_packages` (
  `id` bigint(20) UNSIGNED NOT NULL,
  `title` varchar(255) COLLATE utf8mb4_unicode_ci NOT NULL,
  `price` double(8,2) NOT NULL,
  `currency_id` bigint(20) UNSIGNED NOT NULL,
  `post_count` int(11) NOT NULL DEFAULT 0,
  `status` tinyint(1) NOT NULL DEFAULT 1,
  `added_date` timestamp NULL DEFAULT NULL,
  `added_user_id` bigint(20) UNSIGNED NOT NULL,
  `updated_date` timestamp NULL DEFAULT NULL ON UPDATE current_timestamp(),
  `updated_user_id` bigint(20) UNSIGNED DEFAULT NULL,
  `updated_flag` smallint(6) DEFAULT NULL,
  `deleted_at` timestamp NULL DEFAULT NULL
) ENGINE=InnoDB DEFAULT CHARSET=utf8mb4 COLLATE=utf8mb4_unicode_ci;

-- --------------------------------------------------------

--
-- Table structure for table `psx_package_bought_transactions`
--

CREATE TABLE `psx_package_bought_transactions` (
  `id` bigint(20) UNSIGNED NOT NULL,
  `user_id` bigint(20) UNSIGNED NOT NULL,
  `package_id` bigint(20) UNSIGNED NOT NULL,
  `payment_method` varchar(255) COLLATE utf8mb4_unicode_ci NOT NULL DEFAULT 'N.A',
  `price` double DEFAULT NULL,
  `razor_id` varchar(255) COLLATE utf8mb4_unicode_ci DEFAULT NULL,
  `is_paystack` tinyint(1) DEFAULT NULL,
  `status` tinyint(1) NOT NULL DEFAULT 1,
  `transaction_id` varchar(255) COLLATE utf8mb4_unicode_ci DEFAULT NULL,
  `added_date` timestamp NOT NULL DEFAULT current_timestamp(),
  `added_user_id` bigint(20) UNSIGNED NOT NULL,
  `updated_date` timestamp NULL DEFAULT NULL ON UPDATE current_timestamp(),
  `updated_user_id` bigint(20) UNSIGNED DEFAULT NULL,
  `updated_flag` smallint(6) DEFAULT NULL,
  `deleted_at` timestamp NULL DEFAULT NULL
) ENGINE=InnoDB DEFAULT CHARSET=utf8mb4 COLLATE=utf8mb4_unicode_ci;

-- --------------------------------------------------------

--
-- Table structure for table `psx_paid_item_histories`
--

CREATE TABLE `psx_paid_item_histories` (
  `id` bigint(20) UNSIGNED NOT NULL,
  `item_id` bigint(20) UNSIGNED NOT NULL,
  `start_date` timestamp NOT NULL DEFAULT current_timestamp(),
  `start_timestamp` varchar(255) COLLATE utf8mb4_unicode_ci DEFAULT NULL,
  `end_date` timestamp NOT NULL DEFAULT current_timestamp(),
  `end_timestamp` varchar(255) COLLATE utf8mb4_unicode_ci DEFAULT NULL,
  `payment_method` varchar(255) COLLATE utf8mb4_unicode_ci NOT NULL DEFAULT 'NA',
  `amount` double(8,2) NOT NULL,
  `promoted_days` int(11) NOT NULL,
  `trans_code` varchar(255) COLLATE utf8mb4_unicode_ci DEFAULT NULL,
  `razor_id` varchar(255) COLLATE utf8mb4_unicode_ci DEFAULT NULL,
  `purchased_id` varchar(255) COLLATE utf8mb4_unicode_ci DEFAULT NULL,
  `status` tinyint(1) NOT NULL DEFAULT 0,
  `added_date` timestamp NOT NULL DEFAULT '0000-00-00 00:00:00',
  `added_user_id` bigint(20) UNSIGNED NOT NULL,
  `updated_date` timestamp NULL DEFAULT NULL ON UPDATE current_timestamp(),
  `updated_user_id` bigint(20) UNSIGNED DEFAULT NULL,
  `updated_flag` smallint(6) DEFAULT NULL,
  `deleted_at` timestamp NULL DEFAULT NULL
) ENGINE=InnoDB DEFAULT CHARSET=utf8mb4 COLLATE=utf8mb4_unicode_ci;

--
-- Dumping data for table `psx_paid_item_histories`
--

INSERT INTO `psx_paid_item_histories` (`id`, `item_id`, `start_date`, `start_timestamp`, `end_date`, `end_timestamp`, `payment_method`, `amount`, `promoted_days`, `trans_code`, `razor_id`, `purchased_id`, `status`, `added_date`, `added_user_id`, `updated_date`, `updated_user_id`, `updated_flag`, `deleted_at`) VALUES
(64, 587, '2024-04-09 17:33:00', '1712635380', '2006-03-22 12:03:00', '1143000180', 'offline', 999999.99, 13690000, NULL, NULL, NULL, 0, '2024-04-09 11:01:50', 1, '2024-04-09 11:01:50', NULL, NULL, NULL),
(65, 534, '2024-04-09 17:34:00', '1712635440', '0000-00-00 00:00:00', '13463035440', 'paystack', 680000.00, 136000, NULL, NULL, NULL, 1, '2024-04-09 11:02:56', 1, '2024-04-09 11:02:56', NULL, NULL, NULL),
(66, 476, '2024-04-09 17:34:00', '1712635440', '0000-00-00 00:00:00', '114032635440', 'paystack', 999999.99, 1300000, NULL, NULL, NULL, 1, '2024-04-09 11:04:08', 1, '2024-04-09 11:04:08', NULL, NULL, NULL),
(67, 523, '2024-04-09 17:38:00', '1712635680', '2003-05-06 11:08:00', '1052194080', 'paystack', 999999.99, 10000000, NULL, NULL, NULL, 1, '2024-04-09 11:06:43', 1, '2024-04-09 11:06:43', NULL, NULL, NULL),
(68, 494, '2024-04-09 17:38:00', '1712635680', '0000-00-00 00:00:00', '165872635680', 'paystack', 999999.99, 1900000, NULL, NULL, NULL, 1, '2024-04-09 11:07:25', 1, '2024-04-09 11:07:25', NULL, NULL, NULL),
(69, 593, '2024-04-09 17:40:00', '1712635800', '0000-00-00 00:00:00', '165872635800', 'paystack', 999999.99, 1900000, NULL, NULL, NULL, 1, '2024-04-09 11:09:28', 174, '2024-04-09 11:09:28', NULL, NULL, NULL),
(70, 521, '2024-04-09 17:41:00', '1712635860', '0000-00-00 00:00:00', '165872635860', 'paystack', 999999.99, 1900000, NULL, NULL, NULL, 1, '2024-04-09 11:10:22', 174, '2024-04-09 11:10:22', NULL, NULL, NULL),
(71, 509, '2024-04-09 17:42:00', '1712635920', '0000-00-00 00:00:00', '165872635920', 'paystack', 999999.99, 1900000, NULL, NULL, NULL, 1, '2024-04-09 11:12:07', 174, '2024-04-09 11:12:07', NULL, NULL, NULL),
(72, 451, '2024-04-09 17:45:00', '1712636100', '0000-00-00 00:00:00', '18128636100', 'paystack', 950000.00, 190000, NULL, NULL, NULL, 1, '2024-04-09 11:14:28', 1, '2024-04-09 11:14:28', NULL, NULL, NULL),
(73, 527, '2024-04-09 21:10:00', '1712648400', '2024-04-16 14:40:00', '1713253200', 'stripe', 35.00, 7, NULL, NULL, NULL, 1, '2024-04-09 14:34:22', 1, '2024-04-09 14:34:22', NULL, NULL, NULL);

-- --------------------------------------------------------

--
-- Table structure for table `psx_payments`
--

CREATE TABLE `psx_payments` (
  `id` varchar(255) COLLATE utf8mb4_unicode_ci NOT NULL,
  `name` varchar(255) COLLATE utf8mb4_unicode_ci NOT NULL,
  `description` text COLLATE utf8mb4_unicode_ci DEFAULT NULL,
  `status` tinyint(1) NOT NULL DEFAULT 1,
  `added_date` timestamp NOT NULL DEFAULT current_timestamp(),
  `added_user_id` bigint(20) UNSIGNED NOT NULL,
  `updated_date` timestamp NULL DEFAULT NULL ON UPDATE current_timestamp(),
  `updated_user_id` bigint(20) UNSIGNED DEFAULT NULL,
  `updated_flag` smallint(6) DEFAULT NULL
) ENGINE=InnoDB DEFAULT CHARSET=utf8mb4 COLLATE=utf8mb4_unicode_ci;

--
-- Dumping data for table `psx_payments`
--

INSERT INTO `psx_payments` (`id`, `name`, `description`, `status`, `added_date`, `added_user_id`, `updated_date`, `updated_user_id`, `updated_flag`) VALUES
('payment00001', 'Pay Pal', 'Pay Pal', 1, '2022-12-05 10:45:09', 1, '2023-08-25 04:24:32', 1, NULL),
('payment00002', 'Stripe', 'Stripe', 1, '2022-12-05 10:45:09', 1, '2023-08-25 04:24:28', 1, NULL),
('payment00003', 'Razor', 'Razor', 1, '2022-12-05 10:45:09', 1, '2023-08-25 04:24:23', 1, NULL),
('payment00004', 'Paystack', 'Paystack', 1, '2022-12-05 10:45:09', 1, '2023-08-25 04:24:36', 1, NULL),
('payment00005', 'Offline Payment', 'Offline Payment', 1, '2022-12-05 10:45:09', 1, '2023-08-25 04:18:20', 1, NULL),
('payment00006', 'IAP Promote', 'In App Purchase For Promote', 1, '2022-12-05 10:45:09', 1, '2023-08-23 06:14:46', 1, NULL),
('payment00007', 'IAP Package', 'In App Purchase For Package', 1, '2022-12-05 10:45:09', 1, '2023-08-25 04:18:17', 1, NULL),
('payment00008', 'Vendor Subscription Plan', 'Vendor Subscription Plan', 1, '2024-01-17 10:47:52', 1, '2024-01-17 10:47:52', NULL, NULL),
('payment00009', 'Cash on Delivery', 'COD', 1, '2024-04-08 16:20:51', 1, '2024-04-08 16:20:51', 1, 1),
('payment00010', 'Flutterwave', 'Flutterwave', 1, '2024-06-07 13:40:08', 1, NULL, NULL, NULL);

-- --------------------------------------------------------

--
-- Table structure for table `psx_payment_attributes`
--

CREATE TABLE `psx_payment_attributes` (
  `id` bigint(20) UNSIGNED NOT NULL,
  `payment_id` varchar(255) COLLATE utf8mb4_unicode_ci NOT NULL,
  `core_keys_id` varchar(255) COLLATE utf8mb4_unicode_ci NOT NULL,
  `attribute_key` varchar(255) COLLATE utf8mb4_unicode_ci NOT NULL,
  `attribute_value` varchar(255) COLLATE utf8mb4_unicode_ci NOT NULL,
  `added_date` timestamp NOT NULL DEFAULT current_timestamp(),
  `added_user_id` bigint(20) UNSIGNED NOT NULL,
  `updated_date` timestamp NULL DEFAULT NULL ON UPDATE current_timestamp(),
  `updated_user_id` bigint(20) UNSIGNED DEFAULT NULL,
  `updated_flag` smallint(6) DEFAULT NULL
) ENGINE=InnoDB DEFAULT CHARSET=utf8mb4 COLLATE=utf8mb4_unicode_ci;

--
-- Dumping data for table `psx_payment_attributes`
--

INSERT INTO `psx_payment_attributes` (`id`, `payment_id`, `core_keys_id`, `attribute_key`, `attribute_value`, `added_date`, `added_user_id`, `updated_date`, `updated_user_id`, `updated_flag`) VALUES
(1, 'payment00006', 'pmt00018', 'type', 'Android', '2022-12-05 10:45:09', 1, '2023-01-07 00:03:52', 1, NULL),
(2, 'payment00006', 'pmt00018', 'days', '10', '2022-12-05 10:45:09', 1, '2023-01-07 00:03:52', 1, NULL),
(3, 'payment00006', 'pmt00019', 'type', 'IOS', '2022-12-05 10:45:09', 1, '2023-01-07 00:04:35', 1, NULL),
(4, 'payment00006', 'pmt00019', 'days', '7', '2022-12-05 10:45:09', 1, '2023-01-07 00:04:35', 1, NULL),
(5, 'payment00006', 'pmt00020', 'type', 'Android', '2022-12-05 10:45:09', 1, '2023-01-07 00:05:37', 1, NULL),
(6, 'payment00006', 'pmt00020', 'days', '7', '2022-12-05 10:45:09', 1, '2023-01-07 00:05:37', 1, NULL),
(7, 'payment00006', 'pmt00021', 'type', 'Android', '2022-12-05 10:45:09', 1, '2023-01-07 00:08:53', 1, NULL),
(8, 'payment00006', 'pmt00021', 'days', '1', '2022-12-05 10:45:09', 1, '2023-01-07 00:08:53', 1, NULL),
(9, 'payment00007', 'pmt00016', 'type', 'Android', '2022-12-05 10:45:09', 1, '2023-01-07 00:15:47', 1, NULL),
(10, 'payment00007', 'pmt00016', 'count', '10', '2022-12-05 10:45:09', 1, '2023-01-07 00:15:47', 1, NULL),
(11, 'payment00007', 'pmt00016', 'price', '500', '2022-12-05 10:45:09', 1, '2023-02-02 18:46:32', 1, NULL),
(12, 'payment00007', 'pmt00016', 'status', '1', '2022-12-05 10:45:09', 1, '2023-01-07 00:15:47', 1, NULL),
(13, 'payment00007', 'pmt00016', 'currency_id', '1', '2022-12-05 10:45:09', 1, '2023-01-07 00:15:47', 1, NULL),
(14, 'payment00007', 'pmt00017', 'type', 'IOS', '2022-12-05 10:45:09', 1, '2023-01-06 07:52:18', 1, NULL),
(15, 'payment00007', 'pmt00017', 'count', '15', '2022-12-05 10:45:09', 1, '2023-02-02 18:45:58', 1, NULL),
(16, 'payment00007', 'pmt00017', 'price', '500', '2022-12-05 10:45:09', 1, '2023-02-02 18:45:58', 1, NULL),
(17, 'payment00007', 'pmt00017', 'status', '1', '2022-12-05 10:45:09', 1, '2023-01-07 00:13:27', 1, NULL),
(18, 'payment00007', 'pmt00017', 'currency_id', '1', '2022-12-05 10:45:09', 1, '2023-01-06 07:52:18', 1, NULL),
(119, 'payment00006', 'pmt00018', 'status', '1', '2023-01-06 07:52:44', 1, '2023-08-23 06:10:15', 1, NULL),
(120, 'payment00006', 'pmt00019', 'status', '1', '2023-01-06 07:53:03', 1, '2023-01-06 08:23:44', 1, NULL),
(121, 'payment00006', 'pmt00020', 'status', '1', '2023-01-06 08:22:18', 1, '2023-01-07 00:04:20', 1, NULL),
(122, 'payment00006', 'pmt00021', 'status', '1', '2023-01-06 08:22:30', 1, '2023-01-07 00:08:53', 1, NULL),
(123, 'payment00007', 'pmt00028', 'type', 'Android', '2023-01-07 00:21:19', 1, '2023-02-02 18:42:13', 1, NULL),
(124, 'payment00007', 'pmt00028', 'count', '15', '2023-01-07 00:21:19', 1, '2023-02-02 18:42:13', 1, NULL),
(125, 'payment00007', 'pmt00028', 'price', '1500', '2023-01-07 00:21:19', 1, '2023-02-02 18:42:13', 1, NULL),
(126, 'payment00007', 'pmt00028', 'status', '1', '2023-01-07 00:21:19', 1, '2023-02-02 18:42:13', 1, NULL),
(127, 'payment00007', 'pmt00028', 'currency_id', '1', '2023-01-07 00:21:19', 1, '2023-02-02 18:42:13', 1, NULL),
(129, 'payment00006', 'pmt00030', 'type', 'IOS', '2023-02-02 15:52:25', 1, '2023-02-02 15:52:25', NULL, NULL),
(130, 'payment00006', 'pmt00030', 'days', '1', '2023-02-02 15:52:25', 1, '2023-02-02 15:52:25', NULL, NULL),
(131, 'payment00006', 'pmt00030', 'status', '1', '2023-02-02 15:52:25', 1, '2023-02-02 15:52:25', NULL, NULL),
(132, 'payment00007', 'pmt00031', 'type', 'Android', '2023-02-02 15:57:08', 1, '2023-02-02 15:57:38', 1, NULL),
(133, 'payment00007', 'pmt00031', 'count', '35', '2023-02-02 15:57:08', 1, '2023-02-02 15:58:12', 1, NULL),
(134, 'payment00007', 'pmt00031', 'price', '3500', '2023-02-02 15:57:08', 1, '2023-02-02 15:58:52', 1, NULL),
(135, 'payment00007', 'pmt00031', 'status', '1', '2023-02-02 15:57:08', 1, '2023-02-02 15:57:38', 1, NULL),
(136, 'payment00007', 'pmt00031', 'currency_id', '1', '2023-02-02 15:57:08', 1, '2023-02-02 15:57:38', 1, NULL),
(137, 'payment00007', 'pmt00032', 'type', 'IOS', '2023-02-02 16:00:19', 1, '2023-02-02 16:03:53', 1, NULL),
(138, 'payment00007', 'pmt00032', 'count', '40', '2023-02-02 16:00:19', 1, '2023-02-02 16:03:53', 1, NULL),
(139, 'payment00007', 'pmt00032', 'price', '4000', '2023-02-02 16:00:19', 1, '2023-02-02 16:03:53', 1, NULL),
(140, 'payment00007', 'pmt00032', 'status', '1', '2023-02-02 16:00:19', 1, '2023-02-02 16:03:53', 1, NULL),
(141, 'payment00007', 'pmt00032', 'currency_id', '1', '2023-02-02 16:00:19', 1, '2023-02-02 16:03:53', 1, NULL),
(143, 'payment00005', 'pmt00034', 'status', '1', '2023-02-02 17:16:44', 1, '2023-02-02 17:16:44', NULL, NULL),
(144, 'payment00005', 'pmt00035', 'status', '1', '2023-02-02 17:18:27', 1, '2023-02-02 17:18:27', NULL, NULL),
(145, 'payment00005', 'pmt00036', 'status', '1', '2023-02-02 17:19:14', 1, '2023-02-02 17:19:14', NULL, NULL),
(146, 'payment00005', 'pmt00037', 'status', '1', '2023-02-02 17:19:54', 1, '2023-02-02 17:19:54', NULL, NULL),
(147, 'payment00005', 'pmt00038', 'status', '1', '2023-02-02 17:20:40', 1, '2023-02-02 17:20:40', NULL, NULL),
(148, 'payment00007', 'pmt00039', 'type', 'IOS', '2023-02-02 18:43:42', 1, '2023-02-02 18:45:34', 1, NULL),
(149, 'payment00007', 'pmt00039', 'count', '20', '2023-02-02 18:43:42', 1, '2023-02-02 18:45:34', 1, NULL),
(150, 'payment00007', 'pmt00039', 'price', '2000', '2023-02-02 18:43:42', 1, '2023-02-02 18:45:34', 1, NULL),
(151, 'payment00007', 'pmt00039', 'status', '1', '2023-02-02 18:43:42', 1, '2023-02-02 18:45:34', 1, NULL),
(152, 'payment00007', 'pmt00039', 'currency_id', '1', '2023-02-02 18:43:42', 1, '2023-02-02 18:45:34', 1, NULL),
(160, 'payment00008', 'pmt00041', 'duration', '1', '2024-01-17 10:47:52', 1, '2024-01-17 10:47:52', NULL, NULL),
(161, 'payment00008', 'pmt00041', 'sale_price', '100', '2024-01-17 10:47:52', 1, '2024-01-17 10:47:52', NULL, NULL),
(162, 'payment00008', 'pmt00041', 'discount_price', '0', '2024-01-17 10:47:52', 1, '2024-01-17 10:47:52', NULL, NULL),
(163, 'payment00008', 'pmt00041', 'is_most_popular_plan', '0', '2024-01-17 10:47:52', 1, '2024-01-17 10:47:52', NULL, NULL),
(164, 'payment00008', 'pmt00041', 'status', '1', '2024-01-17 10:47:52', 1, '2024-01-17 10:47:52', NULL, NULL),
(165, 'payment00008', 'pmt00041', 'currency_id', '1', '2024-01-17 10:47:52', 1, '2024-01-17 10:47:52', NULL, NULL),
(166, 'payment00008', 'pmt00042', 'duration', '6', '2024-01-17 10:47:52', 1, '2024-01-17 10:47:52', NULL, NULL),
(167, 'payment00008', 'pmt00042', 'sale_price', '2000', '2024-01-17 10:47:52', 1, '2024-01-17 10:47:52', NULL, NULL),
(168, 'payment00008', 'pmt00042', 'discount_price', '0', '2024-01-17 10:47:52', 1, '2024-01-17 10:47:52', NULL, NULL),
(169, 'payment00008', 'pmt00042', 'is_most_popular_plan', '1', '2024-01-17 10:47:52', 1, '2024-01-17 10:47:52', NULL, NULL),
(170, 'payment00008', 'pmt00042', 'status', '1', '2024-01-17 10:47:52', 1, '2024-01-17 10:47:52', NULL, NULL),
(171, 'payment00008', 'pmt00042', 'currency_id', '1', '2024-01-17 10:47:52', 1, '2024-01-17 10:47:52', NULL, NULL),
(172, 'payment00008', 'pmt00043', 'duration', '12', '2024-01-17 10:47:52', 1, '2024-01-17 10:47:52', NULL, NULL),
(173, 'payment00008', 'pmt00043', 'sale_price', '1000', '2024-01-17 10:47:52', 1, '2024-01-17 10:47:52', NULL, NULL),
(174, 'payment00008', 'pmt00043', 'discount_price', '0', '2024-01-17 10:47:52', 1, '2024-01-17 10:47:52', NULL, NULL),
(175, 'payment00008', 'pmt00043', 'is_most_popular_plan', '0', '2024-01-17 10:47:52', 1, '2024-01-17 10:47:52', NULL, NULL),
(176, 'payment00008', 'pmt00043', 'status', '1', '2024-01-17 10:47:52', 1, '2024-01-17 10:47:52', NULL, NULL),
(177, 'payment00008', 'pmt00043', 'currency_id', '1', '2024-01-17 10:47:52', 1, '2024-01-17 10:47:52', NULL, NULL);

-- --------------------------------------------------------

--
-- Table structure for table `psx_payment_infos`
--

CREATE TABLE `psx_payment_infos` (
  `id` bigint(20) UNSIGNED NOT NULL,
  `payment_id` varchar(255) COLLATE utf8mb4_unicode_ci NOT NULL,
  `core_keys_id` varchar(255) COLLATE utf8mb4_unicode_ci NOT NULL,
  `value` varchar(255) COLLATE utf8mb4_unicode_ci DEFAULT NULL,
  `shop_id` bigint(20) UNSIGNED DEFAULT NULL,
  `added_date` timestamp NOT NULL DEFAULT current_timestamp(),
  `added_user_id` bigint(20) UNSIGNED NOT NULL,
  `updated_date` timestamp NULL DEFAULT NULL ON UPDATE current_timestamp(),
  `updated_user_id` bigint(20) UNSIGNED DEFAULT NULL,
  `updated_flag` smallint(6) DEFAULT NULL
) ENGINE=InnoDB DEFAULT CHARSET=utf8mb4 COLLATE=utf8mb4_unicode_ci;

--
-- Dumping data for table `psx_payment_infos`
--

INSERT INTO `psx_payment_infos` (`id`, `payment_id`, `core_keys_id`, `value`, `shop_id`, `added_date`, `added_user_id`, `updated_date`, `updated_user_id`, `updated_flag`) VALUES
(1, 'payment00001', 'pmt00001', 'h6ggypvjgt4tzz2k', NULL, '2022-12-08 15:13:28', 1, '2023-11-17 14:06:34', 1, NULL),
(2, 'payment00001', 'pmt00002', '256y6grqr936tpjf', NULL, '2022-12-08 15:13:28', 1, '2022-12-08 23:13:28', 1, NULL),
(3, 'payment00001', 'pmt00003', '0d6aadf4b586a84844ceadc834dc851f', NULL, '2022-12-08 15:13:28', 1, '2022-12-08 23:13:28', 1, NULL),
(6, 'payment00001', 'pmt00006', 'sandbox', NULL, '2022-12-08 15:13:28', 1, '2022-12-08 23:13:28', 1, NULL),
(7, 'payment00002', 'pmt00012', 'pk_test_RjJFXdLkbesQpjm6T2xPddmp', NULL, '2022-12-08 15:13:28', 1, '2022-12-08 23:13:28', 1, NULL),
(8, 'payment00002', 'pmt00013', 'sk_test_lxHim6W6aJAjb4jjAtfviY0t', NULL, '2022-12-08 15:13:28', 1, '2022-12-08 23:13:28', 1, NULL),
(9, 'payment00003', 'pmt00014', 'rzp_test_Bpvf8XjEecGumH', NULL, '2022-12-08 15:13:28', 1, '2023-11-17 14:07:56', 1, NULL),
(10, 'payment00004', 'pmt00015', 'pk_test_ea5593678cc80271640f1929b5a63ac830dd66f8', NULL, '2022-12-08 15:13:28', 1, '2022-12-08 23:13:28', 1, NULL),
(15, 'payment00006', 'pmt00018', 'Testing - (Purchase and promote your item for 10 days.)', NULL, '2022-12-05 10:45:09', 1, '2023-01-07 00:09:40', 1, NULL),
(16, 'payment00006', 'pmt00019', 'Purchase and promote your item for 7 days.', NULL, '2022-12-05 10:45:09', 1, '2023-01-07 00:10:42', 1, NULL),
(17, 'payment00006', 'pmt00020', 'Purchase and promote your item for 7 days.', NULL, '2022-12-05 10:45:09', 1, '2023-01-07 00:12:02', 1, NULL),
(18, 'payment00006', 'pmt00021', 'Purchase and promote your item for 1 day.', NULL, '2022-12-05 10:45:09', 1, '2023-01-07 00:08:53', 1, NULL),
(19, 'payment00007', 'pmt00016', 'Silver', NULL, '2022-12-05 10:45:09', 1, '2023-02-02 18:41:37', 1, NULL),
(20, 'payment00007', 'pmt00017', 'Bronze', NULL, '2022-12-05 10:45:09', 1, '2023-02-02 20:17:31', 1, NULL),
(69, 'payment00007', 'pmt00028', 'Gold', NULL, '2023-01-07 00:21:19', 1, '2023-02-02 18:42:13', 1, NULL),
(71, 'payment00006', 'pmt00030', 'Purchase and promote your item for 1 day.', NULL, '2023-02-02 15:52:25', 1, '2023-02-02 15:52:25', NULL, NULL),
(72, 'payment00007', 'pmt00031', 'Platinum', NULL, '2023-02-02 15:57:08', 1, '2023-02-02 18:42:36', 1, NULL),
(73, 'payment00007', 'pmt00032', 'Diamond', NULL, '2023-02-02 16:00:19', 1, '2023-02-02 20:17:55', 1, NULL),
(75, 'payment00005', 'pmt00034', 'Account No : 424789-4782479-3278724', NULL, '2023-02-02 17:16:44', 1, '2023-02-02 17:16:44', NULL, NULL),
(76, 'payment00005', 'pmt00035', 'Account No : 23424-4782479-23424', NULL, '2023-02-02 17:18:27', 1, '2023-02-02 17:18:27', NULL, NULL),
(77, 'payment00005', 'pmt00036', 'Email : teamps.is.cool@gmail.com', NULL, '2023-02-02 17:19:14', 1, '2023-02-02 17:19:14', NULL, NULL),
(78, 'payment00005', 'pmt00037', 'Phone No : +9593848494949', NULL, '2023-02-02 17:19:54', 1, '2023-02-02 17:19:54', NULL, NULL),
(79, 'payment00005', 'pmt00038', 'Phone No : +959454512321', NULL, '2023-02-02 17:20:40', 1, '2023-02-02 17:20:40', NULL, NULL),
(80, 'payment00007', 'pmt00039', 'Ruby', NULL, '2023-02-02 18:43:42', 1, '2023-02-02 20:18:35', 1, NULL),
(84, 'payment00008', 'pmt00041', 'Bronze', NULL, '2024-01-17 10:47:52', 1, '2024-01-17 10:47:52', NULL, NULL),
(85, 'payment00008', 'pmt00042', 'Gold', NULL, '2024-01-17 10:47:52', 1, '2024-01-17 10:47:52', NULL, NULL),
(86, 'payment00008', 'pmt00043', 'Diamond', NULL, '2024-01-17 10:47:52', 1, '2024-01-17 10:47:52', NULL, NULL),
(87, 'payment00010', 'ps-pmt00044', NULL, NULL, '2024-06-07 13:40:08', 1, NULL, NULL, NULL),
(88, 'payment00010', 'ps-pmt00045', NULL, NULL, '2024-06-07 13:40:08', 1, NULL, NULL, NULL),
(89, 'payment00010', 'ps-pmt00046', NULL, NULL, '2024-06-07 13:40:08', 1, NULL, NULL, NULL);

-- --------------------------------------------------------

--
-- Table structure for table `psx_payment_statuses`
--

CREATE TABLE `psx_payment_statuses` (
  `id` bigint(20) UNSIGNED NOT NULL,
  `title` varchar(255) COLLATE utf8mb4_unicode_ci NOT NULL,
  `added_date` timestamp NOT NULL DEFAULT current_timestamp(),
  `added_user_id` bigint(20) UNSIGNED NOT NULL,
  `updated_date` timestamp NULL DEFAULT NULL ON UPDATE current_timestamp(),
  `updated_user_id` bigint(20) UNSIGNED DEFAULT NULL,
  `updated_flag` smallint(6) DEFAULT NULL
) ENGINE=InnoDB DEFAULT CHARSET=utf8mb4 COLLATE=utf8mb4_unicode_ci;

--
-- Dumping data for table `psx_payment_statuses`
--

INSERT INTO `psx_payment_statuses` (`id`, `title`, `added_date`, `added_user_id`, `updated_date`, `updated_user_id`, `updated_flag`) VALUES
(1, 'Pending', '2022-12-05 10:45:05', 1, NULL, NULL, NULL),
(2, 'Completed', '2022-12-05 10:45:05', 1, NULL, NULL, NULL),
(3, 'Refund', '2022-12-05 10:45:05', 1, NULL, NULL, NULL),
(4, 'Reversal', '2022-12-05 10:45:05', 1, NULL, NULL, NULL);

-- --------------------------------------------------------

--
-- Table structure for table `psx_permissions`
--

CREATE TABLE `psx_permissions` (
  `id` bigint(20) UNSIGNED NOT NULL,
  `title` varchar(255) COLLATE utf8mb4_unicode_ci NOT NULL,
  `added_date` timestamp NOT NULL DEFAULT current_timestamp(),
  `added_user_id` bigint(20) UNSIGNED NOT NULL,
  `updated_date` timestamp NULL DEFAULT NULL ON UPDATE current_timestamp(),
  `updated_user_id` bigint(20) UNSIGNED DEFAULT NULL,
  `updated_flag` smallint(6) DEFAULT NULL
) ENGINE=InnoDB DEFAULT CHARSET=utf8mb4 COLLATE=utf8mb4_unicode_ci;

--
-- Dumping data for table `psx_permissions`
--

INSERT INTO `psx_permissions` (`id`, `title`, `added_date`, `added_user_id`, `updated_date`, `updated_user_id`, `updated_flag`) VALUES
(1, 'create', '2022-12-05 10:45:05', 1, NULL, NULL, NULL),
(2, 'read', '2022-12-05 10:45:05', 1, NULL, NULL, NULL),
(3, 'update', '2022-12-05 10:45:05', 1, NULL, NULL, NULL),
(4, 'delete', '2022-12-05 10:45:05', 1, NULL, NULL, NULL);

-- --------------------------------------------------------

--
-- Table structure for table `psx_phone_country_codes`
--

CREATE TABLE `psx_phone_country_codes` (
  `id` bigint(20) UNSIGNED NOT NULL,
  `country_name` varchar(255) COLLATE utf8mb4_unicode_ci NOT NULL,
  `country_code` varchar(255) COLLATE utf8mb4_unicode_ci NOT NULL,
  `is_default` tinyint(1) NOT NULL DEFAULT 0,
  `status` tinyint(1) NOT NULL DEFAULT 1,
  `added_date` timestamp NULL DEFAULT NULL,
  `added_user_id` bigint(20) UNSIGNED DEFAULT NULL,
  `updated_date` timestamp NULL DEFAULT NULL ON UPDATE current_timestamp(),
  `updated_user_id` bigint(20) UNSIGNED DEFAULT NULL,
  `updated_flag` smallint(6) DEFAULT NULL
) ENGINE=InnoDB DEFAULT CHARSET=utf8mb4 COLLATE=utf8mb4_unicode_ci;

--
-- Dumping data for table `psx_phone_country_codes`
--

INSERT INTO `psx_phone_country_codes` (`id`, `country_name`, `country_code`, `is_default`, `status`, `added_date`, `added_user_id`, `updated_date`, `updated_user_id`, `updated_flag`) VALUES
(1, 'Myanmar', '+95', 0, 1, '2022-12-18 15:13:48', 1, '2022-12-27 01:48:17', NULL, NULL),
(2, 'Åland', '+358', 0, 1, '2022-12-18 15:13:48', 1, '2023-08-12 07:28:46', 1, NULL),
(3, 'Afghanistan', '+93', 1, 1, '2022-12-18 15:13:48', 1, '2023-08-12 07:28:46', 1, NULL),
(4, 'Albania', '+355', 0, 1, '2022-12-18 15:13:48', 1, NULL, NULL, NULL),
(5, 'Algeria', '+213', 0, 1, '2022-12-18 15:13:48', 1, NULL, NULL, NULL),
(6, 'American Samoa', '+1 684', 0, 1, '2022-12-18 15:13:48', 1, NULL, NULL, NULL),
(7, 'Andorra', '+376', 0, 1, '2022-12-18 15:13:48', 1, NULL, NULL, NULL),
(8, 'Angola', '+244', 0, 1, '2022-12-18 15:13:48', 1, NULL, NULL, NULL),
(9, 'Anguilla', '+1 264', 0, 1, '2022-12-18 15:13:48', 1, NULL, NULL, NULL),
(10, 'Antigua and Barbuda', '+268', 0, 1, '2022-12-18 15:13:48', 1, NULL, NULL, NULL),
(11, 'Argentina', '+54', 0, 1, '2022-12-18 15:13:48', 1, NULL, NULL, NULL),
(12, 'Armenia', '+374', 0, 1, '2022-12-18 15:13:48', 1, NULL, NULL, NULL),
(13, 'Aruba', '+297', 0, 1, '2022-12-18 15:13:48', 1, NULL, NULL, NULL),
(14, 'Ascension', '+247', 0, 1, '2022-12-18 15:13:48', 1, NULL, NULL, NULL),
(15, 'Austria', '+43', 0, 1, '2022-12-18 15:13:48', 1, NULL, NULL, NULL),
(16, 'Azerbaijan', '+994', 0, 1, '2022-12-18 15:13:48', 1, NULL, NULL, NULL),
(17, 'Bahamas', '+1 241', 0, 1, '2022-12-18 15:13:48', 1, NULL, NULL, NULL),
(18, 'Bahrain', '+937', 0, 1, '2022-12-18 15:13:48', 1, NULL, NULL, NULL),
(19, 'Bangladesh', '+880', 0, 1, '2022-12-18 15:13:48', 1, NULL, NULL, NULL),
(20, 'Barbados', '+1 246', 0, 1, '2022-12-18 15:13:48', 1, NULL, NULL, NULL),
(21, 'Belarus', '+375', 0, 1, '2022-12-18 15:13:48', 1, NULL, NULL, NULL),
(22, 'Belize', '+501', 0, 1, '2022-12-18 15:13:48', 1, NULL, NULL, NULL),
(23, 'Benin', '+229', 0, 1, '2022-12-18 15:13:48', 1, NULL, NULL, NULL),
(24, 'Bermuda', '+1 441', 0, 1, '2022-12-18 15:13:48', 1, NULL, NULL, NULL),
(25, 'Bolivia', '+591', 0, 1, '2022-12-18 15:13:48', 1, NULL, NULL, NULL),
(26, 'Bonaire', '+599 7', 0, 1, '2022-12-18 15:13:48', 1, NULL, NULL, NULL),
(27, 'Bosnia and Herzegovina', '+387', 0, 1, '2022-12-18 15:13:48', 1, NULL, NULL, NULL),
(28, 'Botswana', '+267', 0, 1, '2022-12-18 15:13:48', 1, NULL, NULL, NULL),
(29, 'Brazil', '+55', 0, 1, '2022-12-18 15:13:48', 1, NULL, NULL, NULL),
(30, 'British Indian Ocean Territory', '+246', 0, 1, '2022-12-18 15:13:48', 1, NULL, NULL, NULL),
(31, 'British Virgin Islands', '+284', 0, 1, '2022-12-18 15:13:48', 1, NULL, NULL, NULL),
(32, 'Brunei Darussalam', '+673', 0, 1, '2022-12-18 15:13:48', 1, NULL, NULL, NULL),
(33, 'Bulgaria', '+359', 0, 1, '2022-12-18 15:13:48', 1, NULL, NULL, NULL),
(34, 'Burkina Faso', '+226', 0, 1, '2022-12-18 15:13:48', 1, NULL, NULL, NULL),
(35, 'Burundi', '+257', 0, 1, '2022-12-18 15:13:48', 1, NULL, NULL, NULL),
(36, 'Cape Verde', '+238', 0, 1, '2022-12-18 15:13:48', 1, NULL, NULL, NULL),
(37, 'Cambodia', '+855', 0, 1, '2022-12-18 15:13:48', 1, NULL, NULL, NULL),
(38, 'Cameroon', '+237', 0, 1, '2022-12-18 15:13:48', 1, NULL, NULL, NULL),
(39, 'Canada', '+1', 0, 1, '2022-12-18 15:13:48', 1, NULL, NULL, NULL),
(40, 'Caribbean Netherlands', '+599 3', 0, 1, '2022-12-18 15:13:48', 1, NULL, NULL, NULL),
(41, 'Cameroon', '+237', 0, 1, '2022-12-18 15:13:48', 1, NULL, NULL, NULL),
(42, 'Cayman Islands', '+1 345', 0, 1, '2022-12-18 15:13:48', 1, NULL, NULL, NULL),
(43, 'Central African Republic', '+236', 0, 1, '2022-12-18 15:13:48', 1, NULL, NULL, NULL),
(44, 'Chad', '+235', 0, 1, '2022-12-18 15:13:48', 1, NULL, NULL, NULL),
(45, 'Chile', '+56', 0, 1, '2022-12-18 15:13:48', 1, NULL, NULL, NULL),
(46, 'China', '+86', 0, 1, '2022-12-18 15:13:48', 1, NULL, NULL, NULL),
(47, 'Colombia', '+57', 0, 1, '2022-12-18 15:13:48', 1, NULL, NULL, NULL),
(48, 'Comoros', '+269', 0, 1, '2022-12-18 15:13:48', 1, NULL, NULL, NULL),
(49, 'Congo', '+242', 0, 1, '2022-12-18 15:13:48', 1, NULL, NULL, NULL),
(50, 'Cook Islands', '+682', 0, 1, '2022-12-18 15:13:48', 1, NULL, NULL, NULL),
(51, 'Costa Rica', '+506', 0, 1, '2022-12-18 15:13:48', 1, NULL, NULL, NULL),
(52, 'Croatia', '+385', 0, 1, '2022-12-18 15:13:48', 1, NULL, NULL, NULL),
(53, 'Cuba', '+53', 0, 1, '2022-12-18 15:13:48', 1, NULL, NULL, NULL),
(54, 'Curaçao', '+599 9', 0, 1, '2022-12-18 15:13:48', 1, NULL, NULL, NULL),
(55, 'Cyprus', '+357', 0, 1, '2022-12-18 15:13:48', 1, NULL, NULL, NULL),
(56, 'Czech Republic', '+420', 0, 1, '2022-12-18 15:13:48', 1, NULL, NULL, NULL),
(57, 'Denmark', '+45', 0, 1, '2022-12-18 15:13:48', 1, NULL, NULL, NULL),
(58, 'Djibouti', '+253', 0, 1, '2022-12-18 15:13:48', 1, NULL, NULL, NULL),
(59, 'Dominica', '+1 767', 0, 1, '2022-12-18 15:13:48', 1, NULL, NULL, NULL),
(60, 'Dominican Republic', '+1 809', 0, 1, '2022-12-18 15:13:48', 1, NULL, NULL, NULL),
(61, 'Easter Island', '+56', 0, 1, '2022-12-18 15:13:48', 1, NULL, NULL, NULL),
(62, 'Ecuador', '+593', 0, 1, '2022-12-18 15:13:48', 1, NULL, NULL, NULL),
(63, 'Egypt', '+20', 0, 1, '2022-12-18 15:13:48', 1, NULL, NULL, NULL),
(64, 'El Salvador', '+503', 0, 1, '2022-12-18 15:13:48', 1, NULL, NULL, NULL),
(65, 'Equatorial Guinea', '+240', 0, 1, '2022-12-18 15:13:48', 1, NULL, NULL, NULL),
(66, 'Eritrea', '+291', 0, 1, '2022-12-18 15:13:48', 1, NULL, NULL, NULL),
(67, 'Estonia', '+372', 0, 1, '2022-12-18 15:13:48', 1, NULL, NULL, NULL),
(68, 'Eswatini', '+268', 0, 1, '2022-12-18 15:13:48', 1, NULL, NULL, NULL),
(69, 'Ethiopia', '+251', 0, 1, '2022-12-18 15:13:48', 1, NULL, NULL, NULL),
(70, 'Falkland Islands', '+500', 0, 1, '2022-12-18 15:13:48', 1, NULL, NULL, NULL),
(71, 'Faroe Islands', '+298', 0, 1, '2022-12-18 15:13:48', 1, NULL, NULL, NULL),
(72, 'Fiji', '+679', 0, 1, '2022-12-18 15:13:48', 1, NULL, NULL, NULL),
(73, 'Finland', '+358', 0, 1, '2022-12-18 15:13:48', 1, NULL, NULL, NULL),
(74, 'France', '+33', 0, 1, '2022-12-18 15:13:48', 1, NULL, NULL, NULL),
(75, 'French Guiana', '+594', 0, 1, '2022-12-18 15:13:48', 1, NULL, NULL, NULL),
(76, 'French Polynesia', '+689', 0, 1, '2022-12-18 15:13:48', 1, NULL, NULL, NULL),
(77, 'Gabon', '+241', 0, 1, '2022-12-18 15:13:48', 1, NULL, NULL, NULL),
(78, 'Gambia', '+220', 0, 1, '2022-12-18 15:13:48', 1, NULL, NULL, NULL),
(79, 'Georgia', '+995', 0, 1, '2022-12-18 15:13:48', 1, NULL, NULL, NULL),
(80, 'Germany', '+49', 0, 1, '2022-12-18 15:13:48', 1, NULL, NULL, NULL),
(81, 'Ghana', '+233', 0, 1, '2022-12-18 15:13:48', 1, NULL, NULL, NULL),
(82, 'Gibraltar', '+350', 0, 1, '2022-12-18 15:13:48', 1, NULL, NULL, NULL),
(83, 'Greece', '+30', 0, 1, '2022-12-18 15:13:48', 1, NULL, NULL, NULL),
(84, 'Greenland', '+299', 0, 1, '2022-12-18 15:13:48', 1, NULL, NULL, NULL),
(85, 'Gabon', '+241', 0, 1, '2022-12-18 15:13:48', 1, NULL, NULL, NULL),
(86, 'Grenada', '+1 743', 0, 1, '2022-12-18 15:13:48', 1, NULL, NULL, NULL),
(87, 'Guadeloupe', '+590', 0, 1, '2022-12-18 15:13:48', 1, NULL, NULL, NULL),
(88, 'Guam', '+1 671', 0, 1, '2022-12-18 15:13:48', 1, NULL, NULL, NULL),
(89, 'Guatemala', '+502', 0, 1, '2022-12-18 15:13:48', 1, NULL, NULL, NULL),
(90, 'Guinea', '+224', 0, 1, '2022-12-18 15:13:48', 1, NULL, NULL, NULL),
(91, 'Guinea-Bissau', '+245', 0, 1, '2022-12-18 15:13:48', 1, NULL, NULL, NULL),
(92, 'Guyana', '+592', 0, 1, '2022-12-18 15:13:48', 1, NULL, NULL, NULL),
(93, 'Haiti', '+509', 0, 1, '2022-12-18 15:13:48', 1, NULL, NULL, NULL),
(94, 'Honduras', '+504', 0, 1, '2022-12-18 15:13:48', 1, NULL, NULL, NULL),
(95, 'Hong Kong', '+852', 0, 1, '2022-12-18 15:13:48', 1, NULL, NULL, NULL),
(96, 'Hungary', '+36', 0, 1, '2022-12-18 15:13:48', 1, NULL, NULL, NULL),
(97, 'Iceland', '+354', 0, 1, '2022-12-18 15:13:48', 1, NULL, NULL, NULL),
(98, 'India', '+91', 0, 1, '2022-12-18 15:13:48', 1, NULL, NULL, NULL),
(99, 'Indonesia', '+62', 0, 1, '2022-12-18 15:13:48', 1, NULL, NULL, NULL),
(100, 'Iran', '+98', 0, 1, '2022-12-18 15:13:48', 1, NULL, NULL, NULL),
(101, 'Iraq', '+964', 0, 1, '2022-12-18 15:13:48', 1, NULL, NULL, NULL),
(102, 'Ireland', '+353', 0, 1, '2022-12-18 15:13:48', 1, NULL, NULL, NULL),
(103, 'Israel', '+972', 0, 1, '2022-12-18 15:13:48', 1, NULL, NULL, NULL),
(104, 'Italy', '+39', 0, 1, '2022-12-18 15:13:48', 1, NULL, NULL, NULL),
(105, 'Jamaica', '+1 658', 0, 1, '2022-12-18 15:13:48', 1, NULL, NULL, NULL),
(106, 'Jan Mayen', '+47 79', 0, 1, '2022-12-18 15:13:48', 1, NULL, NULL, NULL),
(107, 'Japan', '+81', 0, 1, '2022-12-18 15:13:48', 1, NULL, NULL, NULL),
(108, 'Jordan', '+962', 0, 1, '2022-12-18 15:13:48', 1, NULL, NULL, NULL),
(109, 'Kenya', '+254', 0, 1, '2022-12-18 15:13:48', 1, NULL, NULL, NULL),
(110, 'Kiribati', '+686', 0, 1, '2022-12-18 15:13:48', 1, NULL, NULL, NULL),
(111, 'South Korea', '+82', 0, 1, '2022-12-18 15:13:48', 1, NULL, NULL, NULL),
(112, 'Kosovo', '+383', 0, 1, '2022-12-18 15:13:48', 1, NULL, NULL, NULL),
(113, 'Kuwait', '+965', 0, 1, '2022-12-18 15:13:48', 1, NULL, NULL, NULL),
(114, 'Kyrgyzstan', '+996', 0, 1, '2022-12-18 15:13:48', 1, NULL, NULL, NULL),
(115, 'Laos', '+856', 0, 1, '2022-12-18 15:13:48', 1, NULL, NULL, NULL),
(116, 'Latvia', '+371', 0, 1, '2022-12-18 15:13:48', 1, NULL, NULL, NULL),
(117, 'Lebanon', '+961', 0, 1, '2022-12-18 15:13:48', 1, NULL, NULL, NULL),
(118, 'Lesotho', '+266', 0, 1, '2022-12-18 15:13:48', 1, NULL, NULL, NULL),
(119, 'Liberia', '+231', 0, 1, '2022-12-18 15:13:48', 1, NULL, NULL, NULL),
(120, 'Libya', '+218', 0, 1, '2022-12-18 15:13:48', 1, NULL, NULL, NULL),
(121, 'Liechtenstein', '+423', 0, 1, '2022-12-18 15:13:48', 1, NULL, NULL, NULL),
(122, 'Lithuania', '+370', 0, 1, '2022-12-18 15:13:48', 1, NULL, NULL, NULL),
(123, 'Luxembourg', '+352', 0, 1, '2022-12-18 15:13:48', 1, NULL, NULL, NULL),
(124, 'Madagascar', '+261', 0, 1, '2022-12-18 15:13:48', 1, NULL, NULL, NULL),
(125, 'Malawi', '+265', 0, 1, '2022-12-18 15:13:48', 1, NULL, NULL, NULL),
(126, 'Malaysia', '+60', 0, 1, '2022-12-18 15:13:48', 1, NULL, NULL, NULL),
(127, 'Maldives', '+960', 0, 1, '2022-12-18 15:13:48', 1, NULL, NULL, NULL),
(128, 'Mali', '+223', 0, 1, '2022-12-18 15:13:48', 1, NULL, NULL, NULL),
(129, 'Malta', '+356', 0, 1, '2022-12-18 15:13:48', 1, NULL, NULL, NULL),
(130, 'Marshall Islands', '+692', 0, 1, '2022-12-18 15:13:48', 1, NULL, NULL, NULL),
(131, 'Martinique', '+596', 0, 1, '2022-12-18 15:13:48', 1, NULL, NULL, NULL),
(132, 'Mauritania', '+222', 0, 1, '2022-12-18 15:13:48', 1, NULL, NULL, NULL),
(133, 'Mauritius', '+230', 0, 1, '2022-12-18 15:13:48', 1, NULL, NULL, NULL),
(134, 'Mexico', '+52', 0, 1, '2022-12-18 15:13:48', 1, NULL, NULL, NULL),
(135, 'Moldova', '+373', 0, 1, '2022-12-18 15:13:48', 1, NULL, NULL, NULL),
(136, 'Monaco', '+377', 0, 1, '2022-12-18 15:13:48', 1, NULL, NULL, NULL),
(137, 'Mongolia', '+976', 0, 1, '2022-12-18 15:13:48', 1, NULL, NULL, NULL),
(138, 'Montenegro', '+382', 0, 1, '2022-12-18 15:13:48', 1, NULL, NULL, NULL),
(139, 'Montserrat', '+1 664', 0, 1, '2022-12-18 15:13:48', 1, NULL, NULL, NULL),
(140, 'Morocco', '+212', 0, 1, '2022-12-18 15:13:48', 1, NULL, NULL, NULL),
(141, 'Kiribati', '+686', 0, 1, '2022-12-18 15:13:48', 1, NULL, NULL, NULL),
(142, 'Mozambique', '+258', 0, 1, '2022-12-18 15:13:48', 1, NULL, NULL, NULL),
(143, 'Namibia', '+264', 0, 1, '2022-12-18 15:13:48', 1, NULL, NULL, NULL),
(144, 'Nauru', '+674', 0, 1, '2022-12-18 15:13:48', 1, NULL, NULL, NULL),
(145, 'Nepal', '+977', 0, 1, '2022-12-18 15:13:48', 1, NULL, NULL, NULL),
(146, 'Kiribati', '+686', 0, 1, '2022-12-18 15:13:48', 1, NULL, NULL, NULL),
(147, 'Netherlands', '+31', 0, 1, '2022-12-18 15:13:48', 1, NULL, NULL, NULL),
(148, 'Nevis', '+1 869', 0, 1, '2022-12-18 15:13:48', 1, NULL, NULL, NULL),
(149, 'Kiribati', '+686', 0, 1, '2022-12-18 15:13:48', 1, NULL, NULL, NULL),
(150, 'New Caledonia', '+687', 0, 1, '2022-12-18 15:13:48', 1, NULL, NULL, NULL),
(151, 'New Zealand', '+64', 0, 1, '2022-12-18 15:13:48', 1, NULL, NULL, NULL),
(152, 'Nicaragua', '+505', 0, 1, '2022-12-18 15:13:48', 1, NULL, NULL, NULL),
(153, 'Niger', '+227', 0, 1, '2022-12-18 15:13:48', 1, NULL, NULL, NULL),
(154, 'Nigeria', '+234', 0, 1, '2022-12-18 15:13:48', 1, NULL, NULL, NULL),
(155, 'Niue', '+683', 0, 1, '2022-12-18 15:13:48', 1, NULL, NULL, NULL),
(156, 'Norfolk Island', '+672 3', 0, 1, '2022-12-18 15:13:48', 1, NULL, NULL, NULL),
(157, 'North Macedonia', '+389', 0, 1, '2022-12-18 15:13:48', 1, NULL, NULL, NULL),
(158, 'Northern Cyprus', '+90 392', 0, 1, '2022-12-18 15:13:48', 1, NULL, NULL, NULL),
(159, 'Northern Ireland', '+44 28', 0, 1, '2022-12-18 15:13:48', 1, NULL, NULL, NULL),
(160, 'Northern Mariana Islands', '+1 670', 0, 1, '2022-12-18 15:13:48', 1, NULL, NULL, NULL),
(161, 'Norway', '+47', 0, 1, '2022-12-18 15:13:48', 1, NULL, NULL, NULL),
(162, 'Oman', '+968', 0, 1, '2022-12-18 15:13:48', 1, NULL, NULL, NULL),
(163, 'Pakistan', '+92', 0, 1, '2022-12-18 15:13:48', 1, NULL, NULL, NULL),
(164, 'Palau', '+680', 0, 1, '2022-12-18 15:13:48', 1, NULL, NULL, NULL),
(165, 'Palestine, State of', '+970', 0, 1, '2022-12-18 15:13:48', 1, NULL, NULL, NULL),
(166, 'Panama', '+507', 0, 1, '2022-12-18 15:13:48', 1, NULL, NULL, NULL),
(167, 'Papua New Guinea', '+675', 0, 1, '2022-12-18 15:13:48', 1, NULL, NULL, NULL),
(168, 'Paraguay', '+595', 0, 1, '2022-12-18 15:13:48', 1, NULL, NULL, NULL),
(169, 'Peru', '+51', 0, 1, '2022-12-18 15:13:48', 1, NULL, NULL, NULL),
(170, 'Philippines', '+63', 0, 1, '2022-12-18 15:13:48', 1, NULL, NULL, NULL),
(171, 'Pitcairn Islands', '+64', 0, 1, '2022-12-18 15:13:48', 1, NULL, NULL, NULL),
(172, 'Palau', '+680', 0, 1, '2022-12-18 15:13:48', 1, NULL, NULL, NULL),
(173, 'Poland', '+48', 0, 1, '2022-12-18 15:13:48', 1, NULL, NULL, NULL),
(174, 'Portugal', '+351', 0, 1, '2022-12-18 15:13:48', 1, NULL, NULL, NULL),
(175, 'Puerto Rico', '+1 787', 0, 1, '2022-12-18 15:13:48', 1, NULL, NULL, NULL),
(176, 'Qatar', '+974', 0, 1, '2022-12-18 15:13:48', 1, NULL, NULL, NULL),
(177, 'Réunion', '+262', 0, 1, '2022-12-18 15:13:48', 1, NULL, NULL, NULL),
(178, 'Romania', '+40', 0, 1, '2022-12-18 15:13:48', 1, NULL, NULL, NULL),
(179, 'Russia', '+7', 0, 1, '2022-12-18 15:13:48', 1, NULL, NULL, NULL),
(180, 'Rwanda', '+250', 0, 1, '2022-12-18 15:13:48', 1, NULL, NULL, NULL),
(181, 'Saba', '+599 4', 0, 1, '2022-12-18 15:13:48', 1, NULL, NULL, NULL),
(182, 'Saint Barthélemy', '+590', 0, 1, '2022-12-18 15:13:48', 1, NULL, NULL, NULL),
(183, 'Saint Helena', '+290', 0, 1, '2022-12-18 15:13:48', 1, NULL, NULL, NULL),
(184, 'Saint Kitts and Nevis', '+1 869', 0, 1, '2022-12-18 15:13:48', 1, NULL, NULL, NULL),
(185, 'Saint Lucia', '+1 758', 0, 1, '2022-12-18 15:13:48', 1, NULL, NULL, NULL),
(186, 'Saint Martin (France)', '+590', 0, 1, '2022-12-18 15:13:48', 1, NULL, NULL, NULL),
(187, 'Saint Pierre and Miquelon', '+508', 0, 1, '2022-12-18 15:13:48', 1, NULL, NULL, NULL),
(188, 'Saint Vincent and the Grenadines', '+1 784', 0, 1, '2022-12-18 15:13:48', 1, NULL, NULL, NULL),
(189, 'Samoa', '+685', 0, 1, '2022-12-18 15:13:48', 1, NULL, NULL, NULL),
(190, 'San Marino', '+378', 0, 1, '2022-12-18 15:13:48', 1, NULL, NULL, NULL),
(191, 'São Tomé and Príncipe', '+239', 0, 1, '2022-12-18 15:13:48', 1, NULL, NULL, NULL),
(192, 'Saudi Arabia', '+966', 0, 1, '2022-12-18 15:13:48', 1, NULL, NULL, NULL),
(193, 'Senegal', '+221', 0, 1, '2022-12-18 15:13:48', 1, NULL, NULL, NULL),
(194, 'Serbia', '+381', 0, 1, '2022-12-18 15:13:48', 1, NULL, NULL, NULL),
(195, 'Seychelles', '+248', 0, 1, '2022-12-18 15:13:48', 1, NULL, NULL, NULL),
(196, 'Sierra Leone', '+232', 0, 1, '2022-12-18 15:13:48', 1, NULL, NULL, NULL),
(197, 'Singapore', '+65', 0, 1, '2022-12-18 15:13:48', 1, NULL, NULL, NULL),
(198, 'Sint Eustatius', '+599 3', 0, 1, '2022-12-18 15:13:48', 1, NULL, NULL, NULL),
(199, 'Palau', '+680', 0, 1, '2022-12-18 15:13:48', 1, NULL, NULL, NULL),
(200, 'Slovakia', '+421', 0, 1, '2022-12-18 15:13:48', 1, NULL, NULL, NULL),
(201, 'Slovenia', '+386', 0, 1, '2022-12-18 15:13:48', 1, NULL, NULL, NULL),
(202, 'Solomon Islands', '+677', 0, 1, '2022-12-18 15:13:48', 1, NULL, NULL, NULL),
(203, 'Somalia', '+252', 0, 1, '2022-12-18 15:13:48', 1, NULL, NULL, NULL),
(204, 'South Africa', '+27', 0, 1, '2022-12-18 15:13:48', 1, NULL, NULL, NULL),
(205, 'South Ossetia', '+995 34', 0, 1, '2022-12-18 15:13:48', 1, NULL, NULL, NULL),
(206, 'South Sudan', '+211', 0, 1, '2022-12-18 15:13:48', 1, NULL, NULL, NULL),
(207, 'Spain', '+34', 0, 1, '2022-12-18 15:13:48', 1, NULL, NULL, NULL),
(208, 'Sri Lanka', '+94', 0, 1, '2022-12-18 15:13:48', 1, NULL, NULL, NULL),
(209, 'Sudan', '+249', 0, 1, '2022-12-18 15:13:48', 1, NULL, NULL, NULL),
(210, 'Suriname', '+597', 0, 1, '2022-12-18 15:13:48', 1, NULL, NULL, NULL),
(211, 'Svalbard', '+47 79', 0, 1, '2022-12-18 15:13:48', 1, NULL, NULL, NULL),
(212, 'Sweden', '+46', 0, 1, '2022-12-18 15:13:48', 1, NULL, NULL, NULL),
(213, 'Switzerland', '+41', 0, 1, '2022-12-18 15:13:48', 1, NULL, NULL, NULL),
(214, 'Syria', '+963', 0, 1, '2022-12-18 15:13:48', 1, NULL, NULL, NULL),
(215, 'Taiwan', '+886', 0, 1, '2022-12-18 15:13:48', 1, NULL, NULL, NULL),
(216, 'Tajikistan', '+992', 0, 1, '2022-12-18 15:13:48', 1, NULL, NULL, NULL),
(217, 'Tanzania', '+255', 0, 1, '2022-12-18 15:13:48', 1, NULL, NULL, NULL),
(218, 'Thailand', '+66', 0, 1, '2022-12-18 15:13:48', 1, NULL, NULL, NULL),
(219, 'East Timor (Timor-Leste)', '+670', 0, 1, '2022-12-18 15:13:48', 1, NULL, NULL, NULL),
(220, 'Togo', '+228', 0, 1, '2022-12-18 15:13:48', 1, NULL, NULL, NULL),
(221, 'Tokelau', '+690', 0, 1, '2022-12-18 15:13:48', 1, NULL, NULL, NULL),
(222, 'Tonga', '+676', 0, 1, '2022-12-18 15:13:48', 1, NULL, NULL, NULL),
(223, 'Transnistria', '+373 2', 0, 1, '2022-12-18 15:13:48', 1, NULL, NULL, NULL),
(224, 'Trinidad and Tobago', '+1 868', 0, 1, '2022-12-18 15:13:48', 1, NULL, NULL, NULL),
(225, 'Tristan da Cunha', '+290 8', 0, 1, '2022-12-18 15:13:48', 1, NULL, NULL, NULL),
(226, 'Tunisia', '+216', 0, 1, '2022-12-18 15:13:48', 1, NULL, NULL, NULL),
(227, 'Turkey', '+90', 0, 1, '2022-12-18 15:13:48', 1, NULL, NULL, NULL),
(228, 'Turkmenistan', '+993', 0, 1, '2022-12-18 15:13:48', 1, NULL, NULL, NULL),
(229, 'Turks and Caicos Islands', '+1 649', 0, 1, '2022-12-18 15:13:48', 1, NULL, NULL, NULL),
(230, 'Tuvalu', '+688', 0, 1, '2022-12-18 15:13:48', 1, NULL, NULL, NULL),
(231, 'Uganda', '+256', 0, 1, '2022-12-18 15:13:48', 1, NULL, NULL, NULL),
(232, 'Ukraine', '+380', 0, 1, '2022-12-18 15:13:48', 1, NULL, NULL, NULL),
(233, 'United Arab Emirates', '+971', 0, 1, '2022-12-18 15:13:48', 1, NULL, NULL, NULL),
(234, 'Somalia', '+252', 0, 1, '2022-12-18 15:13:48', 1, NULL, NULL, NULL),
(235, 'United Kingdom', '+44', 0, 1, '2022-12-18 15:13:48', 1, NULL, NULL, NULL),
(236, 'United States', '+1', 0, 1, '2022-12-18 15:13:48', 1, NULL, NULL, NULL),
(237, 'Uruguay', '+598', 0, 1, '2022-12-18 15:13:48', 1, NULL, NULL, NULL),
(238, 'US Virgin Islands', '+1 340', 0, 1, '2022-12-18 15:13:48', 1, NULL, NULL, NULL),
(239, 'Uzbekistan', '+998', 0, 1, '2022-12-18 15:13:48', 1, NULL, NULL, NULL),
(240, 'Vanuatu', '+678', 0, 1, '2022-12-18 15:13:48', 1, NULL, NULL, NULL),
(241, 'Venezuela', '+58', 0, 1, '2022-12-18 15:13:48', 1, NULL, NULL, NULL),
(242, 'Vietnam', '+84', 0, 1, '2022-12-18 15:13:48', 1, NULL, NULL, NULL),
(243, 'Wallis and Futuna', '+681', 0, 1, '2022-12-18 15:13:48', 1, NULL, NULL, NULL),
(244, 'Yemen', '+967', 0, 1, '2022-12-18 15:13:48', 1, NULL, NULL, NULL),
(245, 'Zambia', '+260', 0, 1, '2022-12-18 15:13:48', 1, NULL, NULL, NULL),
(246, 'Zanzibar', '+255 24', 0, 1, '2022-12-18 15:13:48', 1, NULL, NULL, NULL),
(247, 'Zimbabwe', '+263', 0, 1, '2022-12-18 15:13:48', 1, NULL, NULL, NULL);

-- --------------------------------------------------------

--
-- Table structure for table `psx_products`
--

CREATE TABLE `psx_products` (
  `id` bigint(20) UNSIGNED NOT NULL,
  `title` varchar(255) COLLATE utf8mb4_unicode_ci NOT NULL,
  `description` text COLLATE utf8mb4_unicode_ci NOT NULL,
  `category_id` bigint(20) UNSIGNED NOT NULL,
  `user_id` bigint(20) UNSIGNED NOT NULL,
  `created_at` timestamp NULL DEFAULT NULL,
  `updated_at` timestamp NULL DEFAULT NULL
) ENGINE=InnoDB DEFAULT CHARSET=utf8mb4 COLLATE=utf8mb4_unicode_ci;

-- --------------------------------------------------------

--
-- Table structure for table `psx_product_infos`
--

CREATE TABLE `psx_product_infos` (
  `id` bigint(20) UNSIGNED NOT NULL,
  `product_id` bigint(20) UNSIGNED NOT NULL,
  `core_keys_id` varchar(255) COLLATE utf8mb4_unicode_ci NOT NULL,
  `value` varchar(255) COLLATE utf8mb4_unicode_ci DEFAULT NULL,
  `ui_type_id` varchar(255) COLLATE utf8mb4_unicode_ci NOT NULL,
  `created_at` timestamp NULL DEFAULT NULL,
  `updated_at` timestamp NULL DEFAULT NULL
) ENGINE=InnoDB DEFAULT CHARSET=utf8mb4 COLLATE=utf8mb4_unicode_ci;

-- --------------------------------------------------------

--
-- Table structure for table `psx_push_notification_messages`
--

CREATE TABLE `psx_push_notification_messages` (
  `id` bigint(20) UNSIGNED NOT NULL,
  `message` longtext COLLATE utf8mb4_unicode_ci NOT NULL,
  `description` longtext COLLATE utf8mb4_unicode_ci NOT NULL,
  `added_date` timestamp NOT NULL DEFAULT current_timestamp(),
  `added_user_id` bigint(20) UNSIGNED NOT NULL,
  `updated_date` timestamp NULL DEFAULT NULL ON UPDATE current_timestamp(),
  `updated_user_id` bigint(20) UNSIGNED DEFAULT NULL,
  `updated_flag` smallint(6) DEFAULT NULL
) ENGINE=InnoDB DEFAULT CHARSET=utf8mb4 COLLATE=utf8mb4_unicode_ci;

-- --------------------------------------------------------

--
-- Table structure for table `psx_push_notification_users`
--

CREATE TABLE `psx_push_notification_users` (
  `id` bigint(20) UNSIGNED NOT NULL,
  `noti_id` bigint(20) UNSIGNED NOT NULL,
  `user_id` bigint(20) UNSIGNED NOT NULL,
  `device_token` varchar(255) COLLATE utf8mb4_unicode_ci NOT NULL,
  `added_date` timestamp NOT NULL DEFAULT current_timestamp(),
  `added_user_id` bigint(20) UNSIGNED NOT NULL,
  `updated_date` timestamp NULL DEFAULT NULL ON UPDATE current_timestamp(),
  `updated_user_id` bigint(20) UNSIGNED DEFAULT NULL,
  `updated_flag` smallint(6) DEFAULT NULL,
  `created_at` timestamp NULL DEFAULT NULL,
  `updated_at` timestamp NULL DEFAULT NULL,
  `deleted_at` timestamp NULL DEFAULT NULL
) ENGINE=InnoDB DEFAULT CHARSET=utf8mb4 COLLATE=utf8mb4_unicode_ci;

-- --------------------------------------------------------

--
-- Table structure for table `psx_ratings`
--

CREATE TABLE `psx_ratings` (
  `id` bigint(20) UNSIGNED NOT NULL,
  `title` varchar(255) COLLATE utf8mb4_unicode_ci DEFAULT NULL,
  `description` varchar(255) COLLATE utf8mb4_unicode_ci DEFAULT NULL,
  `from_user_id` bigint(20) UNSIGNED NOT NULL,
  `to_user_id` bigint(20) UNSIGNED NOT NULL,
  `rating` double(8,2) NOT NULL,
  `transaction_header_id` bigint(20) UNSIGNED DEFAULT NULL,
  `shop_id` bigint(20) UNSIGNED DEFAULT NULL,
  `item_id` bigint(20) UNSIGNED DEFAULT NULL,
  `type` varchar(255) COLLATE utf8mb4_unicode_ci NOT NULL,
  `added_date` timestamp NOT NULL DEFAULT current_timestamp(),
  `added_user_id` bigint(20) UNSIGNED NOT NULL,
  `updated_date` timestamp NULL DEFAULT NULL ON UPDATE current_timestamp(),
  `updated_user_id` bigint(20) UNSIGNED DEFAULT NULL,
  `updated_flag` smallint(6) DEFAULT NULL
) ENGINE=InnoDB DEFAULT CHARSET=utf8mb4 COLLATE=utf8mb4_unicode_ci;

--
-- Dumping data for table `psx_ratings`
--

INSERT INTO `psx_ratings` (`id`, `title`, `description`, `from_user_id`, `to_user_id`, `rating`, `transaction_header_id`, `shop_id`, `item_id`, `type`, `added_date`, `added_user_id`, `updated_date`, `updated_user_id`, `updated_flag`) VALUES
(32, 'great', 'Great service', 1, 176, 4.00, NULL, NULL, NULL, 'user', '2024-04-09 11:42:47', 1, '2024-04-09 11:42:47', NULL, NULL),
(33, 'Rating', 'Good job', 1, 174, 4.00, NULL, NULL, NULL, 'user', '2024-04-09 11:45:44', 1, '2024-04-09 11:45:44', NULL, NULL),
(34, 'Give rating', 'Good job', 1, 172, 5.00, NULL, NULL, NULL, 'user', '2024-04-09 11:47:53', 1, '2024-04-09 11:47:53', NULL, NULL),
(35, 'Giving Review', 'Great service', 1, 175, 4.00, NULL, NULL, NULL, 'user', '2024-04-09 11:50:01', 1, '2024-04-09 11:50:01', NULL, NULL);

-- --------------------------------------------------------

--
-- Table structure for table `psx_reported_item_statuses`
--

CREATE TABLE `psx_reported_item_statuses` (
  `id` bigint(20) UNSIGNED NOT NULL,
  `title` varchar(255) COLLATE utf8mb4_unicode_ci NOT NULL,
  `added_date` timestamp NOT NULL DEFAULT current_timestamp(),
  `added_user_id` bigint(20) UNSIGNED NOT NULL,
  `updated_date` timestamp NULL DEFAULT NULL ON UPDATE current_timestamp(),
  `updated_user_id` bigint(20) UNSIGNED DEFAULT NULL,
  `updated_flag` smallint(6) DEFAULT NULL
) ENGINE=InnoDB DEFAULT CHARSET=utf8mb4 COLLATE=utf8mb4_unicode_ci;

--
-- Dumping data for table `psx_reported_item_statuses`
--

INSERT INTO `psx_reported_item_statuses` (`id`, `title`, `added_date`, `added_user_id`, `updated_date`, `updated_user_id`, `updated_flag`) VALUES
(1, 'Open', '2022-12-05 10:45:03', 1, NULL, NULL, NULL),
(2, 'Close', '2022-12-05 10:45:03', 1, NULL, NULL, NULL);

-- --------------------------------------------------------

--
-- Table structure for table `psx_roles`
--

CREATE TABLE `psx_roles` (
  `id` bigint(20) UNSIGNED NOT NULL,
  `name` varchar(255) COLLATE utf8mb4_unicode_ci NOT NULL,
  `description` text COLLATE utf8mb4_unicode_ci DEFAULT NULL,
  `status` tinyint(1) NOT NULL DEFAULT 1,
  `can_access_admin_panel` tinyint(4) NOT NULL DEFAULT 0,
  `added_date` timestamp NOT NULL DEFAULT current_timestamp(),
  `added_user_id` bigint(20) UNSIGNED NOT NULL,
  `updated_date` timestamp NULL DEFAULT NULL ON UPDATE current_timestamp(),
  `updated_user_id` bigint(20) UNSIGNED DEFAULT NULL,
  `updated_flag` smallint(6) DEFAULT NULL
) ENGINE=InnoDB DEFAULT CHARSET=utf8mb4 COLLATE=utf8mb4_unicode_ci;

--
-- Dumping data for table `psx_roles`
--

INSERT INTO `psx_roles` (`id`, `name`, `description`, `status`, `can_access_admin_panel`, `added_date`, `added_user_id`, `updated_date`, `updated_user_id`, `updated_flag`) VALUES
(1, 'Super Admin', NULL, 1, 1, '2022-12-28 14:07:57', 1, '2023-06-22 14:33:36', 1, NULL),
(2, 'Normal User', NULL, 1, 0, '2022-12-05 10:45:05', 1, '2023-06-22 15:51:11', 1, NULL),
(3, 'Deliboy', NULL, 1, 0, '2022-12-05 10:45:05', 1, NULL, NULL, NULL),
(4, 'General Manager', NULL, 1, 1, '2022-12-05 10:45:05', 1, '2023-11-17 13:13:27', 1, NULL),
(5, 'HR Manager', NULL, 1, 0, '2022-12-05 10:45:05', 1, NULL, NULL, NULL),
(6, 'Sale Manager', NULL, 1, 0, '2022-12-05 10:45:05', 1, NULL, NULL, NULL),
(7, 'Staff', NULL, 1, 0, '2022-12-05 10:45:05', 1, NULL, NULL, NULL);

-- --------------------------------------------------------

--
-- Table structure for table `psx_role_permissions`
--

CREATE TABLE `psx_role_permissions` (
  `id` bigint(20) UNSIGNED NOT NULL,
  `role_id` bigint(20) UNSIGNED NOT NULL,
  `module_id` bigint(20) UNSIGNED NOT NULL,
  `permission_id` varchar(255) COLLATE utf8mb4_unicode_ci NOT NULL,
  `added_date` timestamp NOT NULL DEFAULT current_timestamp(),
  `added_user_id` bigint(20) UNSIGNED NOT NULL,
  `updated_date` timestamp NULL DEFAULT NULL ON UPDATE current_timestamp(),
  `updated_user_id` bigint(20) UNSIGNED DEFAULT NULL,
  `updated_flag` smallint(6) DEFAULT NULL
) ENGINE=InnoDB DEFAULT CHARSET=utf8mb4 COLLATE=utf8mb4_unicode_ci;

--
-- Dumping data for table `psx_role_permissions`
--

INSERT INTO `psx_role_permissions` (`id`, `role_id`, `module_id`, `permission_id`, `added_date`, `added_user_id`, `updated_date`, `updated_user_id`, `updated_flag`) VALUES
(1415, 1, 1, '1,2,3,4', '2023-06-30 10:31:21', 1, '2023-06-30 10:31:21', NULL, NULL),
(1416, 1, 2, '1,2,3,4', '2023-06-30 10:31:21', 1, '2023-06-30 10:31:21', NULL, NULL),
(1417, 1, 3, '1,2,3,4', '2023-06-30 10:31:21', 1, '2023-06-30 10:31:21', NULL, NULL),
(1418, 1, 4, '1,2,3,4', '2023-06-30 10:31:21', 1, '2023-06-30 10:31:21', NULL, NULL),
(1419, 1, 5, '1,2,3,4', '2023-06-30 10:31:21', 1, '2023-06-30 10:31:21', NULL, NULL),
(1420, 1, 6, '1,2,3,4', '2023-06-30 10:31:21', 1, '2023-06-30 10:31:21', NULL, NULL),
(1421, 1, 7, '1,2,3,4', '2023-06-30 10:31:21', 1, '2023-06-30 10:31:21', NULL, NULL),
(1422, 1, 8, '1,2,3,4', '2023-06-30 10:31:21', 1, '2023-06-30 10:31:21', NULL, NULL),
(1423, 1, 9, '1,2,3,4', '2023-06-30 10:31:21', 1, '2023-06-30 10:31:21', NULL, NULL),
(1424, 1, 10, '1,2,3,4', '2023-06-30 10:31:21', 1, '2023-06-30 10:31:21', NULL, NULL),
(1425, 1, 11, '1,2,3,4', '2023-06-30 10:31:21', 1, '2023-06-30 10:31:21', NULL, NULL),
(1426, 1, 12, '1,2,3,4', '2023-06-30 10:31:21', 1, '2023-06-30 10:31:21', NULL, NULL),
(1427, 1, 14, '1,2,3,4', '2023-06-30 10:31:21', 1, '2023-06-30 10:31:21', NULL, NULL),
(1428, 1, 15, '1,2,3,4', '2023-06-30 10:31:21', 1, '2023-06-30 10:31:21', NULL, NULL),
(1429, 1, 16, '1,2,3,4', '2023-06-30 10:31:21', 1, '2023-06-30 10:31:21', NULL, NULL),
(1430, 1, 17, '1,2,3,4', '2023-06-30 10:31:21', 1, '2023-06-30 10:31:21', NULL, NULL),
(1431, 1, 18, '1,2,3,4', '2023-06-30 10:31:21', 1, '2023-06-30 10:31:21', NULL, NULL),
(1432, 1, 19, '1,2,3,4', '2023-06-30 10:31:21', 1, '2023-06-30 10:31:21', NULL, NULL),
(1433, 1, 20, '1,2,3,4', '2023-06-30 10:31:21', 1, '2023-06-30 10:31:21', NULL, NULL),
(1434, 1, 21, '1,2,3,4', '2023-06-30 10:31:21', 1, '2023-06-30 10:31:21', NULL, NULL),
(1435, 1, 22, '1,2,3,4', '2023-06-30 10:31:21', 1, '2023-06-30 10:31:21', NULL, NULL),
(1436, 1, 23, '1,2,3,4', '2023-06-30 10:31:21', 1, '2023-06-30 10:31:21', NULL, NULL),
(1437, 1, 24, '1,2,3,4', '2023-06-30 10:31:21', 1, '2023-06-30 10:31:21', NULL, NULL),
(1438, 1, 25, '1,2,3,4', '2023-06-30 10:31:21', 1, '2023-06-30 10:31:21', NULL, NULL),
(1439, 1, 26, '1,2,3,4', '2023-06-30 10:31:21', 1, '2023-06-30 10:31:21', NULL, NULL),
(1440, 1, 27, '1,2,3,4', '2023-06-30 10:31:21', 1, '2023-06-30 10:31:21', NULL, NULL),
(1441, 1, 28, '1,2,3,4', '2023-06-30 10:31:21', 1, '2023-06-30 10:31:21', NULL, NULL),
(1442, 1, 29, '1,2,3,4', '2023-06-30 10:31:21', 1, '2023-06-30 10:31:21', NULL, NULL),
(1443, 1, 30, '1,2,3,4', '2023-06-30 10:31:21', 1, '2023-06-30 10:31:21', NULL, NULL),
(1444, 1, 31, '1,2,3,4', '2023-06-30 10:31:21', 1, '2023-06-30 10:31:21', NULL, NULL),
(1445, 1, 32, '1,2,3,4', '2023-06-30 10:31:21', 1, '2023-06-30 10:31:21', NULL, NULL),
(1446, 1, 33, '1,2,3,4', '2023-06-30 10:31:21', 1, '2023-06-30 10:31:21', NULL, NULL),
(1447, 1, 34, '1,2,3,4', '2023-06-30 10:31:21', 1, '2023-06-30 10:31:21', NULL, NULL),
(1448, 1, 35, '1,2,3,4', '2023-06-30 10:31:21', 1, '2023-06-30 10:31:21', NULL, NULL),
(1449, 1, 36, '1,2,3,4', '2023-06-30 10:31:21', 1, '2023-06-30 10:31:21', NULL, NULL),
(1450, 1, 37, '1,2,3,4', '2023-06-30 10:31:21', 1, '2023-06-30 10:31:21', NULL, NULL),
(1451, 1, 38, '1,2,3,4', '2023-06-30 10:31:21', 1, '2023-06-30 10:31:21', NULL, NULL),
(1452, 1, 39, '1,2,3,4', '2023-06-30 10:31:21', 1, '2023-06-30 10:31:21', NULL, NULL),
(1453, 1, 40, '1,2,3,4', '2023-06-30 10:31:21', 1, '2023-06-30 10:31:21', NULL, NULL),
(1454, 1, 41, '1,2,3,4', '2023-06-30 10:31:21', 1, '2023-06-30 10:31:21', NULL, NULL),
(1455, 1, 42, '1,2,3,4', '2023-06-30 10:31:21', 1, '2023-06-30 10:31:21', NULL, NULL),
(1456, 1, 43, '1,2,3,4', '2023-06-30 10:31:21', 1, '2023-06-30 10:31:21', NULL, NULL),
(1457, 1, 44, '1,2,3,4', '2023-06-30 10:31:21', 1, '2023-06-30 10:31:21', NULL, NULL),
(1458, 1, 45, '1,2,3,4', '2023-06-30 10:31:21', 1, '2023-06-30 10:31:21', NULL, NULL),
(1459, 1, 46, '1,2,3,4', '2023-06-30 10:31:21', 1, '2023-06-30 10:31:21', NULL, NULL),
(1460, 1, 47, '1,2,3,4', '2023-06-30 10:31:21', 1, '2023-06-30 10:31:21', NULL, NULL),
(1461, 1, 48, '1,2,3,4', '2023-06-30 10:31:21', 1, '2023-06-30 10:31:21', NULL, NULL),
(1462, 1, 49, '1,2,3,4', '2023-06-30 10:31:21', 1, '2023-06-30 10:31:21', NULL, NULL),
(1463, 1, 50, '1,2,3,4', '2023-06-30 10:31:21', 1, '2023-06-30 10:31:21', NULL, NULL),
(1464, 1, 51, '1,2,3,4', '2023-06-30 10:31:21', 1, '2023-06-30 10:31:21', NULL, NULL),
(1465, 1, 52, '1,2,3,4', '2023-06-30 10:31:21', 1, '2023-06-30 10:31:21', NULL, NULL),
(1466, 1, 53, '1,2,3,4', '2023-06-30 10:31:21', 1, '2023-06-30 10:31:21', NULL, NULL),
(1467, 1, 54, '1,2,3,4', '2023-06-30 10:31:22', 1, '2023-06-30 10:31:22', NULL, NULL),
(1468, 1, 55, '1,2,3,4', '2023-06-30 10:31:22', 1, '2023-06-30 10:31:22', NULL, NULL),
(1469, 1, 56, '1,2,3,4', '2023-06-30 10:31:22', 1, '2023-06-30 10:31:22', NULL, NULL),
(1470, 1, 57, '1,2,3,4', '2023-06-30 10:31:22', 1, '2023-06-30 10:31:22', NULL, NULL),
(1471, 1, 58, '1,2,3,4', '2023-06-30 10:31:22', 1, '2023-06-30 10:31:22', NULL, NULL),
(1472, 1, 59, '1,2,3,4', '2023-06-30 10:31:22', 1, '2023-06-30 10:31:22', NULL, NULL),
(1473, 1, 60, '1,2,3,4', '2023-06-30 10:31:22', 1, '2023-06-30 10:31:22', NULL, NULL),
(1474, 1, 61, '1,2,3,4', '2023-06-30 10:31:22', 1, '2023-06-30 10:31:22', NULL, NULL),
(1475, 1, 62, '1,2,3,4', '2023-06-30 10:31:22', 1, '2023-06-30 10:31:22', NULL, NULL),
(1476, 1, 63, '1,2,3,4', '2023-06-30 10:31:22', 1, '2023-06-30 10:31:22', NULL, NULL),
(1477, 1, 64, '1,2,3,4', '2023-06-30 10:31:22', 1, '2023-06-30 10:31:22', NULL, NULL),
(1478, 1, 65, '1,2,3,4', '2023-06-30 10:31:22', 1, '2023-06-30 10:31:22', NULL, NULL),
(1479, 1, 66, '1,2,3,4', '2023-06-30 10:31:22', 1, '2023-06-30 10:31:22', NULL, NULL),
(1480, 1, 67, '1,2,3,4', '2023-06-30 10:31:22', 1, '2023-06-30 10:31:22', NULL, NULL),
(1481, 1, 68, '1,2,3,4', '2023-06-30 10:31:22', 1, '2023-06-30 10:31:22', NULL, NULL),
(1482, 1, 69, '1,2,3,4', '2023-06-30 10:31:22', 1, '2023-06-30 10:31:22', NULL, NULL),
(1483, 1, 70, '1,2,3,4', '2023-06-30 10:31:22', 1, '2023-06-30 10:31:22', NULL, NULL),
(1484, 1, 71, '1,2,3,4', '2023-06-30 10:31:22', 1, '2023-06-30 10:31:22', NULL, NULL),
(1485, 1, 72, '1,2,3,4', '2023-06-30 10:31:22', 1, '2023-06-30 10:31:22', NULL, NULL),
(1486, 1, 73, '1,2,3,4', '2023-06-30 10:31:22', 1, '2023-06-30 10:31:22', NULL, NULL),
(1487, 1, 74, '1,2,3,4', '2023-09-27 04:07:47', 1, '2023-09-27 04:07:47', NULL, NULL),
(1488, 1, 75, '1,2,3,4', '2023-12-21 19:50:12', 1, '2023-12-21 19:50:12', NULL, NULL),
(1489, 1, 76, '1,2,3,4', '2023-12-21 19:50:12', 1, '2023-12-21 19:50:12', NULL, NULL),
(1490, 1, 77, '1,2,3,4', '2023-12-21 19:50:12', 1, '2023-12-21 19:50:12', NULL, NULL),
(1491, 1, 78, '1,2,3,4', '2023-12-21 19:50:12', 1, '2023-12-21 19:50:12', NULL, NULL),
(1492, 1, 79, '1,2,3,4', '2023-12-21 19:50:12', 1, '2023-12-21 19:50:12', NULL, NULL),
(1493, 1, 80, '1,2,3,4', '2023-12-21 19:50:12', 1, '2023-12-21 19:50:12', NULL, NULL),
(1494, 1, 81, '1,2,3,4', '2023-12-21 19:50:12', 1, '2023-12-21 19:50:12', NULL, NULL),
(1495, 1, 82, '1,2,3,4', '2023-12-21 19:50:12', 1, '2023-12-21 19:50:12', NULL, NULL),
(1496, 1, 83, '1,2,3,4', '2023-12-21 19:50:13', 1, '2023-12-21 19:50:13', NULL, NULL),
(1497, 1, 84, '1,2,3,4', '2023-12-21 19:50:13', 1, '2023-12-21 19:50:13', NULL, NULL),
(1498, 1, 85, '1,2,3,4', '2023-12-21 19:50:13', 1, '2023-12-21 19:50:13', NULL, NULL),
(1499, 1, 86, '1,2,3,4', '2024-01-17 10:47:52', 1, '2024-01-17 10:47:52', NULL, NULL),
(1500, 1, 87, '1,2,3,4', '2024-01-17 10:47:52', 1, '2024-01-17 10:47:52', NULL, NULL),
(1501, 1, 88, '1,2,3,4', '2024-05-18 18:37:40', 1, '2024-05-18 18:37:40', NULL, NULL);

-- --------------------------------------------------------

--
-- Table structure for table `psx_search_histories`
--

CREATE TABLE `psx_search_histories` (
  `id` bigint(20) UNSIGNED NOT NULL,
  `keyword` varchar(255) COLLATE utf8mb4_unicode_ci NOT NULL,
  `user_id` bigint(20) UNSIGNED NOT NULL,
  `type` varchar(255) COLLATE utf8mb4_unicode_ci NOT NULL,
  `is_home_page_search` tinyint(4) NOT NULL DEFAULT 0,
  `added_date` timestamp NOT NULL DEFAULT current_timestamp(),
  `added_user_id` bigint(20) UNSIGNED NOT NULL,
  `updated_date` timestamp NULL DEFAULT NULL ON UPDATE current_timestamp(),
  `updated_user_id` bigint(20) UNSIGNED DEFAULT NULL,
  `updated_flag` smallint(6) DEFAULT NULL
) ENGINE=InnoDB DEFAULT CHARSET=utf8mb4 COLLATE=utf8mb4_unicode_ci;

--
-- Dumping data for table `psx_search_histories`
--

INSERT INTO `psx_search_histories` (`id`, `keyword`, `user_id`, `type`, `is_home_page_search`, `added_date`, `added_user_id`, `updated_date`, `updated_user_id`, `updated_flag`) VALUES
(549, 'Whitehouse', 173, 'item', 0, '2024-03-13 14:51:19', 173, '2024-03-13 14:51:19', NULL, NULL),
(550, 'Trope park', 1, 'all', 1, '2024-03-14 12:47:10', 1, '2024-03-14 12:47:10', NULL, NULL),
(551, 'Trope park', 1, 'all', 1, '2024-03-14 12:47:10', 1, '2024-03-14 12:47:10', NULL, NULL),
(552, 'maha', 1, 'item', 0, '2024-03-18 14:13:38', 1, '2024-03-18 14:13:38', NULL, NULL),
(553, 'maha', 1, 'all', 1, '2024-03-18 14:22:58', 1, '2024-03-18 14:22:58', NULL, NULL),
(554, 'gogo', 1, 'item', 0, '2024-03-18 14:28:01', 1, '2024-03-18 14:28:01', NULL, NULL),
(555, 'fly boy', 1, 'all', 1, '2024-03-18 14:31:12', 1, '2024-03-18 14:31:12', NULL, NULL),
(556, 'fly', 1, 'all', 1, '2024-03-18 14:31:18', 1, '2024-03-18 14:31:18', NULL, NULL),
(557, 'gervernor', 1, 'all', 1, '2024-03-18 14:32:34', 1, '2024-03-18 14:32:34', NULL, NULL),
(558, 'gevernor', 1, 'all', 1, '2024-03-18 14:32:37', 1, '2024-03-18 14:32:37', NULL, NULL),
(559, 'gervenor', 1, 'all', 1, '2024-03-18 14:32:40', 1, '2024-03-18 14:32:40', NULL, NULL),
(560, 'governor', 1, 'all', 1, '2024-03-18 14:32:59', 1, '2024-03-18 14:32:59', NULL, NULL),
(561, 'equin', 1, 'all', 1, '2024-03-18 14:34:31', 1, '2024-03-18 14:34:31', NULL, NULL),
(562, 'cave', 1, 'all', 1, '2024-03-18 14:35:54', 1, '2024-03-18 14:35:54', NULL, NULL),
(563, 'zeya', 1, 'all', 1, '2024-03-18 15:02:19', 1, '2024-03-18 15:02:19', NULL, NULL),
(564, 'timbre', 1, 'all', 1, '2024-03-18 15:19:25', 1, '2024-03-18 15:19:25', NULL, NULL),
(565, 'apex', 1, 'all', 1, '2024-03-18 15:31:49', 1, '2024-03-18 15:31:49', NULL, NULL),
(566, 'serenity', 1, 'all', 1, '2024-03-18 15:36:20', 1, '2024-03-18 15:36:20', NULL, NULL),
(567, 'grappa', 1, 'all', 1, '2024-03-18 15:40:48', 1, '2024-03-18 15:40:48', NULL, NULL),
(568, 'coastal', 1, 'all', 1, '2024-03-18 15:50:18', 1, '2024-03-18 15:50:18', NULL, NULL),
(569, 'balance', 1, 'all', 1, '2024-03-18 15:53:56', 1, '2024-03-18 15:53:56', NULL, NULL),
(570, 'la', 1, 'all', 1, '2024-03-18 16:22:15', 1, '2024-03-18 16:22:15', NULL, NULL),
(571, 'la grand', 1, 'all', 1, '2024-03-18 16:22:25', 1, '2024-03-18 16:22:25', NULL, NULL),
(572, 'up at', 1, 'all', 1, '2024-03-18 16:46:20', 1, '2024-03-18 16:46:20', NULL, NULL),
(573, 'tiong', 1, 'all', 1, '2024-03-18 16:50:28', 1, '2024-03-18 16:50:28', NULL, NULL),
(574, 'sentosa', 1, 'all', 1, '2024-03-18 16:53:04', 1, '2024-03-18 16:53:04', NULL, NULL),
(575, 'avenue', 1, 'all', 1, '2024-03-18 17:02:28', 1, '2024-03-18 17:02:28', NULL, NULL),
(576, 'avenue singapore', 1, 'all', 1, '2024-03-18 17:02:35', 1, '2024-03-18 17:02:35', NULL, NULL),
(577, 'holiday inn', 1, 'all', 1, '2024-03-18 17:03:18', 1, '2024-03-18 17:03:18', NULL, NULL),
(578, 'Shop', 1, 'category', 0, '2024-03-18 17:08:47', 1, '2024-03-18 17:08:47', NULL, NULL),
(579, 'shopping', 1, 'category', 0, '2024-03-18 17:09:03', 1, '2024-03-18 17:09:03', NULL, NULL),
(580, 'gold', 1, 'all', 1, '2024-03-18 17:10:12', 1, '2024-03-18 17:10:12', NULL, NULL),
(581, 'gold\'s', 1, 'all', 1, '2024-03-18 17:10:22', 1, '2024-03-18 17:10:22', NULL, NULL),
(582, 'paintball', 1, 'all', 1, '2024-03-18 17:12:40', 1, '2024-03-18 17:12:40', NULL, NULL),
(583, 'singapore', 1, 'all', 1, '2024-03-18 17:32:56', 1, '2024-03-18 17:32:56', NULL, NULL),
(584, 'singapore flyer', 1, 'all', 1, '2024-03-18 17:33:00', 1, '2024-03-18 17:33:00', NULL, NULL),
(585, 'smorg', 1, 'all', 1, '2024-03-18 17:34:54', 1, '2024-03-18 17:34:54', NULL, NULL),
(586, 'boro', 1, 'all', 1, '2024-03-18 17:44:17', 1, '2024-03-18 17:44:17', NULL, NULL),
(587, 'china town', 1, 'all', 1, '2024-03-18 17:45:13', 1, '2024-03-18 17:45:13', NULL, NULL),
(588, 'chinatown', 1, 'all', 1, '2024-03-18 17:45:17', 1, '2024-03-18 17:45:17', NULL, NULL),
(589, 'as', 1, 'category', 0, '2024-03-19 11:44:51', 1, '2024-03-19 11:44:51', NULL, NULL),
(590, 'as', 1, 'category', 0, '2024-03-19 11:44:54', 1, '2024-03-19 11:44:54', NULL, NULL),
(591, 'f', 1, 'category', 0, '2024-03-19 12:22:13', 1, '2024-03-19 12:22:13', NULL, NULL),
(592, 'p', 1, 'category', 0, '2024-03-19 12:22:18', 1, '2024-03-19 12:22:18', NULL, NULL),
(593, 'p', 1, 'category', 0, '2024-03-19 12:22:29', 1, '2024-03-19 12:22:29', NULL, NULL),
(594, 'p', 1, 'category', 0, '2024-03-19 12:22:35', 1, '2024-03-19 12:22:35', NULL, NULL),
(595, 'f', 1, 'sub-category', 0, '2024-03-19 14:51:14', 1, '2024-03-19 14:51:14', NULL, NULL),
(596, 'po', 1, 'item', 0, '2024-03-19 15:37:45', 1, '2024-03-19 15:37:45', NULL, NULL),
(597, 'po', 1, 'item', 0, '2024-03-19 16:15:39', 1, '2024-03-19 16:15:39', NULL, NULL),
(598, 'Admin', 173, 'user', 1, '2024-03-25 16:30:31', 173, '2024-03-25 16:30:31', NULL, NULL),
(599, 'hotel', 1, 'item', 0, '2024-03-26 18:24:48', 1, '2024-03-26 18:24:48', NULL, NULL),
(600, 'hotel', 1, 'item', 0, '2024-03-26 18:26:35', 1, '2024-03-26 18:26:35', NULL, NULL),
(601, 'sky bar', 1, 'all', 1, '2024-03-28 12:44:33', 1, '2024-03-28 12:44:33', NULL, NULL),
(602, 'zoo', 1, 'all', 1, '2024-03-28 12:45:23', 1, '2024-03-28 12:45:23', NULL, NULL),
(603, 'zoo', 1, 'all', 1, '2024-03-28 12:45:30', 1, '2024-03-28 12:45:30', NULL, NULL),
(604, 'sere', 1, 'item', 1, '2024-03-28 12:46:15', 1, '2024-03-28 12:46:15', NULL, NULL),
(605, 'uqoocb', 0, 'item', 0, '2024-04-08 17:11:19', 0, '2024-04-08 17:11:19', NULL, NULL),
(606, 'yoncpo', 0, 'item', 0, '2024-04-08 17:12:11', 0, '2024-04-08 17:12:11', NULL, NULL),
(607, 'shwe', 1, 'item', 0, '2024-04-09 10:53:36', 1, '2024-04-09 10:53:36', NULL, NULL),
(608, 'shwe', 1, 'item', 0, '2024-04-09 11:19:45', 1, '2024-04-09 11:19:45', NULL, NULL),
(609, 'a', 1, 'item', 0, '2024-04-09 12:29:07', 1, '2024-04-09 12:29:07', NULL, NULL),
(610, 'a', 1, 'item', 0, '2024-04-09 12:29:16', 1, '2024-04-09 12:29:16', NULL, NULL),
(611, 'Singapore', 1, 'item', 0, '2024-04-09 12:29:32', 1, '2024-04-09 12:29:32', NULL, NULL),
(612, 'test', 1, 'item', 0, '2024-04-09 13:15:10', 1, '2024-04-09 13:15:10', NULL, NULL),
(613, 'ae', 1, 'item', 0, '2024-04-09 14:07:44', 1, '2024-04-09 14:07:44', NULL, NULL),
(614, 'ae', 1, 'item', 0, '2024-04-09 14:07:55', 1, '2024-04-09 14:07:55', NULL, NULL),
(615, 'o', 1, 'item', 0, '2024-04-09 14:08:09', 1, '2024-04-09 14:08:09', NULL, NULL),
(616, 'o', 1, 'item', 0, '2024-04-09 14:08:47', 1, '2024-04-09 14:08:47', NULL, NULL),
(617, 'o', 1, 'item', 0, '2024-04-09 14:08:56', 1, '2024-04-09 14:08:56', NULL, NULL),
(618, 'o', 1, 'item', 0, '2024-04-09 14:09:10', 1, '2024-04-09 14:09:10', NULL, NULL),
(619, 'Yangon', 1, 'item', 0, '2024-04-09 14:09:17', 1, '2024-04-09 14:09:17', NULL, NULL),
(620, 'Yangon', 1, 'item', 0, '2024-04-09 14:09:36', 1, '2024-04-09 14:09:36', NULL, NULL),
(621, 'Yangon', 1, 'item', 0, '2024-04-09 14:09:41', 1, '2024-04-09 14:09:41', NULL, NULL),
(622, 'delight', 181, 'sub-category', 0, '2024-04-09 14:24:06', 181, '2024-04-09 14:24:06', NULL, NULL),
(623, 'local', 181, 'sub-category', 0, '2024-04-09 14:26:23', 181, '2024-04-09 14:26:23', NULL, NULL),
(624, 'power ranger', 181, 'sub-category', 0, '2024-04-09 14:30:37', 181, '2024-04-09 14:30:37', NULL, NULL),
(625, 'Will', 1, 'user', 1, '2024-04-10 10:14:33', 1, '2024-04-10 10:14:33', NULL, NULL),
(626, 'Singapore', 1, 'item', 1, '2024-04-10 10:22:11', 1, '2024-04-10 10:22:11', NULL, NULL),
(627, 'Singapore', 1, 'item', 1, '2024-04-10 10:22:18', 1, '2024-04-10 10:22:18', NULL, NULL);

-- --------------------------------------------------------

--
-- Table structure for table `psx_selected_theme`
--

CREATE TABLE `psx_selected_theme` (
  `id` bigint(20) UNSIGNED NOT NULL,
  `theme_id` bigint(20) UNSIGNED NOT NULL,
  `theme_name` varchar(255) COLLATE utf8mb4_unicode_ci NOT NULL,
  `project_id` bigint(20) UNSIGNED NOT NULL,
  `added_date` timestamp NOT NULL DEFAULT current_timestamp() ON UPDATE current_timestamp(),
  `added_user_id` bigint(20) UNSIGNED NOT NULL,
  `updated_date` timestamp NULL DEFAULT NULL,
  `updated_user_id` bigint(20) UNSIGNED DEFAULT NULL,
  `updated_flag` smallint(6) DEFAULT NULL
) ENGINE=InnoDB DEFAULT CHARSET=utf8mb4 COLLATE=utf8mb4_unicode_ci;

-- --------------------------------------------------------

--
-- Table structure for table `psx_settings`
--

CREATE TABLE `psx_settings` (
  `id` bigint(20) UNSIGNED NOT NULL,
  `setting_env` varchar(255) COLLATE utf8mb4_unicode_ci NOT NULL,
  `setting` longtext CHARACTER SET utf8mb4 COLLATE utf8mb4_bin DEFAULT NULL,
  `ref_selection` longtext CHARACTER SET utf8mb4 COLLATE utf8mb4_bin DEFAULT NULL,
  `created_at` timestamp NULL DEFAULT NULL,
  `updated_at` timestamp NULL DEFAULT NULL
) ENGINE=InnoDB DEFAULT CHARSET=utf8mb4 COLLATE=utf8mb4_unicode_ci;

--
-- Dumping data for table `psx_settings`
--

INSERT INTO `psx_settings` (`id`, `setting_env`, `setting`, `ref_selection`, `created_at`, `updated_at`) VALUES
(1, 'system_config', '{\"selected_price_type\":{\"id\":\"PRICE_RANGE\"},\"selected_chat_data\":{\"id\":\"CHAT_AND_APPOINTMENT\"},\"soldout_feature_setting\":\"0\",\"hide_price_setting\":\"0\"}', '{\"price_type\":{\"price_selections\":[{\"id\":\"NORMAL_PRICE\",\"value\":\"Normal Price with currency\"},{\"id\":\"NO_PRICE\",\"value\":\"No Price\"},{\"id\":\"PRICE_RANGE\",\"value\":\"Price Range ( $, $$, $$$, $$$$, $$$$$ )\"}]},\"item_chat_type\":{\"item_chat_selections\":[{\"id\":\"CHAT_AND_OFFER\",\"value\":\"Chat & Make Offer\"},{\"id\":\"CHAT_ONLY\",\"value\":\"Chat Only\"},{\"id\":\"CHAT_AND_APPOINTMENT\",\"value\":\"Chat & Appointment\"},{\"id\":\"NO_CHAT\",\"value\":\"No Chat\"}]},\"item_price_range\":{\"item_price_range_selections\":[{\"id\":\"1\",\"value\":\"$\"},{\"id\":\"2\",\"value\":\"$$\"},{\"id\":\"3\",\"value\":\"$$$\"},{\"id\":\"4\",\"value\":\"$$$$\"},{\"id\":\"5\",\"value\":\"$$$$$\"}]}}', '2023-10-17 18:20:09', '2024-05-18 18:37:40'),
(2, 'vendor_subscription_config', '{\"subscription_plan\":[{\"id\":\"SUBSCRIPTION_PLANS\"}],\"notic_days\":\"7\",\"vendor_checkout_setting\":\"0\"}', '{\"subscription_plans\":[{\"id\":\"FREE\",\"value\":\"Free\"},{\"id\":\"SUBSCRIPTION_PLANS\",\"value\":\"Subscription Plans\"}]}', '2024-01-17 10:47:52', '2024-04-09 09:51:38');

-- --------------------------------------------------------

--
-- Table structure for table `psx_shippings`
--

CREATE TABLE `psx_shippings` (
  `id` bigint(20) UNSIGNED NOT NULL,
  `shop_id` bigint(20) UNSIGNED NOT NULL,
  `price` double(8,2) NOT NULL,
  `name` varchar(255) COLLATE utf8mb4_unicode_ci NOT NULL,
  `days` varchar(255) COLLATE utf8mb4_unicode_ci DEFAULT NULL,
  `status` tinyint(1) NOT NULL DEFAULT 1,
  `added_date` timestamp NOT NULL DEFAULT current_timestamp(),
  `added_user_id` bigint(20) UNSIGNED NOT NULL,
  `updated_date` timestamp NULL DEFAULT NULL ON UPDATE current_timestamp(),
  `updated_user_id` bigint(20) UNSIGNED DEFAULT NULL,
  `updated_flag` smallint(6) DEFAULT NULL
) ENGINE=InnoDB DEFAULT CHARSET=utf8mb4 COLLATE=utf8mb4_unicode_ci;

-- --------------------------------------------------------

--
-- Table structure for table `psx_shipping_and_billings`
--

CREATE TABLE `psx_shipping_and_billings` (
  `id` bigint(20) UNSIGNED NOT NULL,
  `order_id` bigint(20) UNSIGNED NOT NULL,
  `shipping_and_billing_date` timestamp NOT NULL DEFAULT current_timestamp() ON UPDATE current_timestamp(),
  `shipping_first_name` varchar(255) COLLATE utf8mb4_unicode_ci NOT NULL,
  `shipping_last_name` varchar(255) COLLATE utf8mb4_unicode_ci NOT NULL,
  `shipping_email` varchar(255) COLLATE utf8mb4_unicode_ci NOT NULL,
  `shipping_phone_no` varchar(255) COLLATE utf8mb4_unicode_ci NOT NULL,
  `shipping_address` varchar(255) COLLATE utf8mb4_unicode_ci NOT NULL,
  `shipping_country` varchar(255) COLLATE utf8mb4_unicode_ci NOT NULL,
  `shipping_state` varchar(255) COLLATE utf8mb4_unicode_ci NOT NULL,
  `shipping_city` varchar(255) COLLATE utf8mb4_unicode_ci NOT NULL,
  `shipping_postal_code` varchar(255) COLLATE utf8mb4_unicode_ci NOT NULL,
  `is_save_shipping_info_for_next_time` tinyint(4) NOT NULL DEFAULT 0,
  `billing_first_name` varchar(255) COLLATE utf8mb4_unicode_ci NOT NULL,
  `billing_last_name` varchar(255) COLLATE utf8mb4_unicode_ci NOT NULL,
  `billing_email` varchar(255) COLLATE utf8mb4_unicode_ci NOT NULL,
  `billing_phone_no` varchar(255) COLLATE utf8mb4_unicode_ci NOT NULL,
  `billing_address` varchar(255) COLLATE utf8mb4_unicode_ci NOT NULL,
  `billing_country` varchar(255) COLLATE utf8mb4_unicode_ci NOT NULL,
  `billing_state` varchar(255) COLLATE utf8mb4_unicode_ci NOT NULL,
  `billing_city` varchar(255) COLLATE utf8mb4_unicode_ci NOT NULL,
  `billing_postal_code` varchar(255) COLLATE utf8mb4_unicode_ci NOT NULL,
  `is_save_billing_info_for_next_time` tinyint(4) NOT NULL DEFAULT 0,
  `added_date` timestamp NOT NULL DEFAULT '0000-00-00 00:00:00',
  `added_user_id` bigint(20) UNSIGNED NOT NULL,
  `updated_date` timestamp NULL DEFAULT NULL,
  `updated_user_id` bigint(20) UNSIGNED DEFAULT NULL,
  `updated_flag` smallint(6) DEFAULT NULL
) ENGINE=InnoDB DEFAULT CHARSET=utf8mb4 COLLATE=utf8mb4_unicode_ci;

--
-- Dumping data for table `psx_shipping_and_billings`
--

INSERT INTO `psx_shipping_and_billings` (`id`, `order_id`, `shipping_and_billing_date`, `shipping_first_name`, `shipping_last_name`, `shipping_email`, `shipping_phone_no`, `shipping_address`, `shipping_country`, `shipping_state`, `shipping_city`, `shipping_postal_code`, `is_save_shipping_info_for_next_time`, `billing_first_name`, `billing_last_name`, `billing_email`, `billing_phone_no`, `billing_address`, `billing_country`, `billing_state`, `billing_city`, `billing_postal_code`, `is_save_billing_info_for_next_time`, `added_date`, `added_user_id`, `updated_date`, `updated_user_id`, `updated_flag`) VALUES
(1, 1, '0000-00-00 00:00:00', 'Rana', 'azhar', 'ranaazha786@gmail.com', '+9203226498874', 'e95/3', 'Pakistan', 'Punjab', 'Lahore', '54000', 0, 'rana', 'azhar', 'ranaazha786@gmail.com', '03226498874', 'e95', 'Pakistan', 'Punjab', 'Lahore', '54000', 0, '2024-02-21 17:46:30', 170, '2024-02-21 17:46:30', NULL, NULL),
(2, 2, '0000-00-00 00:00:00', 'Rana', 'azhar', 'ranaazha786@gmail.com', '+9203226498874', 'e95/3', 'Pakistan', 'Punjab', 'Lahore', '54000', 0, 'rana', 'azhar', 'ranaazha786@gmail.com', '03226498874', 'e95', 'Pakistan', 'Punjab', 'Lahore', '54000', 0, '2024-02-21 17:46:38', 170, '2024-02-21 17:46:38', NULL, NULL),
(3, 3, '0000-00-00 00:00:00', 'Rana', 'azhar', 'ranaazha786@gmail.com', '+9203226498874', 'e95/3', 'Pakistan', 'Punjab', 'Lahore', '54000', 0, 'rana', 'azhar', 'ranaazha786@gmail.com', '03226498874', 'e95', 'Pakistan', 'Punjab', 'Lahore', '54000', 0, '2024-02-21 17:46:40', 170, '2024-02-21 17:46:40', NULL, NULL),
(4, 4, '0000-00-00 00:00:00', 'Rana', 'azhar', 'ranaazha786@gmail.com', '+9203226498874', 'e95/3', 'Pakistan', 'Punjab', 'Lahore', '54000', 0, 'rana', 'azhar', 'ranaazha786@gmail.com', '03226498874', 'e95', 'Pakistan', 'Punjab', 'Lahore', '54000', 0, '2024-02-21 17:46:46', 170, '2024-02-21 17:46:46', NULL, NULL),
(5, 5, '0000-00-00 00:00:00', 'Rana', 'azhar', 'ranaazha786@gmail.com', '+9203226498874', 'e95/3', 'Pakistan', 'Punjab', 'Lahore', '54000', 0, 'rana', 'azhar', 'ranaazha786@gmail.com', '03226498874', 'e95', 'Pakistan', 'Punjab', 'Lahore', '54000', 0, '2024-02-21 17:46:47', 170, '2024-02-21 17:46:47', NULL, NULL),
(6, 6, '0000-00-00 00:00:00', 'Rana', 'azhar', 'ranaazha786@gmail.com', '+9203226498874', 'e95/3', 'Pakistan', 'Punjab', 'Lahore', '54000', 0, 'rana', 'azhar', 'ranaazha786@gmail.com', '03226498874', 'e95', 'Pakistan', 'Punjab', 'Lahore', '54000', 0, '2024-02-21 17:46:47', 170, '2024-02-21 17:46:47', NULL, NULL),
(7, 7, '0000-00-00 00:00:00', 'Rana', 'azhar', 'ranaazha786@gmail.com', '+9203226498874', 'e95/3', 'Pakistan', 'Punjab', 'Lahore', '54000', 0, 'rana', 'azhar', 'ranaazha786@gmail.com', '03226498874', 'e95', 'Pakistan', 'Punjab', 'Lahore', '54000', 0, '2024-02-21 17:46:48', 170, '2024-02-21 17:46:48', NULL, NULL),
(8, 8, '0000-00-00 00:00:00', 'Rana', 'azhar', 'ranaazha786@gmail.com', '+9203226498874', 'e95/3', 'Pakistan', 'Punjab', 'Lahore', '54000', 0, 'rana', 'azhar', 'ranaazha786@gmail.com', '03226498874', 'e95', 'Pakistan', 'Punjab', 'Lahore', '54000', 0, '2024-02-21 17:46:49', 170, '2024-02-21 17:46:49', NULL, NULL),
(9, 9, '0000-00-00 00:00:00', 'Rana', 'azhar', 'ranaazha786@gmail.com', '+9203226498874', 'e95/3', 'Pakistan', 'Punjab', 'Lahore', '54000', 0, 'rana', 'azhar', 'ranaazha786@gmail.com', '03226498874', 'e95', 'Pakistan', 'Punjab', 'Lahore', '54000', 0, '2024-02-21 17:46:53', 170, '2024-02-21 17:46:53', NULL, NULL),
(10, 10, '0000-00-00 00:00:00', 'Rana', 'azhar', 'ranaazha786@gmail.com', '+9203226498874', 'e95/3', 'Pakistan', 'Punjab', 'Lahore', '54000', 0, 'rana', 'azhar', 'ranaazha786@gmail.com', '03226498874', 'e95', 'Pakistan', 'Punjab', 'Lahore', '54000', 0, '2024-02-21 17:46:54', 170, '2024-02-21 17:46:54', NULL, NULL),
(11, 11, '0000-00-00 00:00:00', 'Rana', 'azhar', 'ranaazha786@gmail.com', '+9203226498874', 'e95/3', 'Pakistan', 'Punjab', 'Lahore', '54000', 0, 'rana', 'azhar', 'ranaazha786@gmail.com', '03226498874', 'e95', 'Pakistan', 'Punjab', 'Lahore', '54000', 0, '2024-02-21 17:46:55', 170, '2024-02-21 17:46:55', NULL, NULL),
(12, 12, '0000-00-00 00:00:00', 'Rana', 'azhar', 'ranaazha786@gmail.com', '+9203226498874', 'e95/3', 'Pakistan', 'Punjab', 'Lahore', '54000', 0, 'rana', 'azhar', 'ranaazha786@gmail.com', '03226498874', 'e95', 'Pakistan', 'Punjab', 'Lahore', '54000', 0, '2024-02-21 17:46:57', 170, '2024-02-21 17:46:57', NULL, NULL),
(13, 13, '0000-00-00 00:00:00', 'Rana', 'azhar', 'ranaazha786@gmail.com', '+9203226498874', 'e95/3', 'Pakistan', 'Punjab', 'Lahore', '54000', 0, 'rana', 'azhar', 'ranaazha786@gmail.com', '03226498874', 'e95', 'Pakistan', 'Punjab', 'Lahore', '54000', 0, '2024-02-21 17:46:57', 170, '2024-02-21 17:46:57', NULL, NULL),
(14, 14, '0000-00-00 00:00:00', 'Rana', 'azhar', 'ranaazha786@gmail.com', '+9203226498874', 'e95/3', 'Pakistan', 'Punjab', 'Lahore', '54000', 0, 'rana', 'azhar', 'ranaazha786@gmail.com', '03226498874', 'e95', 'Pakistan', 'Punjab', 'Lahore', '54000', 0, '2024-02-21 17:46:58', 170, '2024-02-21 17:46:58', NULL, NULL),
(15, 15, '0000-00-00 00:00:00', 'Rana', 'azhar', 'ranaazha786@gmail.com', '+9203226498874', 'e95/3', 'Pakistan', 'Punjab', 'Lahore', '54000', 0, 'rana', 'azhar', 'ranaazha786@gmail.com', '03226498874', 'e95', 'Pakistan', 'Punjab', 'Lahore', '54000', 0, '2024-02-21 17:46:59', 170, '2024-02-21 17:46:59', NULL, NULL),
(16, 16, '0000-00-00 00:00:00', 'Rana', 'azhar', 'ranaazha786@gmail.com', '+9203226498874', 'e95/3', 'Pakistan', 'Punjab', 'Lahore', '54000', 0, 'rana', 'azhar', 'ranaazha786@gmail.com', '03226498874', 'e95', 'Pakistan', 'Punjab', 'Lahore', '54000', 0, '2024-02-21 17:46:59', 170, '2024-02-21 17:46:59', NULL, NULL),
(17, 17, '0000-00-00 00:00:00', 'Rana', 'azhar', 'ranaazha786@gmail.com', '+9203226498874', 'e95/3', 'Pakistan', 'Punjab', 'Lahore', '54000', 0, 'rana', 'azhar', 'ranaazha786@gmail.com', '03226498874', 'e95', 'Pakistan', 'Punjab', 'Lahore', '54000', 0, '2024-02-21 17:47:01', 170, '2024-02-21 17:47:01', NULL, NULL),
(18, 18, '0000-00-00 00:00:00', 'Rana', 'azhar', 'ranaazha786@gmail.com', '+9203226498874', 'e95/3', 'Pakistan', 'Punjab', 'Lahore', '54000', 0, 'rana', 'azhar', 'ranaazha786@gmail.com', '03226498874', 'e95', 'Pakistan', 'Punjab', 'Lahore', '54000', 0, '2024-02-21 17:47:01', 170, '2024-02-21 17:47:01', NULL, NULL),
(19, 19, '0000-00-00 00:00:00', 'Rana', 'azhar', 'ranaazha786@gmail.com', '+9203226498874', 'e95/3', 'Pakistan', 'Punjab', 'Lahore', '54000', 0, 'rana', 'azhar', 'ranaazha786@gmail.com', '03226498874', 'e95', 'Pakistan', 'Punjab', 'Lahore', '54000', 0, '2024-02-21 17:47:02', 170, '2024-02-21 17:47:02', NULL, NULL),
(20, 20, '0000-00-00 00:00:00', 'Rana', 'azhar', 'ranaazha786@gmail.com', '+9203226498874', 'e95/3', 'Pakistan', 'Punjab', 'Lahore', '54000', 0, 'rana', 'azhar', 'ranaazha786@gmail.com', '03226498874', 'e95', 'Pakistan', 'Punjab', 'Lahore', '54000', 0, '2024-02-21 17:47:04', 170, '2024-02-21 17:47:04', NULL, NULL),
(21, 21, '0000-00-00 00:00:00', 'Rana', 'azhar', 'ranaazha786@gmail.com', '+9203226498874', 'e95/3', 'Pakistan', 'Punjab', 'Lahore', '54000', 0, 'rana', 'azhar', 'ranaazha786@gmail.com', '03226498874', 'e95', 'Pakistan', 'Punjab', 'Lahore', '54000', 0, '2024-02-21 17:47:04', 170, '2024-02-21 17:47:04', NULL, NULL),
(22, 22, '0000-00-00 00:00:00', 'Rana', 'azhar', 'ranaazha786@gmail.com', '+9203226498874', 'e95/3', 'Pakistan', 'Punjab', 'Lahore', '54000', 0, 'rana', 'azhar', 'ranaazha786@gmail.com', '03226498874', 'e95', 'Pakistan', 'Punjab', 'Lahore', '54000', 0, '2024-02-21 17:47:06', 170, '2024-02-21 17:47:06', NULL, NULL),
(23, 23, '0000-00-00 00:00:00', 'Rana', 'azhar', 'ranaazha786@gmail.com', '+9203226498874', 'e95/3', 'Pakistan', 'Punjab', 'Lahore', '54000', 0, 'rana', 'azhar', 'ranaazha786@gmail.com', '03226498874', 'e95', 'Pakistan', 'Punjab', 'Lahore', '54000', 0, '2024-02-21 17:47:06', 170, '2024-02-21 17:47:06', NULL, NULL),
(24, 24, '0000-00-00 00:00:00', 'Rana', 'azhar', 'ranaazha786@gmail.com', '+9203226498874', 'e95/3', 'Pakistan', 'Punjab', 'Lahore', '54000', 0, 'rana', 'azhar', 'ranaazha786@gmail.com', '03226498874', 'e95', 'Pakistan', 'Punjab', 'Lahore', '54000', 0, '2024-02-21 17:47:07', 170, '2024-02-21 17:47:07', NULL, NULL),
(25, 25, '0000-00-00 00:00:00', 'Rana', 'azhar', 'ranaazha786@gmail.com', '+9203226498874', 'e95/3', 'Pakistan', 'Punjab', 'Lahore', '54000', 0, 'rana', 'azhar', 'ranaazha786@gmail.com', '03226498874', 'e95', 'Pakistan', 'Punjab', 'Lahore', '54000', 0, '2024-02-21 17:47:11', 170, '2024-02-21 17:47:11', NULL, NULL),
(26, 26, '0000-00-00 00:00:00', 'Rana', 'azhar', 'ranaazha786@gmail.com', '+9203226498874', 'e95/3', 'Pakistan', 'Punjab', 'Lahore', '54000', 0, 'rana', 'azhar', 'ranaazha786@gmail.com', '03226498874', 'e95', 'Pakistan', 'Punjab', 'Lahore', '54000', 0, '2024-02-21 17:47:14', 170, '2024-02-21 17:47:14', NULL, NULL),
(27, 27, '0000-00-00 00:00:00', 'Rana', 'azhar', 'ranaazha786@gmail.com', '+9203226498874', 'e95/3', 'Pakistan', 'Punjab', 'Lahore', '54000', 0, 'rana', 'azhar', 'ranaazha786@gmail.com', '03226498874', 'e95', 'Pakistan', 'Punjab', 'Lahore', '54000', 0, '2024-02-21 17:47:21', 170, '2024-02-21 17:47:21', NULL, NULL),
(28, 28, '0000-00-00 00:00:00', 'Rana', 'azhar', 'ranaazha786@gmail.com', '+9203226498874', 'e95/3', 'Pakistan', 'Punjab', 'Lahore', '54000', 0, 'rana', 'azhar', 'ranaazha786@gmail.com', '03226498874', 'e95', 'Pakistan', 'Punjab', 'Lahore', '54000', 0, '2024-02-21 17:47:23', 170, '2024-02-21 17:47:23', NULL, NULL);

-- --------------------------------------------------------

--
-- Table structure for table `psx_subcategories`
--

CREATE TABLE `psx_subcategories` (
  `id` bigint(20) UNSIGNED NOT NULL,
  `name` varchar(255) COLLATE utf8mb4_unicode_ci NOT NULL,
  `category_id` bigint(20) UNSIGNED NOT NULL,
  `ordering` smallint(6) DEFAULT NULL,
  `status` tinyint(1) NOT NULL DEFAULT 1,
  `added_date` timestamp NOT NULL DEFAULT current_timestamp(),
  `added_user_id` bigint(20) UNSIGNED NOT NULL,
  `updated_date` timestamp NULL DEFAULT NULL ON UPDATE current_timestamp(),
  `updated_user_id` bigint(20) UNSIGNED DEFAULT NULL,
  `updated_flag` smallint(6) DEFAULT NULL
) ENGINE=InnoDB DEFAULT CHARSET=utf8mb4 COLLATE=utf8mb4_unicode_ci;

--
-- Dumping data for table `psx_subcategories`
--

INSERT INTO `psx_subcategories` (`id`, `name`, `category_id`, `ordering`, `status`, `added_date`, `added_user_id`, `updated_date`, `updated_user_id`, `updated_flag`) VALUES
(65, 'Amusement Parks', 17, NULL, 1, '2024-03-06 12:12:00', 1, '2024-03-13 10:33:23', 1, NULL),
(66, 'Zoos', 17, NULL, 1, '2024-03-06 12:13:55', 1, '2024-03-13 10:33:21', 1, NULL),
(67, 'Parks', 17, NULL, 1, '2024-03-06 12:14:25', 1, '2024-03-13 10:33:19', 1, NULL),
(68, 'Adventure Spots', 18, NULL, 1, '2024-03-06 13:08:31', 1, '2024-03-13 10:33:17', 1, NULL),
(69, 'Outdoor Activities', 18, NULL, 1, '2024-03-06 13:09:21', 1, '2024-03-13 10:33:15', 1, NULL),
(70, 'Sports & Fitness Centers', 18, NULL, 1, '2024-03-06 13:09:57', 1, '2024-03-13 10:33:14', 1, NULL),
(71, 'Shopping Malls', 19, NULL, 1, '2024-03-06 13:10:43', 1, '2024-03-13 10:31:01', 1, NULL),
(72, 'Boutique Stores', 19, NULL, 1, '2024-03-06 13:11:30', 1, '2024-03-13 10:30:58', 1, NULL),
(73, 'Local Markets', 19, NULL, 1, '2024-03-06 13:12:18', 1, '2024-03-13 10:30:57', 1, NULL),
(74, 'Unique Attractions', 20, NULL, 1, '2024-03-06 13:13:12', 1, '2024-03-13 10:30:56', 1, NULL),
(75, 'Historical Sites', 20, NULL, 1, '2024-03-06 13:14:08', 1, '2024-03-06 13:25:23', 1, NULL),
(76, 'Iconic Bridges', 20, NULL, 1, '2024-03-06 13:15:01', 1, '2024-03-13 10:30:54', 1, NULL),
(77, 'Cafes & Bakeries', 21, NULL, 1, '2024-03-06 13:16:32', 1, '2024-03-13 10:26:33', 1, NULL),
(78, 'Street Food', 21, NULL, 1, '2024-03-06 13:17:14', 1, '2024-03-13 10:26:32', 1, NULL),
(79, 'Local Restaurants', 21, NULL, 1, '2024-03-06 13:17:53', 1, '2024-03-13 10:26:30', 1, NULL),
(80, 'Live Music Venues', 22, NULL, 1, '2024-03-06 13:18:32', 1, '2024-03-13 10:26:28', 1, NULL),
(81, 'Nightclubs', 22, NULL, 1, '2024-03-06 13:19:00', 1, '2024-03-13 10:26:27', 1, NULL),
(82, 'Bars & Pubs', 22, NULL, 1, '2024-03-06 13:19:50', 1, '2024-03-13 10:26:25', 1, NULL),
(83, 'Homestays', 23, NULL, 1, '2024-03-06 13:21:18', 1, '2024-03-13 10:24:01', 1, NULL),
(84, 'Motels', 23, NULL, 1, '2024-03-06 13:22:25', 1, '2024-03-13 10:24:02', 1, NULL),
(85, 'Hotels', 23, NULL, 1, '2024-03-06 13:23:16', 1, '2024-03-13 10:24:03', 1, NULL),
(86, 'Street Art', 24, NULL, 1, '2024-03-06 13:24:06', 1, '2024-03-13 10:22:57', 1, NULL),
(87, 'Scenic Views', 24, NULL, 1, '2024-03-06 13:26:10', 1, '2024-03-13 10:22:51', 1, NULL),
(88, 'City Landmarks', 24, NULL, 1, '2024-03-06 13:26:51', 1, '2024-03-13 10:21:13', 1, NULL);

-- --------------------------------------------------------

--
-- Table structure for table `psx_subcat_subscribes`
--

CREATE TABLE `psx_subcat_subscribes` (
  `id` bigint(20) UNSIGNED NOT NULL,
  `user_id` bigint(20) UNSIGNED NOT NULL,
  `cat_id` bigint(20) UNSIGNED NOT NULL,
  `subcat_id` varchar(255) COLLATE utf8mb4_unicode_ci NOT NULL,
  `added_date` timestamp NOT NULL DEFAULT current_timestamp(),
  `added_user_id` bigint(20) UNSIGNED NOT NULL,
  `updated_date` timestamp NULL DEFAULT NULL ON UPDATE current_timestamp(),
  `updated_user_id` bigint(20) UNSIGNED DEFAULT NULL,
  `updated_flag` smallint(6) DEFAULT NULL
) ENGINE=InnoDB DEFAULT CHARSET=utf8mb4 COLLATE=utf8mb4_unicode_ci;

--
-- Dumping data for table `psx_subcat_subscribes`
--

INSERT INTO `psx_subcat_subscribes` (`id`, `user_id`, `cat_id`, `subcat_id`, `added_date`, `added_user_id`, `updated_date`, `updated_user_id`, `updated_flag`) VALUES
(25, 181, 21, '79_MB', '2024-04-09 14:23:35', 1, '2024-04-09 14:23:35', NULL, NULL);

-- --------------------------------------------------------

--
-- Table structure for table `psx_subscription_bought_transactions`
--

CREATE TABLE `psx_subscription_bought_transactions` (
  `id` bigint(20) UNSIGNED NOT NULL,
  `user_id` bigint(20) UNSIGNED NOT NULL,
  `vendor_id` bigint(20) UNSIGNED NOT NULL,
  `subscription_plan_id` bigint(20) UNSIGNED NOT NULL,
  `payment_method` varchar(255) COLLATE utf8mb4_unicode_ci NOT NULL DEFAULT 'N.A',
  `price` double DEFAULT NULL,
  `razor_id` varchar(255) COLLATE utf8mb4_unicode_ci DEFAULT NULL,
  `is_paystack` tinyint(1) DEFAULT NULL,
  `status` tinyint(1) NOT NULL DEFAULT 1,
  `transaction_id` varchar(255) COLLATE utf8mb4_unicode_ci NOT NULL,
  `added_date` timestamp NOT NULL DEFAULT current_timestamp() ON UPDATE current_timestamp(),
  `expired_date` timestamp NULL DEFAULT NULL,
  `added_user_id` bigint(20) UNSIGNED NOT NULL,
  `updated_date` timestamp NULL DEFAULT NULL,
  `updated_user_id` bigint(20) UNSIGNED DEFAULT NULL,
  `updated_flag` smallint(6) DEFAULT NULL,
  `deleted_at` timestamp NULL DEFAULT NULL
) ENGINE=InnoDB DEFAULT CHARSET=utf8mb4 COLLATE=utf8mb4_unicode_ci;

--
-- Dumping data for table `psx_subscription_bought_transactions`
--

INSERT INTO `psx_subscription_bought_transactions` (`id`, `user_id`, `vendor_id`, `subscription_plan_id`, `payment_method`, `price`, `razor_id`, `is_paystack`, `status`, `transaction_id`, `added_date`, `expired_date`, `added_user_id`, `updated_date`, `updated_user_id`, `updated_flag`, `deleted_at`) VALUES
(1, 159, 3, 86, 'paystack', 1000, NULL, NULL, 0, '1707815637', '2024-02-13 17:13:57', NULL, 159, '2024-02-13 17:13:57', NULL, NULL, NULL),
(2, 162, 4, 85, 'paystack', 2000, NULL, NULL, 0, '1707816098', '2024-02-13 17:21:38', NULL, 162, '2024-02-13 17:21:38', NULL, NULL, NULL),
(3, 160, 5, 86, 'paystack', 1000, NULL, NULL, 0, '1707823301', '2024-02-13 19:21:41', NULL, 160, '2024-02-13 19:21:41', NULL, NULL, NULL),
(4, 158, 6, 85, 'paystack', 2000, NULL, NULL, 0, '1708511611', '2024-02-21 18:33:31', NULL, 158, '2024-02-21 18:33:31', NULL, NULL, NULL),
(5, 166, 7, 86, 'paystack', 1000, NULL, NULL, 0, '1708513180', '2024-02-21 18:59:40', NULL, 166, '2024-02-21 18:59:40', NULL, NULL, NULL);

-- --------------------------------------------------------

--
-- Table structure for table `psx_system_codes`
--

CREATE TABLE `psx_system_codes` (
  `id` bigint(20) UNSIGNED NOT NULL,
  `code` longtext COLLATE utf8mb4_unicode_ci NOT NULL
) ENGINE=InnoDB DEFAULT CHARSET=utf8mb4 COLLATE=utf8mb4_unicode_ci;

-- --------------------------------------------------------

--
-- Table structure for table `psx_system_configs`
--

CREATE TABLE `psx_system_configs` (
  `id` bigint(20) UNSIGNED NOT NULL,
  `lat` double(10,6) NOT NULL,
  `lng` double(10,6) NOT NULL,
  `is_approved_enable` tinyint(1) NOT NULL DEFAULT 1,
  `is_sub_location` tinyint(1) NOT NULL DEFAULT 1,
  `is_thumb2x_3x_generate` tinyint(1) NOT NULL DEFAULT 1,
  `is_sub_subscription` tinyint(1) NOT NULL DEFAULT 1,
  `is_paid_app` tinyint(1) NOT NULL DEFAULT 1,
  `free_ad_post_count` varchar(255) COLLATE utf8mb4_unicode_ci DEFAULT NULL,
  `is_block_user` tinyint(1) NOT NULL DEFAULT 1,
  `max_img_upload_of_item` int(11) NOT NULL DEFAULT 5,
  `ad_type` bigint(20) UNSIGNED NOT NULL DEFAULT 1,
  `promo_cell_interval_no` int(11) NOT NULL DEFAULT 3,
  `one_day_per_price` double NOT NULL DEFAULT 2,
  `added_date` timestamp NOT NULL DEFAULT current_timestamp(),
  `added_user_id` bigint(20) UNSIGNED NOT NULL,
  `updated_date` timestamp NULL DEFAULT NULL ON UPDATE current_timestamp(),
  `updated_user_id` bigint(20) UNSIGNED DEFAULT NULL,
  `updated_flag` smallint(6) DEFAULT NULL
) ENGINE=InnoDB DEFAULT CHARSET=utf8mb4 COLLATE=utf8mb4_unicode_ci;

--
-- Dumping data for table `psx_system_configs`
--

INSERT INTO `psx_system_configs` (`id`, `lat`, `lng`, `is_approved_enable`, `is_sub_location`, `is_thumb2x_3x_generate`, `is_sub_subscription`, `is_paid_app`, `free_ad_post_count`, `is_block_user`, `max_img_upload_of_item`, `ad_type`, `promo_cell_interval_no`, `one_day_per_price`, `added_date`, `added_user_id`, `updated_date`, `updated_user_id`, `updated_flag`) VALUES
(1, 16.879910, 96.173248, 0, 1, 1, 1, 0, NULL, 1, 5, 2, 3, 5, '2022-12-21 11:08:45', 1, '2024-04-09 11:34:39', 1, NULL);

-- --------------------------------------------------------

--
-- Table structure for table `psx_tables`
--

CREATE TABLE `psx_tables` (
  `id` int(11) NOT NULL,
  `name` varchar(255) COLLATE utf8mb4_unicode_ci NOT NULL,
  `description` varchar(255) COLLATE utf8mb4_unicode_ci NOT NULL,
  `core_key_type_id` bigint(20) UNSIGNED DEFAULT NULL,
  `is_only_for_core_field` tinyint(4) NOT NULL,
  `table_used_type_id` int(11) DEFAULT NULL,
  `added_date` timestamp NOT NULL DEFAULT current_timestamp(),
  `added_user_id` bigint(20) UNSIGNED NOT NULL,
  `updated_date` timestamp NULL DEFAULT NULL ON UPDATE current_timestamp(),
  `updated_user_id` bigint(20) UNSIGNED DEFAULT NULL,
  `updated_flag` smallint(6) DEFAULT NULL
) ENGINE=InnoDB DEFAULT CHARSET=utf8mb4 COLLATE=utf8mb4_unicode_ci;

--
-- Dumping data for table `psx_tables`
--

INSERT INTO `psx_tables` (`id`, `name`, `description`, `core_key_type_id`, `is_only_for_core_field`, `table_used_type_id`, `added_date`, `added_user_id`, `updated_date`, `updated_user_id`, `updated_flag`) VALUES
(267, 'PSX Items', 'item table', 1, 0, 1, '2024-03-12 13:01:13', 1, '2024-05-18 18:37:40', NULL, NULL),
(268, 'PSX Mobile Languages Strings', 'Mobile Languages  Strings Table', 14, 1, 2, '2024-03-12 13:01:13', 1, '2024-05-18 18:37:40', NULL, NULL),
(269, 'Psx Mobile Settings', 'Mobile Settings Table', 25, 1, 2, '2024-03-12 13:01:13', 1, '2024-05-18 18:37:40', NULL, NULL),
(270, 'PSX Availabe Currencies', 'Availabe Currencies Table', 15, 1, 2, '2024-03-12 13:01:13', 1, '2024-05-18 18:37:40', NULL, NULL),
(271, 'PSX Backend Settings', 'Backend Settings Table', 16, 1, 2, '2024-03-12 13:01:13', 1, '2024-05-18 18:37:40', NULL, NULL),
(272, 'PSX Categories', 'Categories Table', 4, 1, 1, '2024-03-12 13:01:13', 1, '2024-05-18 18:37:40', NULL, NULL),
(273, 'PSX Abouts', 'Abouts Table', 17, 1, 2, '2024-03-12 13:01:13', 1, '2024-05-18 18:37:40', NULL, NULL),
(274, 'PSX Menu Groups', 'Menu Groups Table', 18, 1, 3, '2024-03-12 13:01:13', 1, '2024-05-18 18:37:40', NULL, NULL),
(275, 'PSX Core Menus', 'Core Menu', 19, 1, 3, '2024-03-12 13:01:13', 1, '2024-05-18 18:37:40', NULL, NULL),
(276, 'PSX Sub Menu Groups', 'Sub Menu Groups Table', 20, 1, 3, '2024-03-12 13:01:13', 1, '2024-05-18 18:37:40', NULL, NULL),
(277, 'PSX Roles', 'Roles Table', 26, 1, 3, '2024-03-12 13:01:13', 1, '2024-05-18 18:37:40', NULL, NULL),
(278, 'PSX Subcategories', 'Subcategories Table', 27, 1, 1, '2024-03-12 13:01:13', 1, '2024-05-18 18:37:40', NULL, NULL),
(279, 'PSX Currencies', 'Currencies Table', 38, 1, 1, '2024-03-12 13:01:13', 1, '2024-05-18 18:37:40', NULL, NULL),
(280, 'Psx System Configs', 'System Configs Table', 28, 1, 2, '2024-03-12 13:01:13', 1, '2024-05-18 18:37:41', NULL, NULL),
(281, 'Psx Tables', 'Tables Table', 29, 1, 3, '2024-03-12 13:01:13', 1, '2024-05-18 18:37:41', NULL, NULL),
(282, 'Users', 'Users Table', 3, 0, 1, '2024-03-12 13:01:13', 1, '2024-05-18 18:37:41', NULL, NULL),
(283, 'PSX Customize UI details', 'Customize UI details Table', 21, 1, 2, '2024-03-12 13:01:13', 1, '2024-05-18 18:37:41', NULL, NULL),
(284, 'PSX Frontend Settings', 'Frontend Settings Table', 22, 1, 3, '2024-03-12 13:01:13', 1, '2024-05-18 18:37:41', NULL, NULL),
(285, 'PSX Languages', 'Languages Table', 23, 1, 2, '2024-03-12 13:01:13', 1, '2024-05-18 18:37:41', NULL, NULL),
(286, 'PSX Language Strings', 'Language Strings Table', 24, 1, 2, '2024-03-12 13:01:13', 1, '2024-05-18 18:37:41', NULL, NULL),
(287, 'PSX Location Cities', 'Location Cities Table', 11, 0, 1, '2024-03-12 13:01:13', 1, '2024-05-18 18:37:41', NULL, NULL),
(288, 'PSX Location Townships', 'Location Townships Table', 12, 1, 1, '2024-03-12 13:01:13', 1, '2024-05-18 18:37:41', NULL, NULL),
(289, 'Psx User Permissions', 'User Permission Table', 30, 1, 2, '2024-03-12 13:01:13', 1, '2024-05-18 18:37:41', NULL, NULL),
(290, 'PSX Mobile Languages', 'Mobile Languages Table', 13, 1, 2, '2024-03-12 13:01:13', 1, '2024-05-18 18:37:41', NULL, NULL),
(291, 'PSX Push Notification Messages', 'Push Notification Messages Table', 34, 1, 1, '2024-03-12 13:01:13', 1, '2024-05-18 18:37:41', NULL, NULL),
(292, 'PSX Blogs', 'Blogs Table', 31, 1, 1, '2024-03-12 13:01:13', 1, '2024-05-18 18:37:41', NULL, NULL),
(293, 'Psx Ratings', 'Ratings Table', 35, 1, 2, '2024-03-12 13:01:13', 1, '2024-05-18 18:37:41', NULL, NULL),
(294, 'PSX Contacts', 'Contacts Table', 32, 1, 1, '2024-03-12 13:01:13', 1, '2024-05-18 18:37:41', NULL, NULL),
(295, 'PSX Core Data Deletions', 'Core Data Deletions Table', 33, 1, 2, '2024-03-12 13:01:13', 1, '2024-05-18 18:37:41', NULL, NULL),
(296, 'Psx Payments', 'Payments Table', 8, 0, 2, '2024-03-12 13:01:13', 1, '2024-05-18 18:37:41', NULL, NULL),
(297, 'Psx Reported Item Statuses', 'Reported Item Statuses Table', 36, 1, 2, '2024-03-12 13:01:13', 1, '2024-05-18 18:37:41', NULL, NULL),
(298, 'Psx Privacy Policies', 'Privacy Policies Table', 37, 1, 2, '2024-03-12 13:01:13', 1, '2024-05-18 18:37:41', NULL, NULL),
(299, 'Table Field', 'Table Field', 40, 1, 1, '2024-03-12 13:01:13', 1, '2024-05-18 18:37:41', NULL, NULL),
(300, 'PSX Phone Country Code', 'Phone Country Code Table', 43, 1, 1, '2024-03-12 13:01:13', 1, '2024-05-18 18:37:41', NULL, NULL),
(301, 'Api Token', 'Api Token', 44, 1, 3, '2024-03-12 13:01:13', 1, '2024-05-18 18:37:41', NULL, NULL),
(302, 'PSX Modules', 'Modules Table', 47, 1, 3, '2024-03-12 13:01:13', 1, '2024-05-18 18:37:41', NULL, NULL),
(303, 'Color Table', 'Color Tables', 52, 1, 3, '2024-03-12 13:01:13', 1, '2024-05-18 18:37:41', NULL, NULL),
(304, 'Psx Useful Table Level', 'Useful Level of Tables', 48, 1, 3, '2024-03-12 13:01:13', 1, '2024-05-18 18:37:41', NULL, NULL),
(305, 'PSX Landing Page', 'Landing Page Table', 54, 1, 3, '2024-03-12 13:01:13', 1, '2024-05-18 18:37:41', NULL, NULL),
(306, 'PSX Frontend Language Strings', 'PSX Frontend Language Strings Table', 55, 1, 2, '2024-03-12 13:01:13', 1, '2024-05-18 18:37:41', NULL, NULL),
(335, 'Vendor', 'Vendor', 62, 0, 1, '2024-03-12 13:01:13', 1, '2024-05-18 18:37:41', NULL, NULL),
(336, 'Vendor Application', 'Vendor Application', 63, 0, 1, '2024-03-12 13:01:13', 1, '2024-05-18 18:37:41', NULL, NULL),
(337, 'PSX Vendor Language Strings', 'PSX Vendor Language Strings', 56, 1, 2, '2024-03-12 13:01:13', 1, '2024-05-18 18:39:07', NULL, NULL),
(338, 'PSX Vendor Branches', 'PSX Vendor Branches Desc', 64, 1, 3, '2024-03-12 13:01:13', 1, '2024-05-18 18:37:41', NULL, NULL),
(339, 'PSX Vendor Menu Groups', 'PSX Vendor Menu Groups Table', 58, 1, 3, '2024-03-12 13:01:13', 1, '2024-05-18 18:37:41', NULL, NULL),
(340, 'PSX Vendor Menus', 'PSX Vendor Menus Table', 57, 1, 3, '2024-03-12 13:01:13', 1, '2024-05-18 18:37:42', NULL, NULL),
(341, 'PSX Vendor Modules', 'PSX Vendor Modules Table', 61, 1, 3, '2024-03-12 13:01:13', 1, '2024-05-18 18:37:42', NULL, NULL),
(342, 'PSX Vendor Roles', 'PSX Vendor Roles Table', 60, 1, 3, '2024-03-12 13:01:13', 1, '2024-05-18 18:37:42', NULL, NULL),
(343, 'PSX Vendor Sub Menu Groups', 'PSX Vendor Sub  Menu Groups Table', 59, 1, 3, '2024-03-12 13:01:13', 1, '2024-05-18 18:37:42', NULL, NULL);

-- --------------------------------------------------------

--
-- Table structure for table `psx_table_used_types`
--

CREATE TABLE `psx_table_used_types` (
  `id` bigint(20) UNSIGNED NOT NULL,
  `name` varchar(255) COLLATE utf8mb4_unicode_ci NOT NULL,
  `added_date` timestamp NULL DEFAULT NULL,
  `added_user_id` bigint(20) UNSIGNED NOT NULL,
  `updated_date` timestamp NULL DEFAULT NULL ON UPDATE current_timestamp(),
  `updated_user_id` bigint(20) UNSIGNED DEFAULT NULL,
  `updated_flag` smallint(6) DEFAULT NULL
) ENGINE=InnoDB DEFAULT CHARSET=utf8mb4 COLLATE=utf8mb4_unicode_ci;

--
-- Dumping data for table `psx_table_used_types`
--

INSERT INTO `psx_table_used_types` (`id`, `name`, `added_date`, `added_user_id`, `updated_date`, `updated_user_id`, `updated_flag`) VALUES
(1, 'Basic', NULL, 1, NULL, NULL, NULL),
(2, 'Medium', NULL, 1, NULL, NULL, NULL),
(3, 'Advanced', NULL, 1, NULL, NULL, NULL);

-- --------------------------------------------------------

--
-- Table structure for table `psx_touches`
--

CREATE TABLE `psx_touches` (
  `id` bigint(20) UNSIGNED NOT NULL,
  `type_id` bigint(20) UNSIGNED NOT NULL,
  `shop_id` bigint(20) UNSIGNED NOT NULL,
  `type_name` varchar(255) COLLATE utf8mb4_unicode_ci NOT NULL,
  `user_id` bigint(20) UNSIGNED NOT NULL,
  `added_date` timestamp NOT NULL DEFAULT current_timestamp(),
  `added_user_id` bigint(20) UNSIGNED NOT NULL,
  `updated_date` timestamp NULL DEFAULT NULL ON UPDATE current_timestamp(),
  `updated_user_id` bigint(20) UNSIGNED DEFAULT NULL,
  `updated_flag` smallint(6) DEFAULT NULL
) ENGINE=InnoDB DEFAULT CHARSET=utf8mb4 COLLATE=utf8mb4_unicode_ci;

--
-- Dumping data for table `psx_touches`
--

INSERT INTO `psx_touches` (`id`, `type_id`, `shop_id`, `type_name`, `user_id`, `added_date`, `added_user_id`, `updated_date`, `updated_user_id`, `updated_flag`) VALUES
(1962, 17, 0, 'category', 1, '2024-03-06 12:14:49', 1, '2024-03-06 12:14:49', NULL, NULL),
(1963, 19, 0, 'category', 1, '2024-03-13 10:11:28', 1, '2024-03-13 10:11:28', NULL, NULL),
(1964, 19, 0, 'category', 1, '2024-03-13 10:33:41', 1, '2024-03-13 10:33:41', NULL, NULL),
(1965, 21, 0, 'category', 1, '2024-03-13 10:33:51', 1, '2024-03-13 10:33:51', NULL, NULL),
(1966, 20, 0, 'category', 1, '2024-03-13 10:34:02', 1, '2024-03-13 10:34:02', NULL, NULL),
(1967, 17, 0, 'category', 1, '2024-03-13 10:34:14', 1, '2024-03-13 10:34:14', NULL, NULL),
(1968, 22, 0, 'category', 1, '2024-03-13 10:34:25', 1, '2024-03-13 10:34:25', NULL, NULL),
(1969, 24, 0, 'category', 1, '2024-03-13 10:34:39', 1, '2024-03-13 10:34:39', NULL, NULL),
(1970, 18, 0, 'category', 1, '2024-03-13 10:34:48', 1, '2024-03-13 10:34:48', NULL, NULL),
(1971, 23, 0, 'category', 1, '2024-03-13 10:35:00', 1, '2024-03-13 10:35:00', NULL, NULL),
(1972, 449, 0, 'item', 1, '2024-03-13 10:36:23', 1, '2024-03-13 10:36:23', NULL, NULL),
(1973, 450, 0, 'item', 1, '2024-03-13 10:41:34', 1, '2024-03-13 10:41:34', NULL, NULL),
(1974, 451, 0, 'item', 1, '2024-03-13 11:04:20', 1, '2024-03-13 11:04:20', NULL, NULL),
(1975, 451, 0, 'item', 1, '2024-03-13 11:05:28', 1, '2024-03-13 11:05:28', NULL, NULL),
(1976, 450, 0, 'item', 1, '2024-03-13 12:05:44', 1, '2024-03-13 12:05:44', NULL, NULL),
(1977, 451, 0, 'item', 1, '2024-03-13 12:05:57', 1, '2024-03-13 12:05:57', NULL, NULL),
(1978, 451, 0, 'item', 1, '2024-03-13 12:29:41', 1, '2024-03-13 12:29:41', NULL, NULL),
(1979, 450, 0, 'item', 1, '2024-03-13 12:49:30', 1, '2024-03-13 12:49:30', NULL, NULL),
(1980, 450, 0, 'item', 1, '2024-03-13 12:49:58', 1, '2024-03-13 12:49:58', NULL, NULL),
(1981, 451, 0, 'item', 1, '2024-03-13 12:50:35', 1, '2024-03-13 12:50:35', NULL, NULL),
(1982, 450, 0, 'item', 1, '2024-03-13 13:34:09', 1, '2024-03-13 13:34:09', NULL, NULL),
(1983, 450, 0, 'item', 1, '2024-03-13 13:34:55', 1, '2024-03-13 13:34:55', NULL, NULL),
(1984, 450, 0, 'item', 1, '2024-03-13 13:35:15', 1, '2024-03-13 13:35:15', NULL, NULL),
(1985, 450, 0, 'item', 1, '2024-03-13 14:19:41', 1, '2024-03-13 14:19:41', NULL, NULL),
(1986, 450, 0, 'item', 1, '2024-03-13 14:33:04', 1, '2024-03-13 14:33:04', NULL, NULL),
(1987, 452, 0, 'item', 1, '2024-03-13 14:35:08', 1, '2024-03-13 14:35:08', NULL, NULL),
(1988, 450, 0, 'item', 1, '2024-03-13 14:45:21', 1, '2024-03-13 14:45:21', NULL, NULL),
(1989, 21, 0, 'category', 173, '2024-03-13 14:51:29', 173, '2024-03-13 14:51:29', NULL, NULL),
(1990, 453, 0, 'item', 173, '2024-03-13 14:52:14', 173, '2024-03-13 14:52:14', NULL, NULL),
(1991, 453, 0, 'item', 1, '2024-03-13 14:59:17', 1, '2024-03-13 14:59:17', NULL, NULL),
(1992, 453, 0, 'item', 173, '2024-03-13 15:00:27', 173, '2024-03-13 15:00:27', NULL, NULL),
(1993, 450, 0, 'item', 1, '2024-03-13 15:01:44', 1, '2024-03-13 15:01:44', NULL, NULL),
(1994, 24, 0, 'category', 173, '2024-03-13 15:01:59', 173, '2024-03-13 15:01:59', NULL, NULL),
(1995, 450, 0, 'item', 173, '2024-03-13 15:02:10', 173, '2024-03-13 15:02:10', NULL, NULL),
(1996, 450, 0, 'item', 173, '2024-03-13 15:03:38', 173, '2024-03-13 15:03:38', NULL, NULL),
(1997, 451, 0, 'item', 1, '2024-03-13 15:04:53', 1, '2024-03-13 15:04:53', NULL, NULL),
(1998, 452, 0, 'item', 1, '2024-03-13 15:05:06', 1, '2024-03-13 15:05:06', NULL, NULL),
(1999, 452, 0, 'item', 173, '2024-03-13 15:06:04', 173, '2024-03-13 15:06:04', NULL, NULL),
(2000, 452, 0, 'item', 1, '2024-03-13 15:06:13', 1, '2024-03-13 15:06:13', NULL, NULL),
(2001, 452, 0, 'item', 1, '2024-03-13 15:08:26', 1, '2024-03-13 15:08:26', NULL, NULL),
(2002, 21, 0, 'category', 173, '2024-03-13 15:08:43', 173, '2024-03-13 15:08:43', NULL, NULL),
(2003, 452, 0, 'item', 1, '2024-03-13 15:08:52', 1, '2024-03-13 15:08:52', NULL, NULL),
(2004, 457, 0, 'item', 1, '2024-03-13 15:18:43', 1, '2024-03-13 15:18:43', NULL, NULL),
(2005, 21, 0, 'category', 173, '2024-03-13 15:19:37', 173, '2024-03-13 15:19:37', NULL, NULL),
(2006, 461, 0, 'item', 1, '2024-03-13 15:32:34', 1, '2024-03-13 15:32:34', NULL, NULL),
(2007, 461, 0, 'item', 1, '2024-03-13 15:35:42', 1, '2024-03-13 15:35:42', NULL, NULL),
(2008, 463, 0, 'item', 1, '2024-03-13 15:35:53', 1, '2024-03-13 15:35:53', NULL, NULL),
(2009, 465, 0, 'item', 176, '2024-03-13 15:43:48', 176, '2024-03-13 15:43:48', NULL, NULL),
(2010, 465, 0, 'item', 176, '2024-03-13 15:48:07', 176, '2024-03-13 15:48:07', NULL, NULL),
(2011, 465, 0, 'item', 1, '2024-03-13 15:52:14', 1, '2024-03-13 15:52:14', NULL, NULL),
(2012, 451, 0, 'item', 1, '2024-03-13 15:52:23', 1, '2024-03-13 15:52:23', NULL, NULL),
(2013, 451, 0, 'item', 1, '2024-03-13 15:52:29', 1, '2024-03-13 15:52:29', NULL, NULL),
(2014, 451, 0, 'item', 1, '2024-03-13 15:52:51', 1, '2024-03-13 15:52:51', NULL, NULL),
(2015, 21, 0, 'category', 175, '2024-03-13 16:03:40', 175, '2024-03-13 16:03:40', NULL, NULL),
(2016, 476, 0, 'item', 1, '2024-03-13 16:18:36', 1, '2024-03-13 16:18:36', NULL, NULL),
(2017, 479, 0, 'item', 1, '2024-03-13 16:24:18', 1, '2024-03-13 16:24:18', NULL, NULL),
(2018, 479, 0, 'item', 1, '2024-03-13 16:26:04', 1, '2024-03-13 16:26:04', NULL, NULL),
(2019, 21, 0, 'category', 176, '2024-03-13 16:30:06', 176, '2024-03-13 16:30:06', NULL, NULL),
(2020, 467, 0, 'item', 176, '2024-03-13 16:30:33', 176, '2024-03-13 16:30:33', NULL, NULL),
(2021, 473, 0, 'item', 1, '2024-03-13 16:32:20', 1, '2024-03-13 16:32:20', NULL, NULL),
(2022, 469, 0, 'item', 1, '2024-03-13 16:33:10', 1, '2024-03-13 16:33:10', NULL, NULL),
(2023, 471, 0, 'item', 176, '2024-03-13 16:33:47', 176, '2024-03-13 16:33:47', NULL, NULL),
(2024, 479, 0, 'item', 1, '2024-03-13 16:34:16', 1, '2024-03-13 16:34:16', NULL, NULL),
(2025, 482, 0, 'item', 1, '2024-03-13 16:34:29', 1, '2024-03-13 16:34:29', NULL, NULL),
(2026, 483, 0, 'item', 1, '2024-03-13 16:36:11', 1, '2024-03-13 16:36:11', NULL, NULL),
(2027, 469, 0, 'item', 176, '2024-03-13 16:53:23', 176, '2024-03-13 16:53:23', NULL, NULL),
(2028, 489, 0, 'item', 1, '2024-03-13 17:03:11', 1, '2024-03-13 17:03:11', NULL, NULL),
(2029, 469, 0, 'item', 176, '2024-03-13 17:03:19', 176, '2024-03-13 17:03:19', NULL, NULL),
(2030, 491, 0, 'item', 1, '2024-03-13 17:06:54', 1, '2024-03-13 17:06:54', NULL, NULL),
(2031, 494, 0, 'item', 1, '2024-03-13 17:14:15', 1, '2024-03-13 17:14:15', NULL, NULL),
(2032, 497, 0, 'item', 174, '2024-03-13 17:21:27', 174, '2024-03-13 17:21:27', NULL, NULL),
(2033, 500, 0, 'item', 174, '2024-03-13 17:26:54', 174, '2024-03-13 17:26:54', NULL, NULL),
(2034, 501, 0, 'item', 173, '2024-03-13 17:32:14', 173, '2024-03-13 17:32:14', NULL, NULL),
(2035, 504, 0, 'item', 174, '2024-03-13 17:47:12', 174, '2024-03-13 17:47:12', NULL, NULL),
(2036, 507, 0, 'item', 174, '2024-03-13 17:56:41', 174, '2024-03-13 17:56:41', NULL, NULL),
(2037, 508, 0, 'item', 174, '2024-03-13 17:58:29', 174, '2024-03-13 17:58:29', NULL, NULL),
(2038, 512, 0, 'item', 174, '2024-03-13 18:04:02', 174, '2024-03-13 18:04:02', NULL, NULL),
(2039, 513, 0, 'item', 175, '2024-03-13 18:07:27', 175, '2024-03-13 18:07:27', NULL, NULL),
(2040, 515, 0, 'item', 174, '2024-03-13 18:11:25', 174, '2024-03-13 18:11:25', NULL, NULL),
(2041, 21, 0, 'category', 175, '2024-03-13 18:11:58', 175, '2024-03-13 18:11:58', NULL, NULL),
(2042, 501, 0, 'item', 175, '2024-03-13 18:13:01', 175, '2024-03-13 18:13:01', NULL, NULL),
(2043, 515, 0, 'item', 174, '2024-03-13 18:13:07', 174, '2024-03-13 18:13:07', NULL, NULL),
(2044, 467, 0, 'item', 175, '2024-03-13 18:15:31', 175, '2024-03-13 18:15:31', NULL, NULL),
(2045, 501, 0, 'item', 175, '2024-03-13 18:15:45', 175, '2024-03-13 18:15:45', NULL, NULL),
(2046, 21, 0, 'category', 175, '2024-03-13 18:16:45', 175, '2024-03-13 18:16:45', NULL, NULL),
(2047, 519, 0, 'item', 174, '2024-03-13 18:19:01', 174, '2024-03-13 18:19:01', NULL, NULL),
(2048, 519, 0, 'item', 174, '2024-03-13 18:19:27', 174, '2024-03-13 18:19:27', NULL, NULL),
(2049, 521, 0, 'item', 174, '2024-03-13 18:25:31', 174, '2024-03-13 18:25:31', NULL, NULL),
(2050, 24, 0, 'category', 1, '2024-03-13 18:27:52', 1, '2024-03-13 18:27:52', NULL, NULL),
(2051, 524, 0, 'item', 174, '2024-03-13 18:34:32', 174, '2024-03-13 18:34:32', NULL, NULL),
(2052, 524, 0, 'item', 174, '2024-03-13 18:34:54', 174, '2024-03-13 18:34:54', NULL, NULL),
(2053, 524, 0, 'item', 174, '2024-03-13 18:35:25', 174, '2024-03-13 18:35:25', NULL, NULL),
(2054, 525, 0, 'item', 174, '2024-03-13 18:40:56', 174, '2024-03-13 18:40:56', NULL, NULL),
(2055, 525, 0, 'item', 174, '2024-03-13 18:41:47', 174, '2024-03-13 18:41:47', NULL, NULL),
(2056, 526, 0, 'item', 174, '2024-03-13 18:44:48', 174, '2024-03-13 18:44:48', NULL, NULL),
(2057, 525, 0, 'item', 174, '2024-03-13 18:45:17', 174, '2024-03-13 18:45:17', NULL, NULL),
(2058, 525, 0, 'item', 174, '2024-03-13 18:46:02', 174, '2024-03-13 18:46:02', NULL, NULL),
(2059, 526, 0, 'item', 174, '2024-03-13 18:46:18', 174, '2024-03-13 18:46:18', NULL, NULL),
(2060, 534, 0, 'item', 1, '2024-03-14 10:28:48', 1, '2024-03-14 10:28:48', NULL, NULL),
(2061, 534, 0, 'item', 1, '2024-03-14 10:30:29', 1, '2024-03-14 10:30:29', NULL, NULL),
(2062, 534, 0, 'item', 1, '2024-03-14 10:32:21', 1, '2024-03-14 10:32:21', NULL, NULL),
(2063, 534, 0, 'item', 1, '2024-03-14 10:34:18', 1, '2024-03-14 10:34:18', NULL, NULL),
(2064, 498, 0, 'item', 176, '2024-03-14 11:00:43', 176, '2024-03-14 11:00:43', NULL, NULL),
(2065, 498, 0, 'item', 176, '2024-03-14 11:07:34', 176, '2024-03-14 11:07:34', NULL, NULL),
(2066, 469, 0, 'item', 176, '2024-03-14 11:08:37', 176, '2024-03-14 11:08:37', NULL, NULL),
(2067, 537, 0, 'item', 176, '2024-03-14 11:09:22', 176, '2024-03-14 11:09:22', NULL, NULL),
(2068, 498, 0, 'item', 176, '2024-03-14 11:10:56', 176, '2024-03-14 11:10:56', NULL, NULL),
(2069, 539, 0, 'item', 176, '2024-03-14 11:17:13', 176, '2024-03-14 11:17:13', NULL, NULL),
(2070, 541, 0, 'item', 176, '2024-03-14 11:24:53', 176, '2024-03-14 11:24:53', NULL, NULL),
(2071, 469, 0, 'item', 176, '2024-03-14 11:32:02', 176, '2024-03-14 11:32:02', NULL, NULL),
(2072, 543, 0, 'item', 173, '2024-03-14 11:37:47', 173, '2024-03-14 11:37:47', NULL, NULL),
(2073, 546, 0, 'item', 173, '2024-03-14 11:38:01', 173, '2024-03-14 11:38:01', NULL, NULL),
(2074, 540, 0, 'item', 173, '2024-03-14 11:38:18', 173, '2024-03-14 11:38:18', NULL, NULL),
(2075, 486, 0, 'item', 173, '2024-03-14 11:39:42', 173, '2024-03-14 11:39:42', NULL, NULL),
(2076, 548, 0, 'item', 173, '2024-03-14 11:42:03', 173, '2024-03-14 11:42:03', NULL, NULL),
(2077, 550, 0, 'item', 173, '2024-03-14 11:57:08', 173, '2024-03-14 11:57:08', NULL, NULL),
(2078, 549, 0, 'item', 173, '2024-03-14 11:57:23', 173, '2024-03-14 11:57:23', NULL, NULL),
(2079, 553, 0, 'item', 173, '2024-03-14 12:00:56', 173, '2024-03-14 12:00:56', NULL, NULL),
(2080, 554, 0, 'item', 173, '2024-03-14 12:04:41', 173, '2024-03-14 12:04:41', NULL, NULL),
(2081, 555, 0, 'item', 173, '2024-03-14 12:08:02', 173, '2024-03-14 12:08:02', NULL, NULL),
(2082, 557, 0, 'item', 173, '2024-03-14 12:10:41', 173, '2024-03-14 12:10:41', NULL, NULL),
(2083, 558, 0, 'item', 173, '2024-03-14 12:13:36', 173, '2024-03-14 12:13:36', NULL, NULL),
(2084, 559, 0, 'item', 173, '2024-03-14 12:22:51', 173, '2024-03-14 12:22:51', NULL, NULL),
(2085, 514, 0, 'item', 173, '2024-03-14 12:24:16', 173, '2024-03-14 12:24:16', NULL, NULL),
(2086, 510, 0, 'item', 173, '2024-03-14 12:28:44', 173, '2024-03-14 12:28:44', NULL, NULL),
(2087, 486, 0, 'item', 173, '2024-03-14 12:35:17', 173, '2024-03-14 12:35:17', NULL, NULL),
(2088, 486, 0, 'item', 173, '2024-03-14 12:35:37', 173, '2024-03-14 12:35:37', NULL, NULL),
(2089, 454, 0, 'item', 1, '2024-03-14 12:41:16', 1, '2024-03-14 12:41:16', NULL, NULL),
(2090, 454, 0, 'item', 1, '2024-03-14 12:42:22', 1, '2024-03-14 12:42:22', NULL, NULL),
(2091, 567, 0, 'item', 172, '2024-03-14 12:49:38', 172, '2024-03-14 12:49:38', NULL, NULL),
(2092, 568, 0, 'item', 172, '2024-03-14 12:50:02', 172, '2024-03-14 12:50:02', NULL, NULL),
(2093, 570, 0, 'item', 175, '2024-03-14 13:10:48', 175, '2024-03-14 13:10:48', NULL, NULL),
(2094, 570, 0, 'item', 172, '2024-03-14 14:06:22', 172, '2024-03-14 14:06:22', NULL, NULL),
(2095, 569, 0, 'item', 172, '2024-03-14 14:06:44', 172, '2024-03-14 14:06:44', NULL, NULL),
(2096, 572, 0, 'item', 175, '2024-03-14 14:35:22', 175, '2024-03-14 14:35:22', NULL, NULL),
(2097, 573, 0, 'item', 175, '2024-03-14 14:42:28', 175, '2024-03-14 14:42:28', NULL, NULL),
(2098, 574, 0, 'item', 175, '2024-03-14 14:44:56', 175, '2024-03-14 14:44:56', NULL, NULL),
(2099, 575, 0, 'item', 175, '2024-03-14 14:48:42', 175, '2024-03-14 14:48:42', NULL, NULL),
(2100, 575, 0, 'item', 175, '2024-03-14 14:53:41', 175, '2024-03-14 14:53:41', NULL, NULL),
(2101, 575, 0, 'item', 175, '2024-03-14 14:53:53', 175, '2024-03-14 14:53:53', NULL, NULL),
(2102, 580, 0, 'item', 175, '2024-03-14 15:15:16', 175, '2024-03-14 15:15:16', NULL, NULL),
(2103, 580, 0, 'item', 175, '2024-03-14 15:15:44', 175, '2024-03-14 15:15:44', NULL, NULL),
(2104, 581, 0, 'item', 175, '2024-03-14 15:17:52', 175, '2024-03-14 15:17:52', NULL, NULL),
(2105, 583, 0, 'item', 175, '2024-03-14 15:21:20', 175, '2024-03-14 15:21:20', NULL, NULL),
(2106, 584, 0, 'item', 175, '2024-03-14 15:24:02', 175, '2024-03-14 15:24:02', NULL, NULL),
(2107, 584, 0, 'item', 175, '2024-03-14 15:24:40', 175, '2024-03-14 15:24:40', NULL, NULL),
(2108, 585, 0, 'item', 175, '2024-03-14 15:27:09', 175, '2024-03-14 15:27:09', NULL, NULL),
(2109, 586, 0, 'item', 175, '2024-03-14 15:33:48', 175, '2024-03-14 15:33:48', NULL, NULL),
(2110, 22, 0, 'category', 175, '2024-03-14 15:42:06', 175, '2024-03-14 15:42:06', NULL, NULL),
(2111, 595, 0, 'item', 176, '2024-03-14 16:41:50', 176, '2024-03-14 16:41:50', NULL, NULL),
(2112, 597, 0, 'item', 176, '2024-03-14 16:56:40', 176, '2024-03-14 16:56:40', NULL, NULL),
(2113, 600, 0, 'item', 176, '2024-03-14 16:59:19', 176, '2024-03-14 16:59:19', NULL, NULL),
(2114, 602, 0, 'item', 176, '2024-03-14 17:11:02', 176, '2024-03-14 17:11:02', NULL, NULL),
(2115, 607, 0, 'item', 176, '2024-03-14 17:31:59', 176, '2024-03-14 17:31:59', NULL, NULL),
(2116, 608, 0, 'item', 176, '2024-03-14 17:32:39', 176, '2024-03-14 17:32:39', NULL, NULL),
(2117, 611, 0, 'item', 176, '2024-03-14 17:52:12', 176, '2024-03-14 17:52:12', NULL, NULL),
(2118, 613, 0, 'item', 176, '2024-03-14 17:54:43', 176, '2024-03-14 17:54:43', NULL, NULL),
(2119, 606, 0, 'item', 176, '2024-03-14 17:56:14', 176, '2024-03-14 17:56:14', NULL, NULL),
(2120, 613, 0, 'item', 176, '2024-03-14 17:56:20', 176, '2024-03-14 17:56:20', NULL, NULL),
(2121, 612, 0, 'item', 176, '2024-03-14 17:59:58', 176, '2024-03-14 17:59:58', NULL, NULL),
(2122, 616, 0, 'item', 176, '2024-03-14 18:03:12', 176, '2024-03-14 18:03:12', NULL, NULL),
(2123, 615, 0, 'item', 176, '2024-03-14 18:04:06', 176, '2024-03-14 18:04:06', NULL, NULL),
(2124, 614, 0, 'item', 176, '2024-03-14 18:04:24', 176, '2024-03-14 18:04:24', NULL, NULL),
(2125, 617, 0, 'item', 176, '2024-03-14 18:06:52', 176, '2024-03-14 18:06:52', NULL, NULL),
(2126, 618, 0, 'item', 176, '2024-03-14 18:09:18', 176, '2024-03-14 18:09:18', NULL, NULL),
(2127, 618, 0, 'item', 176, '2024-03-14 18:09:50', 176, '2024-03-14 18:09:50', NULL, NULL),
(2128, 587, 0, 'item', 1, '2024-03-15 16:09:15', 1, '2024-03-15 16:09:15', NULL, NULL),
(2129, 527, 0, 'item', 1, '2024-03-15 16:18:35', 1, '2024-03-15 16:18:35', NULL, NULL),
(2130, 527, 0, 'item', 1, '2024-03-15 16:21:31', 1, '2024-03-15 16:21:31', NULL, NULL),
(2131, 527, 0, 'item', 1, '2024-03-15 16:22:10', 1, '2024-03-15 16:22:10', NULL, NULL),
(2132, 523, 0, 'item', 1, '2024-03-15 16:22:13', 1, '2024-03-15 16:22:13', NULL, NULL),
(2133, 469, 0, 'item', 1, '2024-03-15 17:46:20', 1, '2024-03-15 17:46:20', NULL, NULL),
(2134, 567, 0, 'item', 1, '2024-03-15 17:46:58', 1, '2024-03-15 17:46:58', NULL, NULL),
(2135, 24, 0, 'category', 1, '2024-03-18 10:21:17', 1, '2024-03-18 10:21:17', NULL, NULL),
(2136, 595, 0, 'item', 1, '2024-03-18 10:24:28', 1, '2024-03-18 10:24:28', NULL, NULL),
(2137, 23, 0, 'category', 1, '2024-03-18 10:25:27', 1, '2024-03-18 10:25:27', NULL, NULL),
(2138, 451, 0, 'item', 1, '2024-03-18 12:18:31', 1, '2024-03-18 12:18:31', NULL, NULL),
(2139, 618, 0, 'item', 1, '2024-03-18 12:34:03', 1, '2024-03-18 12:34:03', NULL, NULL),
(2140, 451, 0, 'item', 1, '2024-03-18 12:36:40', 1, '2024-03-18 12:36:40', NULL, NULL),
(2141, 469, 0, 'item', 1, '2024-03-18 12:36:43', 1, '2024-03-18 12:36:43', NULL, NULL),
(2142, 451, 0, 'item', 1, '2024-03-18 14:04:36', 1, '2024-03-18 14:04:36', NULL, NULL),
(2143, 572, 0, 'item', 1, '2024-03-18 14:13:44', 1, '2024-03-18 14:13:44', NULL, NULL),
(2144, 618, 0, 'item', 1, '2024-03-18 14:19:13', 1, '2024-03-18 14:19:13', NULL, NULL),
(2145, 572, 0, 'item', 1, '2024-03-18 14:23:02', 1, '2024-03-18 14:23:02', NULL, NULL),
(2146, 533, 0, 'item', 1, '2024-03-18 14:28:04', 1, '2024-03-18 14:28:04', NULL, NULL),
(2147, 533, 0, 'item', 1, '2024-03-18 14:28:43', 1, '2024-03-18 14:28:43', NULL, NULL),
(2148, 532, 0, 'item', 1, '2024-03-18 14:31:21', 1, '2024-03-18 14:31:21', NULL, NULL),
(2149, 532, 0, 'item', 1, '2024-03-18 14:31:59', 1, '2024-03-18 14:31:59', NULL, NULL),
(2150, 531, 0, 'item', 1, '2024-03-18 14:33:01', 1, '2024-03-18 14:33:01', NULL, NULL),
(2151, 531, 0, 'item', 1, '2024-03-18 14:33:59', 1, '2024-03-18 14:33:59', NULL, NULL),
(2152, 530, 0, 'item', 1, '2024-03-18 14:34:33', 1, '2024-03-18 14:34:33', NULL, NULL),
(2153, 530, 0, 'item', 1, '2024-03-18 14:35:05', 1, '2024-03-18 14:35:05', NULL, NULL),
(2154, 529, 0, 'item', 1, '2024-03-18 14:35:57', 1, '2024-03-18 14:35:57', NULL, NULL),
(2155, 529, 0, 'item', 1, '2024-03-18 14:36:33', 1, '2024-03-18 14:36:33', NULL, NULL),
(2156, 618, 0, 'item', 1, '2024-03-18 14:59:06', 1, '2024-03-18 14:59:06', NULL, NULL),
(2157, 528, 0, 'item', 1, '2024-03-18 15:02:23', 1, '2024-03-18 15:02:23', NULL, NULL),
(2158, 528, 0, 'item', 1, '2024-03-18 15:07:00', 1, '2024-03-18 15:07:00', NULL, NULL),
(2159, 527, 0, 'item', 1, '2024-03-18 15:07:35', 1, '2024-03-18 15:07:35', NULL, NULL),
(2160, 527, 0, 'item', 1, '2024-03-18 15:18:11', 1, '2024-03-18 15:18:11', NULL, NULL),
(2161, 525, 0, 'item', 1, '2024-03-18 15:19:27', 1, '2024-03-18 15:19:27', NULL, NULL),
(2162, 525, 0, 'item', 1, '2024-03-18 15:19:51', 1, '2024-03-18 15:19:51', NULL, NULL),
(2163, 524, 0, 'item', 1, '2024-03-18 15:31:52', 1, '2024-03-18 15:31:52', NULL, NULL),
(2164, 523, 0, 'item', 1, '2024-03-18 15:36:23', 1, '2024-03-18 15:36:23', NULL, NULL),
(2165, 616, 0, 'item', 1, '2024-03-18 15:38:29', 1, '2024-03-18 15:38:29', NULL, NULL),
(2166, 521, 0, 'item', 1, '2024-03-18 15:41:02', 1, '2024-03-18 15:41:02', NULL, NULL),
(2167, 521, 0, 'item', 1, '2024-03-18 15:50:12', 1, '2024-03-18 15:50:12', NULL, NULL),
(2168, 519, 0, 'item', 1, '2024-03-18 15:50:22', 1, '2024-03-18 15:50:22', NULL, NULL),
(2169, 517, 0, 'item', 1, '2024-03-18 15:53:58', 1, '2024-03-18 15:53:58', NULL, NULL),
(2170, 20, 0, 'category', 1, '2024-03-18 16:10:40', 1, '2024-03-18 16:10:40', NULL, NULL),
(2171, 551, 0, 'item', 1, '2024-03-18 16:12:44', 1, '2024-03-18 16:12:44', NULL, NULL),
(2172, 537, 0, 'item', 1, '2024-03-18 16:13:51', 1, '2024-03-18 16:13:51', NULL, NULL),
(2173, 515, 0, 'item', 1, '2024-03-18 16:22:28', 1, '2024-03-18 16:22:28', NULL, NULL),
(2174, 514, 0, 'item', 1, '2024-03-18 16:46:25', 1, '2024-03-18 16:46:25', NULL, NULL),
(2175, 589, 0, 'item', 1, '2024-03-18 16:50:12', 1, '2024-03-18 16:50:12', NULL, NULL),
(2176, 513, 0, 'item', 1, '2024-03-18 16:50:32', 1, '2024-03-18 16:50:32', NULL, NULL),
(2177, 510, 0, 'item', 1, '2024-03-18 16:53:08', 1, '2024-03-18 16:53:08', NULL, NULL),
(2178, 508, 0, 'item', 1, '2024-03-18 17:03:22', 1, '2024-03-18 17:03:22', NULL, NULL),
(2179, 506, 0, 'item', 1, '2024-03-18 17:10:25', 1, '2024-03-18 17:10:25', NULL, NULL),
(2180, 506, 0, 'item', 1, '2024-03-18 17:12:27', 1, '2024-03-18 17:12:27', NULL, NULL),
(2181, 505, 0, 'item', 1, '2024-03-18 17:12:43', 1, '2024-03-18 17:12:43', NULL, NULL),
(2182, 497, 0, 'item', 1, '2024-03-18 17:33:03', 1, '2024-03-18 17:33:03', NULL, NULL),
(2183, 497, 0, 'item', 1, '2024-03-18 17:33:34', 1, '2024-03-18 17:33:34', NULL, NULL),
(2184, 497, 0, 'item', 1, '2024-03-18 17:33:47', 1, '2024-03-18 17:33:47', NULL, NULL),
(2185, 497, 0, 'item', 1, '2024-03-18 17:34:17', 1, '2024-03-18 17:34:17', NULL, NULL),
(2186, 496, 0, 'item', 1, '2024-03-18 17:34:57', 1, '2024-03-18 17:34:57', NULL, NULL),
(2187, 19, 0, 'category', 1, '2024-03-18 17:37:06', 1, '2024-03-18 17:37:06', NULL, NULL),
(2188, 596, 0, 'item', 1, '2024-03-18 17:37:59', 1, '2024-03-18 17:37:59', NULL, NULL),
(2189, 22, 0, 'category', 1, '2024-03-18 17:39:31', 1, '2024-03-18 17:39:31', NULL, NULL),
(2190, 618, 0, 'item', 1, '2024-03-18 17:42:51', 1, '2024-03-18 17:42:51', NULL, NULL),
(2191, 482, 0, 'item', 1, '2024-03-18 17:43:24', 1, '2024-03-18 17:43:24', NULL, NULL),
(2192, 496, 0, 'item', 1, '2024-03-18 17:44:04', 1, '2024-03-18 17:44:04', NULL, NULL),
(2193, 586, 0, 'item', 1, '2024-03-18 17:44:05', 1, '2024-03-18 17:44:05', NULL, NULL),
(2194, 493, 0, 'item', 1, '2024-03-18 17:44:22', 1, '2024-03-18 17:44:22', NULL, NULL),
(2195, 591, 0, 'item', 1, '2024-03-18 17:45:21', 1, '2024-03-18 17:45:21', NULL, NULL),
(2196, 618, 0, 'item', 1, '2024-03-18 18:27:22', 1, '2024-03-18 18:27:22', NULL, NULL),
(2197, 618, 0, 'item', 1, '2024-03-18 18:27:46', 1, '2024-03-18 18:27:46', NULL, NULL),
(2204, 24, 0, 'category', 1, '2024-03-19 12:22:22', 1, '2024-03-19 12:22:22', NULL, NULL),
(2206, 620, 0, 'item', 1, '2024-03-19 12:45:38', 1, '2024-03-19 12:45:38', NULL, NULL),
(2207, 620, 0, 'item', 1, '2024-03-19 12:46:06', 1, '2024-03-19 12:46:06', NULL, NULL),
(2208, 620, 0, 'item', 1, '2024-03-19 12:46:11', 1, '2024-03-19 12:46:11', NULL, NULL),
(2209, 469, 0, 'item', 1, '2024-03-19 14:30:20', 1, '2024-03-19 14:30:20', NULL, NULL),
(2210, 486, 0, 'item', 1, '2024-03-19 14:30:29', 1, '2024-03-19 14:30:29', NULL, NULL),
(2211, 486, 0, 'item', 1, '2024-03-19 14:30:36', 1, '2024-03-19 14:30:36', NULL, NULL),
(2212, 501, 0, 'item', 1, '2024-03-19 14:51:27', 1, '2024-03-19 14:51:27', NULL, NULL),
(2213, 594, 0, 'item', 1, '2024-03-19 15:28:04', 1, '2024-03-19 15:28:04', NULL, NULL),
(2214, 605, 0, 'item', 1, '2024-03-19 15:28:15', 1, '2024-03-19 15:28:15', NULL, NULL),
(2215, 451, 0, 'item', 1, '2024-03-19 15:29:09', 1, '2024-03-19 15:29:09', NULL, NULL),
(2216, 572, 0, 'item', 1, '2024-03-19 15:44:02', 1, '2024-03-19 15:44:02', NULL, NULL),
(2217, 501, 0, 'item', 1, '2024-03-19 15:44:30', 1, '2024-03-19 15:44:30', NULL, NULL),
(2218, 575, 0, 'item', 1, '2024-03-19 15:44:35', 1, '2024-03-19 15:44:35', NULL, NULL),
(2219, 566, 0, 'item', 1, '2024-03-19 15:44:47', 1, '2024-03-19 15:44:47', NULL, NULL),
(2220, 566, 0, 'item', 1, '2024-03-19 16:19:41', 1, '2024-03-19 16:19:41', NULL, NULL),
(2221, 604, 0, 'item', 1, '2024-03-19 16:20:41', 1, '2024-03-19 16:20:41', NULL, NULL),
(2222, 603, 0, 'item', 172, '2024-03-19 16:31:35', 172, '2024-03-19 16:31:35', NULL, NULL),
(2223, 567, 0, 'item', 1, '2024-03-19 16:38:04', 1, '2024-03-19 16:38:04', NULL, NULL),
(2224, 566, 0, 'item', 1, '2024-03-19 16:53:18', 1, '2024-03-19 16:53:18', NULL, NULL),
(2225, 576, 0, 'item', 1, '2024-03-19 16:53:28', 1, '2024-03-19 16:53:28', NULL, NULL),
(2226, 486, 0, 'item', 1, '2024-03-19 16:53:48', 1, '2024-03-19 16:53:48', NULL, NULL),
(2227, 610, 0, 'item', 1, '2024-03-19 16:53:56', 1, '2024-03-19 16:53:56', NULL, NULL),
(2228, 524, 0, 'item', 1, '2024-03-19 16:54:13', 1, '2024-03-19 16:54:13', NULL, NULL),
(2229, 524, 0, 'item', 1, '2024-03-19 17:00:50', 1, '2024-03-19 17:00:50', NULL, NULL),
(2230, 524, 0, 'item', 1, '2024-03-19 17:00:56', 1, '2024-03-19 17:00:56', NULL, NULL),
(2231, 524, 0, 'item', 1, '2024-03-19 17:01:01', 1, '2024-03-19 17:01:01', NULL, NULL),
(2232, 613, 0, 'item', 1, '2024-03-19 17:10:53', 1, '2024-03-19 17:10:53', NULL, NULL),
(2233, 613, 0, 'item', 1, '2024-03-19 17:10:57', 1, '2024-03-19 17:10:57', NULL, NULL),
(2234, 603, 0, 'item', 172, '2024-03-19 17:11:27', 172, '2024-03-19 17:11:27', NULL, NULL),
(2235, 19, 0, 'category', 173, '2024-03-25 12:25:25', 173, '2024-03-25 12:25:25', NULL, NULL),
(2236, 603, 0, 'item', 173, '2024-03-25 12:26:09', 173, '2024-03-25 12:26:09', NULL, NULL),
(2237, 22, 0, 'category', 172, '2024-03-25 14:24:09', 172, '2024-03-25 14:24:09', NULL, NULL),
(2238, 583, 0, 'item', 172, '2024-03-25 14:26:03', 172, '2024-03-25 14:26:03', NULL, NULL),
(2239, 21, 0, 'category', 1, '2024-03-25 14:30:27', 1, '2024-03-25 14:30:27', NULL, NULL),
(2240, 499, 0, 'item', 1, '2024-03-25 14:30:38', 1, '2024-03-25 14:30:38', NULL, NULL),
(2241, 621, 0, 'item', 1, '2024-03-25 14:36:53', 1, '2024-03-25 14:36:53', NULL, NULL),
(2242, 20, 0, 'category', 1, '2024-03-25 14:44:57', 1, '2024-03-25 14:44:57', NULL, NULL),
(2243, 621, 0, 'item', 1, '2024-03-25 14:45:10', 1, '2024-03-25 14:45:10', NULL, NULL),
(2244, 618, 0, 'item', 1, '2024-03-25 16:23:42', 1, '2024-03-25 16:23:42', NULL, NULL),
(2245, 21, 0, 'category', 173, '2024-03-25 16:26:07', 173, '2024-03-25 16:26:07', NULL, NULL),
(2246, 587, 0, 'item', 173, '2024-03-25 16:30:45', 173, '2024-03-25 16:30:45', NULL, NULL),
(2247, 562, 0, 'item', 1, '2024-03-25 16:44:02', 1, '2024-03-25 16:44:02', NULL, NULL),
(2248, 587, 0, 'item', 1, '2024-03-28 10:43:53', 1, '2024-03-28 10:43:53', NULL, NULL),
(2249, 534, 0, 'item', 1, '2024-03-28 10:43:57', 1, '2024-03-28 10:43:57', NULL, NULL),
(2250, 527, 0, 'item', 1, '2024-03-28 10:43:59', 1, '2024-03-28 10:43:59', NULL, NULL),
(2251, 451, 0, 'item', 1, '2024-03-28 11:06:13', 1, '2024-03-28 11:06:13', NULL, NULL),
(2252, 616, 0, 'item', 1, '2024-03-28 12:44:39', 1, '2024-03-28 12:44:39', NULL, NULL),
(2253, 486, 0, 'item', 1, '2024-03-28 12:45:37', 1, '2024-03-28 12:45:37', NULL, NULL),
(2254, 569, 0, 'item', 1, '2024-03-28 12:46:21', 1, '2024-03-28 12:46:21', NULL, NULL),
(2255, 451, 0, 'item', 1, '2024-03-28 12:48:05', 1, '2024-03-28 12:48:05', NULL, NULL),
(2256, 451, 0, 'item', 1, '2024-04-08 16:31:04', 1, '2024-04-08 16:31:04', NULL, NULL),
(2257, 618, 0, 'item', 1, '2024-04-08 16:31:22', 1, '2024-04-08 16:31:22', NULL, NULL),
(2258, 524, 0, 'item', 1, '2024-04-08 16:31:25', 1, '2024-04-08 16:31:25', NULL, NULL),
(2259, 616, 0, 'item', 1, '2024-04-08 16:31:31', 1, '2024-04-08 16:31:31', NULL, NULL),
(2260, 605, 0, 'item', 1, '2024-04-08 16:31:36', 1, '2024-04-08 16:31:36', NULL, NULL),
(2261, 451, 0, 'item', 1, '2024-04-08 16:31:59', 1, '2024-04-08 16:31:59', NULL, NULL),
(2262, 618, 0, 'item', 1, '2024-04-08 16:40:47', 1, '2024-04-08 16:40:47', NULL, NULL),
(2263, 618, 0, 'item', 1, '2024-04-08 16:40:54', 1, '2024-04-08 16:40:54', NULL, NULL),
(2264, 451, 0, 'item', 178, '2024-04-08 16:47:08', 1, '2024-04-08 16:47:08', NULL, NULL),
(2265, 451, 0, 'item', 1, '2024-04-08 17:01:57', 1, '2024-04-08 17:01:57', NULL, NULL),
(2266, 451, 0, 'item', 1, '2024-04-08 17:38:28', 1, '2024-04-08 17:38:28', NULL, NULL),
(2267, 451, 0, 'item', 1, '2024-04-08 17:38:34', 1, '2024-04-08 17:38:34', NULL, NULL),
(2268, 451, 0, 'item', 1, '2024-04-08 17:59:42', 1, '2024-04-08 17:59:42', NULL, NULL),
(2269, 451, 0, 'item', 1, '2024-04-08 18:18:56', 1, '2024-04-08 18:18:56', NULL, NULL),
(2270, 608, 0, 'item', 1, '2024-04-09 10:08:46', 1, '2024-04-09 10:08:46', NULL, NULL),
(2271, 580, 0, 'item', 1, '2024-04-09 10:09:20', 1, '2024-04-09 10:09:20', NULL, NULL),
(2272, 489, 0, 'item', 1, '2024-04-09 10:09:40', 1, '2024-04-09 10:09:40', NULL, NULL),
(2273, 587, 0, 'item', 1, '2024-04-09 10:20:16', 1, '2024-04-09 10:20:16', NULL, NULL),
(2274, 587, 0, 'item', 1, '2024-04-09 10:21:07', 1, '2024-04-09 10:21:07', NULL, NULL),
(2275, 587, 0, 'item', 1, '2024-04-09 10:22:21', 1, '2024-04-09 10:22:21', NULL, NULL),
(2276, 534, 0, 'item', 1, '2024-04-09 10:23:52', 1, '2024-04-09 10:23:52', NULL, NULL),
(2277, 451, 0, 'item', 1, '2024-04-09 10:24:31', 1, '2024-04-09 10:24:31', NULL, NULL),
(2278, 22, 0, 'category', 1, '2024-04-09 10:33:03', 1, '2024-04-09 10:33:03', NULL, NULL),
(2279, 557, 0, 'item', 1, '2024-04-09 10:33:32', 1, '2024-04-09 10:33:32', NULL, NULL),
(2280, 618, 0, 'item', 1, '2024-04-09 10:54:11', 1, '2024-04-09 10:54:11', NULL, NULL),
(2281, 587, 0, 'item', 1, '2024-04-09 11:01:00', 1, '2024-04-09 11:01:00', NULL, NULL),
(2282, 534, 0, 'item', 1, '2024-04-09 11:02:06', 1, '2024-04-09 11:02:06', NULL, NULL),
(2283, 476, 0, 'item', 1, '2024-04-09 11:03:31', 1, '2024-04-09 11:03:31', NULL, NULL),
(2284, 534, 0, 'item', 1, '2024-04-09 11:04:59', 1, '2024-04-09 11:04:59', NULL, NULL),
(2285, 534, 0, 'item', 1, '2024-04-09 11:05:40', 1, '2024-04-09 11:05:40', NULL, NULL),
(2286, 523, 0, 'item', 1, '2024-04-09 11:06:05', 1, '2024-04-09 11:06:05', NULL, NULL),
(2287, 494, 0, 'item', 1, '2024-04-09 11:06:52', 1, '2024-04-09 11:06:52', NULL, NULL),
(2288, 593, 0, 'item', 174, '2024-04-09 11:08:56', 174, '2024-04-09 11:08:56', NULL, NULL),
(2289, 521, 0, 'item', 174, '2024-04-09 11:09:41', 174, '2024-04-09 11:09:41', NULL, NULL),
(2290, 509, 0, 'item', 174, '2024-04-09 11:10:46', 174, '2024-04-09 11:10:46', NULL, NULL),
(2291, 509, 0, 'item', 174, '2024-04-09 11:11:36', 174, '2024-04-09 11:11:36', NULL, NULL),
(2292, 457, 0, 'item', 1, '2024-04-09 11:13:37', 1, '2024-04-09 11:13:37', NULL, NULL),
(2293, 451, 0, 'item', 1, '2024-04-09 11:13:47', 1, '2024-04-09 11:13:47', NULL, NULL),
(2294, 451, 0, 'item', 1, '2024-04-09 11:13:54', 1, '2024-04-09 11:13:54', NULL, NULL),
(2295, 617, 0, 'item', 1, '2024-04-09 11:17:12', 1, '2024-04-09 11:17:12', NULL, NULL),
(2296, 617, 0, 'item', 1, '2024-04-09 11:17:22', 1, '2024-04-09 11:17:22', NULL, NULL),
(2297, 616, 0, 'item', 1, '2024-04-09 11:35:59', 1, '2024-04-09 11:35:59', NULL, NULL),
(2298, 616, 0, 'item', 1, '2024-04-09 11:36:31', 1, '2024-04-09 11:36:31', NULL, NULL),
(2299, 617, 0, 'item', 1, '2024-04-09 11:36:43', 1, '2024-04-09 11:36:43', NULL, NULL),
(2300, 617, 0, 'item', 1, '2024-04-09 11:37:05', 1, '2024-04-09 11:37:05', NULL, NULL),
(2301, 617, 0, 'item', 1, '2024-04-09 11:37:17', 1, '2024-04-09 11:37:17', NULL, NULL),
(2302, 617, 0, 'item', 1, '2024-04-09 11:37:20', 1, '2024-04-09 11:37:20', NULL, NULL),
(2303, 618, 0, 'item', 1, '2024-04-09 11:38:12', 1, '2024-04-09 11:38:12', NULL, NULL),
(2304, 524, 0, 'item', 1, '2024-04-09 11:43:35', 1, '2024-04-09 11:43:35', NULL, NULL),
(2305, 605, 0, 'item', 1, '2024-04-09 11:46:19', 1, '2024-04-09 11:46:19', NULL, NULL),
(2306, 601, 0, 'item', 1, '2024-04-09 11:48:22', 1, '2024-04-09 11:48:22', NULL, NULL),
(2307, 21, 0, 'category', 1, '2024-04-09 12:15:47', 1, '2024-04-09 12:15:47', NULL, NULL),
(2308, 21, 0, 'category', 1, '2024-04-09 12:17:24', 1, '2024-04-09 12:17:24', NULL, NULL),
(2309, 20, 0, 'category', 1, '2024-04-09 12:17:29', 1, '2024-04-09 12:17:29', NULL, NULL),
(2310, 17, 0, 'category', 1, '2024-04-09 12:17:36', 1, '2024-04-09 12:17:36', NULL, NULL),
(2311, 22, 0, 'category', 1, '2024-04-09 12:17:44', 1, '2024-04-09 12:17:44', NULL, NULL),
(2312, 24, 0, 'category', 1, '2024-04-09 12:17:52', 1, '2024-04-09 12:17:52', NULL, NULL),
(2313, 18, 0, 'category', 1, '2024-04-09 12:18:00', 1, '2024-04-09 12:18:00', NULL, NULL),
(2314, 23, 0, 'category', 1, '2024-04-09 12:19:18', 1, '2024-04-09 12:19:18', NULL, NULL),
(2315, 23, 0, 'category', 1, '2024-04-09 12:19:35', 1, '2024-04-09 12:19:35', NULL, NULL),
(2316, 19, 0, 'category', 1, '2024-04-09 12:19:48', 1, '2024-04-09 12:19:48', NULL, NULL),
(2317, 587, 0, 'item', 180, '2024-04-09 12:36:52', 1, '2024-04-09 12:36:52', NULL, NULL),
(2318, 492, 0, 'item', 180, '2024-04-09 12:37:00', 1, '2024-04-09 12:37:00', NULL, NULL),
(2319, 624, 0, 'item', 180, '2024-04-09 12:54:51', 1, '2024-04-09 12:54:51', NULL, NULL),
(2320, 622, 0, 'item', 180, '2024-04-09 12:54:58', 1, '2024-04-09 12:54:58', NULL, NULL),
(2321, 580, 0, 'item', 179, '2024-04-09 13:01:41', 1, '2024-04-09 13:01:41', NULL, NULL),
(2322, 489, 0, 'item', 179, '2024-04-09 13:01:58', 1, '2024-04-09 13:01:58', NULL, NULL),
(2323, 482, 0, 'item', 179, '2024-04-09 13:03:39', 1, '2024-04-09 13:03:39', NULL, NULL),
(2324, 623, 0, 'item', 1, '2024-04-09 13:11:53', 1, '2024-04-09 13:11:53', NULL, NULL),
(2325, 624, 0, 'item', 1, '2024-04-09 13:15:29', 1, '2024-04-09 13:15:29', NULL, NULL),
(2326, 625, 0, 'item', 1, '2024-04-09 13:29:43', 1, '2024-04-09 13:29:43', NULL, NULL),
(2327, 622, 0, 'item', 1, '2024-04-09 13:29:54', 1, '2024-04-09 13:29:54', NULL, NULL),
(2328, 624, 0, 'item', 1, '2024-04-09 13:30:08', 1, '2024-04-09 13:30:08', NULL, NULL),
(2329, 587, 0, 'item', 1, '2024-04-09 13:50:40', 1, '2024-04-09 13:50:40', NULL, NULL),
(2330, 587, 0, 'item', 1, '2024-04-09 13:50:56', 1, '2024-04-09 13:50:56', NULL, NULL),
(2331, 523, 0, 'item', 1, '2024-04-09 13:51:02', 1, '2024-04-09 13:51:02', NULL, NULL),
(2332, 494, 0, 'item', 1, '2024-04-09 13:53:05', 1, '2024-04-09 13:53:05', NULL, NULL),
(2333, 587, 0, 'item', 1, '2024-04-09 13:53:22', 1, '2024-04-09 13:53:22', NULL, NULL),
(2334, 527, 0, 'item', 1, '2024-04-09 13:53:47', 1, '2024-04-09 13:53:47', NULL, NULL),
(2335, 527, 0, 'item', 1, '2024-04-09 13:54:03', 1, '2024-04-09 13:54:03', NULL, NULL),
(2336, 587, 0, 'item', 1, '2024-04-09 13:54:51', 1, '2024-04-09 13:54:51', NULL, NULL),
(2337, 587, 0, 'item', 1, '2024-04-09 13:56:56', 1, '2024-04-09 13:56:56', NULL, NULL),
(2338, 587, 0, 'item', 1, '2024-04-09 14:12:41', 1, '2024-04-09 14:12:41', NULL, NULL),
(2339, 527, 0, 'item', 1, '2024-04-09 14:14:36', 1, '2024-04-09 14:14:36', NULL, NULL),
(2340, 527, 0, 'item', 1, '2024-04-09 14:14:49', 1, '2024-04-09 14:14:49', NULL, NULL),
(2341, 527, 0, 'item', 1, '2024-04-09 14:18:52', 1, '2024-04-09 14:18:52', NULL, NULL),
(2342, 587, 0, 'item', 1, '2024-04-09 14:21:22', 1, '2024-04-09 14:21:22', NULL, NULL),
(2343, 457, 0, 'item', 179, '2024-04-09 14:27:33', 1, '2024-04-09 14:27:33', NULL, NULL),
(2344, 457, 0, 'item', 179, '2024-04-09 14:27:52', 1, '2024-04-09 14:27:52', NULL, NULL),
(2345, 492, 0, 'item', 179, '2024-04-09 14:28:19', 1, '2024-04-09 14:28:19', NULL, NULL),
(2346, 492, 0, 'item', 179, '2024-04-09 14:28:52', 1, '2024-04-09 14:28:52', NULL, NULL),
(2347, 455, 0, 'item', 179, '2024-04-09 14:31:37', 1, '2024-04-09 14:31:37', NULL, NULL),
(2348, 593, 0, 'item', 1, '2024-04-09 14:31:43', 1, '2024-04-09 14:31:43', NULL, NULL),
(2349, 521, 0, 'item', 1, '2024-04-09 14:31:50', 1, '2024-04-09 14:31:50', NULL, NULL),
(2350, 492, 0, 'item', 179, '2024-04-09 14:32:04', 1, '2024-04-09 14:32:04', NULL, NULL),
(2351, 618, 0, 'item', 181, '2024-04-09 14:32:11', 1, '2024-04-09 14:32:11', NULL, NULL),
(2352, 469, 0, 'item', 1, '2024-04-09 14:32:12', 1, '2024-04-09 14:32:12', NULL, NULL),
(2353, 587, 0, 'item', 1, '2024-04-09 14:33:32', 1, '2024-04-09 14:33:32', NULL, NULL),
(2354, 527, 0, 'item', 1, '2024-04-09 14:33:36', 1, '2024-04-09 14:33:36', NULL, NULL),
(2355, 523, 0, 'item', 1, '2024-04-09 14:34:38', 1, '2024-04-09 14:34:38', NULL, NULL),
(2356, 489, 0, 'item', 1, '2024-04-09 14:34:44', 1, '2024-04-09 14:34:44', NULL, NULL),
(2357, 451, 0, 'item', 1, '2024-04-09 14:34:46', 1, '2024-04-09 14:34:46', NULL, NULL),
(2358, 463, 0, 'item', 1, '2024-04-09 14:34:49', 1, '2024-04-09 14:34:49', NULL, NULL),
(2359, 492, 0, 'item', 179, '2024-04-09 14:34:53', 1, '2024-04-09 14:34:53', NULL, NULL),
(2360, 492, 0, 'item', 1, '2024-04-09 14:36:19', 1, '2024-04-09 14:36:19', NULL, NULL),
(2361, 489, 0, 'item', 1, '2024-04-09 14:42:35', 1, '2024-04-09 14:42:35', NULL, NULL),
(2362, 489, 0, 'item', 1, '2024-04-09 14:42:39', 1, '2024-04-09 14:42:39', NULL, NULL),
(2363, 492, 0, 'item', 179, '2024-04-09 14:44:35', 1, '2024-04-09 14:44:35', NULL, NULL),
(2364, 482, 0, 'item', 179, '2024-04-09 14:48:29', 1, '2024-04-09 14:48:29', NULL, NULL),
(2365, 482, 0, 'item', 179, '2024-04-09 14:48:35', 1, '2024-04-09 14:48:35', NULL, NULL),
(2366, 482, 0, 'item', 179, '2024-04-09 14:48:38', 1, '2024-04-09 14:48:38', NULL, NULL),
(2367, 482, 0, 'item', 179, '2024-04-09 14:48:41', 1, '2024-04-09 14:48:41', NULL, NULL),
(2368, 618, 0, 'item', 181, '2024-04-09 14:53:14', 1, '2024-04-09 14:53:14', NULL, NULL),
(2369, 492, 0, 'item', 1, '2024-04-09 15:22:00', 1, '2024-04-09 15:22:00', NULL, NULL),
(2370, 492, 0, 'item', 1, '2024-04-09 15:22:06', 1, '2024-04-09 15:22:06', NULL, NULL),
(2371, 489, 0, 'item', 1, '2024-04-09 15:22:11', 1, '2024-04-09 15:22:11', NULL, NULL),
(2372, 454, 0, 'item', 1, '2024-04-09 15:22:25', 1, '2024-04-09 15:22:25', NULL, NULL),
(2373, 482, 0, 'item', 1, '2024-04-09 15:22:46', 1, '2024-04-09 15:22:46', NULL, NULL),
(2374, 489, 0, 'item', 1, '2024-04-09 15:22:58', 1, '2024-04-09 15:22:58', NULL, NULL),
(2375, 482, 0, 'item', 1, '2024-04-09 15:23:20', 1, '2024-04-09 15:23:20', NULL, NULL),
(2376, 489, 0, 'item', 1, '2024-04-09 15:23:27', 1, '2024-04-09 15:23:27', NULL, NULL),
(2377, 557, 0, 'item', 179, '2024-04-09 15:25:59', 1, '2024-04-09 15:25:59', NULL, NULL),
(2378, 618, 0, 'item', 179, '2024-04-09 15:26:36', 1, '2024-04-09 15:26:36', NULL, NULL),
(2379, 489, 0, 'item', 181, '2024-04-09 15:59:27', 1, '2024-04-09 15:59:27', NULL, NULL),
(2380, 618, 0, 'item', 181, '2024-04-09 16:00:39', 1, '2024-04-09 16:00:39', NULL, NULL),
(2381, 618, 0, 'item', 181, '2024-04-09 16:00:59', 1, '2024-04-09 16:00:59', NULL, NULL),
(2382, 489, 0, 'item', 1, '2024-04-09 16:03:26', 1, '2024-04-09 16:03:26', NULL, NULL),
(2383, 489, 0, 'item', 1, '2024-04-09 16:03:51', 1, '2024-04-09 16:03:51', NULL, NULL),
(2384, 489, 0, 'item', 1, '2024-04-09 16:04:11', 1, '2024-04-09 16:04:11', NULL, NULL),
(2385, 618, 0, 'item', 181, '2024-04-09 16:05:00', 1, '2024-04-09 16:05:00', NULL, NULL),
(2386, 618, 0, 'item', 181, '2024-04-09 16:05:32', 1, '2024-04-09 16:05:32', NULL, NULL),
(2387, 489, 0, 'item', 1, '2024-04-09 16:10:44', 1, '2024-04-09 16:10:44', NULL, NULL),
(2388, 618, 0, 'item', 181, '2024-04-09 16:21:21', 1, '2024-04-09 16:21:21', NULL, NULL),
(2389, 489, 0, 'item', 181, '2024-04-09 16:21:44', 1, '2024-04-09 16:21:44', NULL, NULL),
(2390, 489, 0, 'item', 181, '2024-04-09 16:22:22', 1, '2024-04-09 16:22:22', NULL, NULL),
(2391, 618, 0, 'item', 181, '2024-04-09 16:31:30', 1, '2024-04-09 16:31:30', NULL, NULL),
(2392, 489, 0, 'item', 1, '2024-04-09 16:35:45', 1, '2024-04-09 16:35:45', NULL, NULL),
(2393, 587, 0, 'item', 1, '2024-04-09 16:36:41', 1, '2024-04-09 16:36:41', NULL, NULL),
(2394, 587, 0, 'item', 1, '2024-04-09 16:36:46', 1, '2024-04-09 16:36:46', NULL, NULL),
(2395, 523, 0, 'item', 1, '2024-04-09 16:36:48', 1, '2024-04-09 16:36:48', NULL, NULL),
(2396, 489, 0, 'item', 1, '2024-04-09 16:47:40', 1, '2024-04-09 16:47:40', NULL, NULL),
(2397, 613, 0, 'item', 1, '2024-04-10 10:22:22', 1, '2024-04-10 10:22:22', NULL, NULL),
(2398, 618, 0, 'item', 1, '2024-04-10 13:49:24', 1, '2024-04-10 13:49:24', NULL, NULL),
(2399, 527, 0, 'item', 1, '2024-04-10 13:50:30', 1, '2024-04-10 13:50:30', NULL, NULL),
(2400, 593, 0, 'item', 1, '2024-04-10 18:24:13', 1, '2024-04-10 18:24:13', NULL, NULL),
(2401, 618, 0, 'item', 1, '2024-04-10 18:24:26', 1, '2024-04-10 18:24:26', NULL, NULL),
(2402, 489, 0, 'item', 1, '2024-04-10 18:24:31', 1, '2024-04-10 18:24:31', NULL, NULL),
(2403, 593, 0, 'item', 1, '2024-04-10 18:24:40', 1, '2024-04-10 18:24:40', NULL, NULL),
(2404, 527, 0, 'item', 1, '2024-04-10 18:24:56', 1, '2024-04-10 18:24:56', NULL, NULL),
(2405, 527, 0, 'item', 1, '2024-04-10 18:26:07', 1, '2024-04-10 18:26:07', NULL, NULL),
(2406, 618, 0, 'item', 1, '2024-04-10 18:29:59', 1, '2024-04-10 18:29:59', NULL, NULL),
(2407, 489, 0, 'item', 1, '2024-04-10 18:30:06', 1, '2024-04-10 18:30:06', NULL, NULL),
(2408, 616, 0, 'item', 1, '2024-04-10 18:30:09', 1, '2024-04-10 18:30:09', NULL, NULL),
(2409, 613, 0, 'item', 1, '2024-04-10 18:30:12', 1, '2024-04-10 18:30:12', NULL, NULL),
(2410, 618, 0, 'item', 1, '2024-04-10 18:30:37', 1, '2024-04-10 18:30:37', NULL, NULL),
(2411, 617, 0, 'item', 1, '2024-04-10 18:30:40', 1, '2024-04-10 18:30:40', NULL, NULL),
(2412, 616, 0, 'item', 1, '2024-04-10 18:30:45', 1, '2024-04-10 18:30:45', NULL, NULL),
(2413, 593, 0, 'item', 1, '2024-04-10 18:30:48', 1, '2024-04-10 18:30:48', NULL, NULL),
(2414, 615, 0, 'item', 1, '2024-04-10 18:30:53', 1, '2024-04-10 18:30:53', NULL, NULL),
(2415, 527, 0, 'item', 1, '2024-04-10 18:30:58', 1, '2024-04-10 18:30:58', NULL, NULL),
(2416, 593, 0, 'item', 1, '2024-04-10 18:31:02', 1, '2024-04-10 18:31:02', NULL, NULL),
(2417, 617, 0, 'item', 1, '2024-04-11 10:07:42', 1, '2024-04-11 10:07:42', NULL, NULL),
(2418, 616, 0, 'item', 1, '2024-04-11 10:11:56', 1, '2024-04-11 10:11:56', NULL, NULL),
(2419, 616, 0, 'item', 1, '2024-04-11 11:05:05', 1, '2024-04-11 11:05:05', NULL, NULL),
(2420, 593, 0, 'item', 1, '2024-04-11 11:07:34', 1, '2024-04-11 11:07:34', NULL, NULL),
(2421, 593, 0, 'item', 1, '2024-04-11 11:07:52', 1, '2024-04-11 11:07:52', NULL, NULL),
(2422, 617, 0, 'item', 183, '2024-04-11 11:19:39', 183, '2024-04-11 11:19:39', NULL, NULL),
(2423, 453, 0, 'item', 183, '2024-04-11 11:19:48', 183, '2024-04-11 11:19:48', NULL, NULL),
(2424, 527, 0, 'item', 183, '2024-04-11 12:24:36', 183, '2024-04-11 12:24:36', NULL, NULL),
(2425, 587, 0, 'item', 1, '2024-04-11 12:25:40', 1, '2024-04-11 12:25:40', NULL, NULL),
(2426, 616, 0, 'item', 1, '2024-04-11 12:29:52', 1, '2024-04-11 12:29:52', NULL, NULL),
(2427, 587, 0, 'item', 1, '2024-04-11 12:36:26', 1, '2024-04-11 12:36:26', NULL, NULL),
(2428, 587, 0, 'item', 1, '2024-04-11 14:04:42', 1, '2024-04-11 14:04:42', NULL, NULL),
(2429, 18, 0, 'category', 1, '2024-04-11 14:20:09', 1, '2024-04-11 14:20:09', NULL, NULL);

-- --------------------------------------------------------

--
-- Table structure for table `psx_transaction_counts`
--

CREATE TABLE `psx_transaction_counts` (
  `id` bigint(20) UNSIGNED NOT NULL,
  `transaction_header_id` bigint(20) UNSIGNED NOT NULL,
  `item_id` bigint(20) UNSIGNED DEFAULT NULL,
  `category_id` bigint(20) UNSIGNED DEFAULT NULL,
  `subcategory_id` bigint(20) UNSIGNED DEFAULT NULL,
  `user_id` bigint(20) UNSIGNED DEFAULT NULL,
  `added_date` timestamp NOT NULL DEFAULT current_timestamp(),
  `added_user_id` bigint(20) UNSIGNED NOT NULL,
  `updated_date` timestamp NULL DEFAULT NULL ON UPDATE current_timestamp(),
  `updated_user_id` bigint(20) UNSIGNED DEFAULT NULL,
  `updated_flag` smallint(6) DEFAULT NULL,
  `deleted_at` timestamp NULL DEFAULT NULL
) ENGINE=InnoDB DEFAULT CHARSET=utf8mb4 COLLATE=utf8mb4_unicode_ci;

-- --------------------------------------------------------

--
-- Table structure for table `psx_transaction_details`
--

CREATE TABLE `psx_transaction_details` (
  `id` bigint(20) UNSIGNED NOT NULL,
  `transaction_header_id` bigint(20) UNSIGNED NOT NULL,
  `shop_id` bigint(20) UNSIGNED NOT NULL,
  `item_id` bigint(20) UNSIGNED NOT NULL,
  `item_name` varchar(255) COLLATE utf8mb4_unicode_ci NOT NULL,
  `price` double(8,2) NOT NULL,
  `original_price` double(8,2) NOT NULL,
  `discount_amount` double(8,2) DEFAULT NULL,
  `discount_value` double(8,2) DEFAULT NULL,
  `discount_percent` double(8,2) DEFAULT NULL,
  `qty` int(11) NOT NULL DEFAULT 0,
  `item_measurement` varchar(255) COLLATE utf8mb4_unicode_ci DEFAULT NULL,
  `item_unit` varchar(255) COLLATE utf8mb4_unicode_ci NOT NULL DEFAULT 'g',
  `added_date` timestamp NOT NULL DEFAULT current_timestamp(),
  `added_user_id` bigint(20) UNSIGNED NOT NULL,
  `updated_date` timestamp NULL DEFAULT NULL ON UPDATE current_timestamp(),
  `updated_user_id` bigint(20) UNSIGNED DEFAULT NULL,
  `updated_flag` smallint(6) DEFAULT NULL,
  `deleted_at` timestamp NULL DEFAULT NULL
) ENGINE=InnoDB DEFAULT CHARSET=utf8mb4 COLLATE=utf8mb4_unicode_ci;

-- --------------------------------------------------------

--
-- Table structure for table `psx_transaction_headers`
--

CREATE TABLE `psx_transaction_headers` (
  `id` bigint(20) UNSIGNED NOT NULL,
  `user_id` bigint(20) UNSIGNED NOT NULL,
  `shop_id` bigint(20) UNSIGNED NOT NULL,
  `sub_total_amount` double(8,2) NOT NULL,
  `discount_amount` double(8,2) NOT NULL DEFAULT 0.00,
  `coupon_discount_amount` double(8,2) NOT NULL DEFAULT 0.00,
  `tax_amount` double(8,2) NOT NULL DEFAULT 0.00,
  `tax_percent` double(8,2) NOT NULL DEFAULT 0.00,
  `shipping_amount` double(8,2) NOT NULL DEFAULT 0.00,
  `shipping_tax_percent` double(8,2) NOT NULL DEFAULT 0.00,
  `balance_amount` double(8,2) NOT NULL DEFAULT 0.00,
  `total_item_amount` double(8,2) NOT NULL DEFAULT 0.00,
  `total_item_count` double(8,2) NOT NULL DEFAULT 0.00,
  `contact_name` varchar(255) COLLATE utf8mb4_unicode_ci DEFAULT NULL,
  `contact_email` varchar(255) COLLATE utf8mb4_unicode_ci DEFAULT NULL,
  `contact_phone` varchar(255) COLLATE utf8mb4_unicode_ci DEFAULT NULL,
  `contact_address` varchar(255) COLLATE utf8mb4_unicode_ci DEFAULT NULL,
  `payment_method` varchar(255) COLLATE utf8mb4_unicode_ci DEFAULT NULL,
  `transaction_status_id` bigint(20) UNSIGNED DEFAULT NULL,
  `payment_status_id` bigint(20) UNSIGNED DEFAULT NULL,
  `currency_symbol` varchar(255) COLLATE utf8mb4_unicode_ci DEFAULT NULL,
  `currency_short_form` varchar(255) COLLATE utf8mb4_unicode_ci DEFAULT NULL,
  `trans_code` varchar(255) COLLATE utf8mb4_unicode_ci DEFAULT NULL,
  `memo` varchar(255) COLLATE utf8mb4_unicode_ci DEFAULT NULL,
  `trans_lat` double(10,6) DEFAULT NULL,
  `trans_lng` double(10,6) DEFAULT NULL,
  `shipping_method_amount` double(8,2) DEFAULT NULL,
  `shipping_method_name` varchar(255) COLLATE utf8mb4_unicode_ci DEFAULT NULL,
  `shipping_id` bigint(20) UNSIGNED DEFAULT NULL,
  `billing_first_name` varchar(255) COLLATE utf8mb4_unicode_ci DEFAULT NULL,
  `billing_last_name` varchar(255) COLLATE utf8mb4_unicode_ci DEFAULT NULL,
  `billing_company` varchar(255) COLLATE utf8mb4_unicode_ci DEFAULT NULL,
  `billing_address_1` varchar(255) COLLATE utf8mb4_unicode_ci DEFAULT NULL,
  `billing_address_2` varchar(255) COLLATE utf8mb4_unicode_ci DEFAULT NULL,
  `billing_country` varchar(255) COLLATE utf8mb4_unicode_ci DEFAULT NULL,
  `billing_state` varchar(255) COLLATE utf8mb4_unicode_ci DEFAULT NULL,
  `billing_city` varchar(255) COLLATE utf8mb4_unicode_ci DEFAULT NULL,
  `billing_postal_code` varchar(255) COLLATE utf8mb4_unicode_ci DEFAULT NULL,
  `billing_email` varchar(255) COLLATE utf8mb4_unicode_ci DEFAULT NULL,
  `billing_phone` varchar(255) COLLATE utf8mb4_unicode_ci DEFAULT NULL,
  `shipping_first_name` varchar(255) COLLATE utf8mb4_unicode_ci DEFAULT NULL,
  `shipping_last_name` varchar(255) COLLATE utf8mb4_unicode_ci DEFAULT NULL,
  `shipping_company` varchar(255) COLLATE utf8mb4_unicode_ci DEFAULT NULL,
  `shipping_address_1` varchar(255) COLLATE utf8mb4_unicode_ci DEFAULT NULL,
  `shipping_address_2` varchar(255) COLLATE utf8mb4_unicode_ci DEFAULT NULL,
  `shipping_country` varchar(255) COLLATE utf8mb4_unicode_ci DEFAULT NULL,
  `shipping_state` varchar(255) COLLATE utf8mb4_unicode_ci DEFAULT NULL,
  `shipping_city` varchar(255) COLLATE utf8mb4_unicode_ci DEFAULT NULL,
  `shipping_postal_code` varchar(255) COLLATE utf8mb4_unicode_ci DEFAULT NULL,
  `shipping_email` varchar(255) COLLATE utf8mb4_unicode_ci DEFAULT NULL,
  `shipping_phone` varchar(255) COLLATE utf8mb4_unicode_ci DEFAULT NULL,
  `added_date` timestamp NOT NULL DEFAULT current_timestamp(),
  `added_user_id` bigint(20) UNSIGNED NOT NULL,
  `updated_date` timestamp NULL DEFAULT NULL ON UPDATE current_timestamp(),
  `updated_user_id` bigint(20) UNSIGNED DEFAULT NULL,
  `updated_flag` smallint(6) DEFAULT NULL,
  `deleted_at` timestamp NULL DEFAULT NULL
) ENGINE=InnoDB DEFAULT CHARSET=utf8mb4 COLLATE=utf8mb4_unicode_ci;

-- --------------------------------------------------------

--
-- Table structure for table `psx_transaction_statuses`
--

CREATE TABLE `psx_transaction_statuses` (
  `id` bigint(20) UNSIGNED NOT NULL,
  `title` varchar(255) COLLATE utf8mb4_unicode_ci NOT NULL,
  `ordering` smallint(6) DEFAULT NULL,
  `color_value` varchar(255) COLLATE utf8mb4_unicode_ci NOT NULL,
  `start_stage` tinyint(1) NOT NULL DEFAULT 0,
  `final_stage` tinyint(1) NOT NULL DEFAULT 0,
  `is_optional` tinyint(1) NOT NULL DEFAULT 0,
  `is_refundable` tinyint(1) NOT NULL DEFAULT 0,
  `added_date` timestamp NOT NULL DEFAULT current_timestamp(),
  `added_user_id` bigint(20) UNSIGNED NOT NULL,
  `updated_date` timestamp NULL DEFAULT NULL ON UPDATE current_timestamp(),
  `updated_user_id` bigint(20) UNSIGNED DEFAULT NULL,
  `updated_flag` smallint(6) DEFAULT NULL
) ENGINE=InnoDB DEFAULT CHARSET=utf8mb4 COLLATE=utf8mb4_unicode_ci;

-- --------------------------------------------------------

--
-- Table structure for table `psx_ui_types`
--

CREATE TABLE `psx_ui_types` (
  `id` bigint(20) UNSIGNED NOT NULL,
  `name` varchar(255) COLLATE utf8mb4_unicode_ci NOT NULL,
  `core_keys_id` varchar(255) COLLATE utf8mb4_unicode_ci NOT NULL,
  `added_date` timestamp NOT NULL DEFAULT current_timestamp(),
  `added_user_id` bigint(20) UNSIGNED NOT NULL,
  `updated_date` timestamp NULL DEFAULT NULL ON UPDATE current_timestamp(),
  `updated_user_id` bigint(20) UNSIGNED DEFAULT NULL,
  `updated_flag` smallint(6) DEFAULT NULL
) ENGINE=InnoDB DEFAULT CHARSET=utf8mb4 COLLATE=utf8mb4_unicode_ci;

--
-- Dumping data for table `psx_ui_types`
--

INSERT INTO `psx_ui_types` (`id`, `name`, `core_keys_id`, `added_date`, `added_user_id`, `updated_date`, `updated_user_id`, `updated_flag`) VALUES
(1, 'Dropdown', 'uit00001', '2022-12-05 10:45:05', 1, NULL, NULL, NULL),
(2, 'Text', 'uit00002', '2022-12-05 10:45:05', 1, NULL, NULL, NULL),
(3, 'Radio', 'uit00003', '2022-12-05 10:45:05', 1, NULL, NULL, NULL),
(4, 'Checkbox', 'uit00004', '2022-12-05 10:45:05', 1, NULL, NULL, NULL),
(5, 'Datetime', 'uit00005', '2022-12-05 10:45:05', 1, NULL, NULL, NULL),
(6, 'Textarea', 'uit00006', '2022-12-05 10:45:05', 1, NULL, NULL, NULL),
(7, 'Number', 'uit00007', '2022-12-05 10:45:05', 1, NULL, NULL, NULL),
(8, 'MultiSelect', 'uit00008', '2022-12-05 10:45:05', 1, NULL, NULL, NULL),
(9, 'Image', 'uit00009', '2022-12-05 10:45:05', 1, NULL, NULL, NULL),
(10, 'Time Only', 'uit00010', '2022-12-05 10:45:05', 1, NULL, NULL, NULL),
(11, 'Date Only', 'uit00011', '2022-12-05 10:45:05', 1, NULL, NULL, NULL);

-- --------------------------------------------------------

--
-- Table structure for table `psx_updater_data`
--

CREATE TABLE `psx_updater_data` (
  `id` bigint(20) UNSIGNED NOT NULL,
  `file_name` varchar(255) COLLATE utf8mb4_unicode_ci NOT NULL,
  `is_imported` tinyint(4) NOT NULL,
  `added_date` timestamp NOT NULL DEFAULT current_timestamp() ON UPDATE current_timestamp(),
  `added_user_id` bigint(20) UNSIGNED DEFAULT NULL,
  `updated_date` timestamp NULL DEFAULT NULL,
  `updated_user_id` bigint(20) UNSIGNED DEFAULT NULL,
  `updated_flag` smallint(6) DEFAULT NULL
) ENGINE=InnoDB DEFAULT CHARSET=utf8mb4 COLLATE=utf8mb4_unicode_ci;

-- --------------------------------------------------------

--
-- Table structure for table `psx_user_addresses`
--

CREATE TABLE `psx_user_addresses` (
  `id` bigint(20) UNSIGNED NOT NULL,
  `user_id` bigint(20) UNSIGNED NOT NULL,
  `first_name` varchar(255) COLLATE utf8mb4_unicode_ci NOT NULL,
  `last_name` varchar(255) COLLATE utf8mb4_unicode_ci NOT NULL,
  `email` varchar(255) COLLATE utf8mb4_unicode_ci NOT NULL,
  `phone_no` varchar(255) COLLATE utf8mb4_unicode_ci NOT NULL,
  `address` varchar(255) COLLATE utf8mb4_unicode_ci NOT NULL,
  `country` varchar(255) COLLATE utf8mb4_unicode_ci NOT NULL,
  `state` varchar(255) COLLATE utf8mb4_unicode_ci NOT NULL,
  `city` varchar(255) COLLATE utf8mb4_unicode_ci NOT NULL,
  `postal_code` varchar(255) COLLATE utf8mb4_unicode_ci NOT NULL,
  `is_save_shipping_info_for_next_time` tinyint(4) NOT NULL DEFAULT 0,
  `is_save_billing_info_for_next_time` tinyint(4) NOT NULL DEFAULT 0,
  `added_date` timestamp NOT NULL DEFAULT current_timestamp() ON UPDATE current_timestamp(),
  `added_user_id` bigint(20) UNSIGNED NOT NULL,
  `updated_date` timestamp NULL DEFAULT NULL,
  `updated_user_id` bigint(20) UNSIGNED DEFAULT NULL,
  `updated_flag` smallint(6) DEFAULT NULL
) ENGINE=InnoDB DEFAULT CHARSET=utf8mb4 COLLATE=utf8mb4_unicode_ci;

-- --------------------------------------------------------

--
-- Table structure for table `psx_user_address_information`
--

CREATE TABLE `psx_user_address_information` (
  `id` bigint(20) UNSIGNED NOT NULL,
  `user_id` bigint(20) UNSIGNED NOT NULL,
  `first_name` varchar(255) COLLATE utf8mb4_unicode_ci DEFAULT NULL,
  `last_name` varchar(255) COLLATE utf8mb4_unicode_ci DEFAULT NULL,
  `company_name` varchar(255) COLLATE utf8mb4_unicode_ci DEFAULT NULL,
  `address_1` varchar(255) COLLATE utf8mb4_unicode_ci DEFAULT NULL,
  `address_2` varchar(255) COLLATE utf8mb4_unicode_ci DEFAULT NULL,
  `country_name` varchar(255) COLLATE utf8mb4_unicode_ci DEFAULT NULL,
  `state_name` varchar(255) COLLATE utf8mb4_unicode_ci DEFAULT NULL,
  `city_name` varchar(255) COLLATE utf8mb4_unicode_ci DEFAULT NULL,
  `postal_code` varchar(255) COLLATE utf8mb4_unicode_ci DEFAULT NULL,
  `email` varchar(255) COLLATE utf8mb4_unicode_ci DEFAULT NULL,
  `phone` varchar(255) COLLATE utf8mb4_unicode_ci DEFAULT NULL,
  `is_billing` tinyint(1) NOT NULL DEFAULT 0,
  `is_shipping` tinyint(1) NOT NULL DEFAULT 0,
  `added_date` timestamp NOT NULL DEFAULT current_timestamp(),
  `added_user_id` bigint(20) UNSIGNED NOT NULL,
  `updated_date` timestamp NULL DEFAULT NULL ON UPDATE current_timestamp(),
  `updated_user_id` bigint(20) UNSIGNED DEFAULT NULL,
  `updated_flag` smallint(6) DEFAULT NULL
) ENGINE=InnoDB DEFAULT CHARSET=utf8mb4 COLLATE=utf8mb4_unicode_ci;

-- --------------------------------------------------------

--
-- Table structure for table `psx_user_boughts`
--

CREATE TABLE `psx_user_boughts` (
  `id` bigint(20) UNSIGNED NOT NULL,
  `item_id` bigint(20) UNSIGNED NOT NULL,
  `buyer_user_id` bigint(20) UNSIGNED NOT NULL,
  `seller_user_id` bigint(20) UNSIGNED NOT NULL,
  `added_date` timestamp NOT NULL DEFAULT current_timestamp(),
  `added_user_id` bigint(20) UNSIGNED NOT NULL,
  `updated_date` timestamp NULL DEFAULT NULL ON UPDATE current_timestamp(),
  `updated_user_id` bigint(20) UNSIGNED DEFAULT NULL,
  `updated_flag` smallint(6) DEFAULT NULL
) ENGINE=InnoDB DEFAULT CHARSET=utf8mb4 COLLATE=utf8mb4_unicode_ci;

--
-- Dumping data for table `psx_user_boughts`
--

INSERT INTO `psx_user_boughts` (`id`, `item_id`, `buyer_user_id`, `seller_user_id`, `added_date`, `added_user_id`, `updated_date`, `updated_user_id`, `updated_flag`) VALUES
(16, 451, 178, 1, '2024-04-08 17:38:59', 1, '2024-04-08 17:38:59', NULL, NULL),
(17, 618, 1, 176, '2024-04-09 11:41:20', 176, '2024-04-09 11:41:20', NULL, NULL),
(18, 524, 1, 174, '2024-04-09 11:44:50', 174, '2024-04-09 11:44:50', NULL, NULL),
(19, 605, 1, 172, '2024-04-09 11:47:01', 172, '2024-04-09 11:47:01', NULL, NULL),
(20, 601, 1, 175, '2024-04-09 11:49:12', 175, '2024-04-09 11:49:12', NULL, NULL);

-- --------------------------------------------------------

--
-- Table structure for table `psx_user_infos`
--

CREATE TABLE `psx_user_infos` (
  `id` bigint(20) UNSIGNED NOT NULL,
  `user_id` bigint(20) UNSIGNED NOT NULL,
  `core_keys_id` varchar(255) COLLATE utf8mb4_unicode_ci NOT NULL,
  `value` varchar(255) COLLATE utf8mb4_unicode_ci DEFAULT NULL,
  `ui_type_id` varchar(255) COLLATE utf8mb4_unicode_ci DEFAULT NULL,
  `added_date` timestamp NOT NULL DEFAULT current_timestamp(),
  `added_user_id` bigint(20) UNSIGNED NOT NULL,
  `updated_date` timestamp NULL DEFAULT NULL ON UPDATE current_timestamp(),
  `updated_user_id` bigint(20) UNSIGNED DEFAULT NULL,
  `updated_flag` smallint(6) DEFAULT NULL
) ENGINE=InnoDB DEFAULT CHARSET=utf8mb4 COLLATE=utf8mb4_unicode_ci;

--
-- Dumping data for table `psx_user_infos`
--

INSERT INTO `psx_user_infos` (`id`, `user_id`, `core_keys_id`, `value`, `ui_type_id`, `added_date`, `added_user_id`, `updated_date`, `updated_user_id`, `updated_flag`) VALUES
(79, 176, 'ps-usr00002', '2', 'uit00004', '2024-04-10 19:55:19', 176, '2024-04-10 19:55:19', NULL, NULL),
(80, 176, 'ps-usr00003', '09734989833', 'uit00006', '2024-04-10 19:55:19', 176, '2024-04-10 19:55:19', NULL, NULL),
(81, 174, 'ps-usr00002', '2', 'uit00004', '2024-04-10 19:56:39', 174, '2024-04-10 19:56:39', NULL, NULL),
(82, 174, 'ps-usr00003', '09439848933', 'uit00006', '2024-04-10 19:56:39', 174, '2024-04-10 19:56:39', NULL, NULL);

-- --------------------------------------------------------

--
-- Table structure for table `psx_user_permissions`
--

CREATE TABLE `psx_user_permissions` (
  `id` bigint(20) UNSIGNED NOT NULL,
  `user_id` bigint(20) UNSIGNED NOT NULL,
  `role_id` varchar(255) COLLATE utf8mb4_unicode_ci NOT NULL,
  `added_date` timestamp NOT NULL DEFAULT current_timestamp(),
  `added_user_id` bigint(20) UNSIGNED NOT NULL,
  `updated_date` timestamp NULL DEFAULT NULL ON UPDATE current_timestamp(),
  `updated_user_id` bigint(20) UNSIGNED DEFAULT NULL,
  `updated_flag` smallint(6) DEFAULT NULL
) ENGINE=InnoDB DEFAULT CHARSET=utf8mb4 COLLATE=utf8mb4_unicode_ci;

--
-- Dumping data for table `psx_user_permissions`
--

INSERT INTO `psx_user_permissions` (`id`, `user_id`, `role_id`, `added_date`, `added_user_id`, `updated_date`, `updated_user_id`, `updated_flag`) VALUES
(1, 1, '1', '2022-12-05 10:45:06', 1, '2023-11-17 22:41:45', 1, NULL),
(119, 172, '2', '2024-03-13 11:51:08', 1, '2024-03-13 11:51:08', 1, NULL),
(120, 173, '2', '2024-03-13 11:55:46', 1, '2024-03-13 11:55:46', 1, NULL),
(121, 174, '2', '2024-03-13 11:57:39', 1, '2024-03-13 11:57:39', 1, NULL),
(122, 175, '2', '2024-03-13 11:59:28', 1, '2024-03-13 11:59:28', 1, NULL),
(123, 176, '2', '2024-03-13 12:00:48', 1, '2024-03-13 12:00:48', 1, NULL),
(125, 178, '2', '2024-04-08 16:44:25', 1, '2024-04-08 16:44:40', 1, NULL),
(126, 179, '2', '2024-04-09 12:28:49', 1, '2024-04-09 13:00:34', 1, NULL),
(127, 180, '2', '2024-04-09 12:29:44', 1, '2024-04-09 12:29:44', NULL, NULL),
(128, 181, '2', '2024-04-09 14:22:34', 1, '2024-04-09 15:45:50', 1, NULL),
(129, 182, '2', '2024-04-11 11:09:43', 0, '2024-04-11 11:09:43', NULL, NULL),
(130, 183, '2', '2024-04-11 11:10:42', 0, '2024-04-11 11:10:42', NULL, NULL);

-- --------------------------------------------------------

--
-- Table structure for table `psx_vendors`
--

CREATE TABLE `psx_vendors` (
  `id` bigint(20) UNSIGNED NOT NULL,
  `name` varchar(255) COLLATE utf8mb4_unicode_ci NOT NULL,
  `phone` varchar(255) COLLATE utf8mb4_unicode_ci DEFAULT NULL,
  `email` varchar(255) COLLATE utf8mb4_unicode_ci DEFAULT NULL,
  `address` varchar(255) COLLATE utf8mb4_unicode_ci DEFAULT NULL,
  `description` longtext COLLATE utf8mb4_unicode_ci DEFAULT NULL,
  `website` varchar(255) COLLATE utf8mb4_unicode_ci DEFAULT NULL,
  `facebook` varchar(255) COLLATE utf8mb4_unicode_ci DEFAULT NULL,
  `instagram` varchar(255) COLLATE utf8mb4_unicode_ci DEFAULT NULL,
  `status` varchar(255) COLLATE utf8mb4_unicode_ci NOT NULL,
  `currency_id` varchar(255) COLLATE utf8mb4_unicode_ci DEFAULT NULL,
  `owner_user_id` bigint(20) UNSIGNED NOT NULL,
  `added_date` timestamp NOT NULL DEFAULT current_timestamp() ON UPDATE current_timestamp(),
  `expired_date` timestamp NULL DEFAULT NULL,
  `added_user_id` bigint(20) UNSIGNED NOT NULL,
  `updated_date` timestamp NULL DEFAULT NULL,
  `updated_user_id` bigint(20) UNSIGNED DEFAULT NULL,
  `updated_flag` smallint(6) DEFAULT NULL
) ENGINE=InnoDB DEFAULT CHARSET=utf8mb4 COLLATE=utf8mb4_unicode_ci;

--
-- Dumping data for table `psx_vendors`
--

INSERT INTO `psx_vendors` (`id`, `name`, `phone`, `email`, `address`, `description`, `website`, `facebook`, `instagram`, `status`, `currency_id`, `owner_user_id`, `added_date`, `expired_date`, `added_user_id`, `updated_date`, `updated_user_id`, `updated_flag`) VALUES
(1, 'Holiday Shoppee', '+95911111111', 'admin@ps.com', 'No.7, U Ba Han St, Lay Daunk Kan Qtr, Thingangyun-', 'Our Happy Shoppee is growing rapidly and is looking to fill the role of vendor management . Thank you in advance for taking a look at the list of responsibilities and qualifications . We look forward to reviewing your resume . Responsibilities for vendor management • Ensure high levels of customer satisfaction are accomplished , both internally and externally •', 'http://www.happy-shoppee.com', 'http://www.facebook.com', 'http://www.instagram.com', '2', NULL, 1, '2023-12-21 20:33:18', NULL, 1, '2024-01-24 16:05:48', 1, NULL),
(2, 'Envine', '+939223322', 'user@ps.com', 'No13, Kan Thar Yar, Kinmalin Kyun Qtr, Pathein', 'Thank you in advance for taking a look at the list of responsibilities and qualifications . We look forward to reviewing your resume . Responsibilities for vendor management • Ensure high levels of customer satisfaction are accomplished , both internally and externally •', 'http://www.envine.com', 'http://www.facebook.com', 'http://www.instagram.com', '2', NULL, 161, '2023-12-21 20:36:02', NULL, 161, '2024-01-24 15:53:34', 161, NULL),
(3, 'Fauget Shop', NULL, 'laura@ps.com', 'RQ22+H8M, Unnamed Road, Pathein', 'We warmly welcome you to our site. We sell new and used equipment at a reasonable price, so you can buy it with confidence. We also have customer service.', 'http://www.website.com', 'http://www.facebook.com', 'http://www.instagram.com', '2', NULL, 159, '2024-02-13 17:13:35', '2025-02-13 17:13:57', 159, '2024-02-13 17:16:54', 159, NULL),
(4, 'Larana, Inc', NULL, 'ross.geller@ps.com', NULL, 'Thank you for choosing our store. We will do our best not to let you down. We sell new and used accessories at low prices, so you can buy them with confidence. We also have customer service.', 'http://www.website.com', 'http://www.facebook.com', 'http://www.instagram.com', '2', NULL, 162, '2024-02-13 17:21:24', '2024-08-13 16:21:38', 162, '2024-02-13 17:26:18', 162, NULL),
(5, 'Rimberio', NULL, 'sophia@ps.com', 'V4JP+83, Taw Win Rd, Yangon', 'Thank you for choosing our store. We will do our best not to let you down. We sell new and used accessories at low prices, so you can buy them with confidence. We also have customer service.', 'http://www.website.com', 'http://www.facebook.com', 'http://www.instagram.com', '2', NULL, 160, '2024-02-13 19:21:26', '2025-02-13 19:21:41', 160, '2024-02-13 19:33:48', 160, NULL),
(6, 'Vintage Charm', NULL, 'will.byers@ps.com', 'QQV4+QPF Pathein', 'We are always doing our best for our customers. Thank you for purchasing with confidence', 'http://www.panacea-soft.com', 'http://www.facebook.com', 'http://www.instagram.com', '2', NULL, 158, '2024-02-21 18:33:16', '2024-08-21 17:33:31', 158, '2024-02-21 18:37:35', 158, NULL),
(7, 'Warner', NULL, 'newsebra@gmail.com', 'V4R9+HG4, Mandalay', 'Warmly Welcome to our Online Shop. Hope you will happy.', 'http://www.facebook.com', 'http://www.facebook.com', 'http://www.instagram.com', '2', NULL, 166, '2024-02-21 18:59:27', '2025-02-21 18:59:40', 166, '2024-02-21 19:03:51', 166, NULL);

-- --------------------------------------------------------

--
-- Table structure for table `psx_vendor_applications`
--

CREATE TABLE `psx_vendor_applications` (
  `id` bigint(20) UNSIGNED NOT NULL,
  `vendor_id` bigint(20) UNSIGNED NOT NULL,
  `user_id` bigint(20) UNSIGNED NOT NULL,
  `document` varchar(255) COLLATE utf8mb4_unicode_ci NOT NULL,
  `cover_letter` longtext COLLATE utf8mb4_unicode_ci NOT NULL,
  `added_date` timestamp NOT NULL DEFAULT current_timestamp() ON UPDATE current_timestamp(),
  `added_user_id` bigint(20) UNSIGNED NOT NULL,
  `updated_date` timestamp NULL DEFAULT NULL,
  `updated_user_id` bigint(20) UNSIGNED DEFAULT NULL,
  `updated_flag` smallint(6) DEFAULT NULL
) ENGINE=InnoDB DEFAULT CHARSET=utf8mb4 COLLATE=utf8mb4_unicode_ci;

--
-- Dumping data for table `psx_vendor_applications`
--

INSERT INTO `psx_vendor_applications` (`id`, `vendor_id`, `user_id`, `document`, `cover_letter`, `added_date`, `added_user_id`, `updated_date`, `updated_user_id`, `updated_flag`) VALUES
(1, 1, 1, '6584308edd159_.pdf', 'Lorem Ipsum is simply dummy text of the printing and typesetting industry. Lorem Ipsum has been the industry\'s standard dummy text ever since the 1500s', '2023-12-21 20:33:18', 1, '2023-12-21 20:33:18', NULL, NULL),
(2, 2, 161, '65843132c65dd_.pdf', 'Lorem Ipsum is simply dummy text of the printing and typesetting industry. Lorem Ipsum has been the industry\'s standard dummy text ever since the 1500s', '2023-12-21 20:36:02', 161, '2023-12-21 20:36:02', NULL, NULL),
(3, 3, 159, '65cb32bf2097b_.pdf', 'Welcome from Fauget Sop', '2024-02-13 17:13:35', 159, '2024-02-13 17:13:35', NULL, NULL),
(4, 4, 162, '65cb3494e9d09_.pdf', 'Welcome from our shop', '2024-02-13 17:21:24', 162, '2024-02-13 17:21:24', NULL, NULL),
(5, 5, 160, '65cb50b69b4cb_.pdf', 'Welcome from our shop', '2024-02-13 19:21:26', 160, '2024-02-13 19:21:26', NULL, NULL),
(6, 6, 158, '65d5d16c36a04_.pdf', 'Warmly Welcome', '2024-02-21 18:33:16', 158, '2024-02-21 18:33:16', NULL, NULL),
(7, 7, 166, '65d5d78f31302_.pdf', 'Welcome to our online dhop', '2024-02-21 18:59:27', 166, '2024-02-21 18:59:27', NULL, NULL);

-- --------------------------------------------------------

--
-- Table structure for table `psx_vendor_branches`
--

CREATE TABLE `psx_vendor_branches` (
  `id` bigint(20) UNSIGNED NOT NULL,
  `vendor_id` bigint(20) UNSIGNED NOT NULL,
  `name` varchar(255) COLLATE utf8mb4_unicode_ci DEFAULT NULL,
  `email` varchar(255) COLLATE utf8mb4_unicode_ci DEFAULT NULL,
  `phone` varchar(255) COLLATE utf8mb4_unicode_ci DEFAULT NULL,
  `address` varchar(255) COLLATE utf8mb4_unicode_ci DEFAULT NULL,
  `description` longtext COLLATE utf8mb4_unicode_ci DEFAULT NULL,
  `added_date` timestamp NOT NULL DEFAULT current_timestamp() ON UPDATE current_timestamp(),
  `added_user_id` bigint(20) UNSIGNED NOT NULL,
  `updated_date` timestamp NULL DEFAULT NULL,
  `updated_user_id` bigint(20) UNSIGNED DEFAULT NULL,
  `updated_flag` smallint(6) DEFAULT NULL
) ENGINE=InnoDB DEFAULT CHARSET=utf8mb4 COLLATE=utf8mb4_unicode_ci;

-- --------------------------------------------------------

--
-- Table structure for table `psx_vendor_delivery_settings`
--

CREATE TABLE `psx_vendor_delivery_settings` (
  `id` bigint(20) UNSIGNED NOT NULL,
  `vendor_id` bigint(20) UNSIGNED NOT NULL,
  `delivery_setting` tinyint(1) NOT NULL DEFAULT 0,
  `delivery_charges` double DEFAULT 0,
  `added_date` timestamp NOT NULL DEFAULT current_timestamp() ON UPDATE current_timestamp(),
  `added_user_id` bigint(20) UNSIGNED NOT NULL,
  `updated_date` timestamp NULL DEFAULT NULL,
  `updated_user_id` bigint(20) UNSIGNED DEFAULT NULL,
  `updated_flag` smallint(6) DEFAULT NULL
) ENGINE=InnoDB DEFAULT CHARSET=utf8mb4 COLLATE=utf8mb4_unicode_ci;

--
-- Dumping data for table `psx_vendor_delivery_settings`
--

INSERT INTO `psx_vendor_delivery_settings` (`id`, `vendor_id`, `delivery_setting`, `delivery_charges`, `added_date`, `added_user_id`, `updated_date`, `updated_user_id`, `updated_flag`) VALUES
(1, 1, 0, 0, '2024-04-08 16:20:51', 1, '2024-04-08 16:20:51', NULL, NULL),
(2, 2, 0, 0, '2024-04-08 16:20:51', 1, '2024-04-08 16:20:51', NULL, NULL),
(3, 3, 0, 0, '2024-04-08 16:20:51', 1, '2024-04-08 16:20:51', NULL, NULL),
(4, 4, 0, 0, '2024-04-08 16:20:51', 1, '2024-04-08 16:20:51', NULL, NULL),
(5, 5, 0, 0, '2024-04-08 16:20:51', 1, '2024-04-08 16:20:51', NULL, NULL),
(6, 6, 0, 0, '2024-04-08 16:20:51', 1, '2024-04-08 16:20:51', NULL, NULL),
(7, 7, 0, 0, '2024-04-08 16:20:51', 1, '2024-04-08 16:20:51', NULL, NULL);

-- --------------------------------------------------------

--
-- Table structure for table `psx_vendor_infos`
--

CREATE TABLE `psx_vendor_infos` (
  `id` bigint(20) UNSIGNED NOT NULL,
  `vendor_id` bigint(20) UNSIGNED NOT NULL,
  `core_keys_id` varchar(255) COLLATE utf8mb4_unicode_ci NOT NULL,
  `ui_type_id` varchar(255) COLLATE utf8mb4_unicode_ci NOT NULL,
  `value` varchar(255) COLLATE utf8mb4_unicode_ci NOT NULL,
  `added_date` timestamp NOT NULL DEFAULT current_timestamp() ON UPDATE current_timestamp(),
  `added_user_id` bigint(20) UNSIGNED NOT NULL,
  `updated_date` timestamp NULL DEFAULT NULL,
  `updated_user_id` bigint(20) UNSIGNED DEFAULT NULL,
  `updated_flag` smallint(6) DEFAULT NULL
) ENGINE=InnoDB DEFAULT CHARSET=utf8mb4 COLLATE=utf8mb4_unicode_ci;

--
-- Dumping data for table `psx_vendor_infos`
--

INSERT INTO `psx_vendor_infos` (`id`, `vendor_id`, `core_keys_id`, `ui_type_id`, `value`, `added_date`, `added_user_id`, `updated_date`, `updated_user_id`, `updated_flag`) VALUES
(1, 2, 'ps-ven00001', 'uit00002', 'https://wa.me/qr/QABWH2VYBDE6N1', '2024-01-24 15:53:35', 161, '2024-01-24 15:53:35', NULL, NULL),
(2, 1, 'ps-ven00001', 'uit00002', 'https://wa.me/qr/QABWH2VYBDE6N1', '2024-01-24 16:05:48', 1, '2024-01-24 16:05:48', NULL, NULL),
(5, 3, 'ps-ven00001', 'uit00002', 'http://www.whatsapp.com', '2024-02-13 17:16:54', 159, '2024-02-13 17:16:54', NULL, NULL),
(6, 4, 'ps-ven00001', 'uit00002', 'http://www.whatsapp.com', '2024-02-13 17:26:18', 162, '2024-02-13 17:26:18', NULL, NULL),
(7, 5, 'ps-ven00001', 'uit00002', 'http://www.wgatsapp.com', '2024-02-13 19:33:49', 160, '2024-02-13 19:33:49', NULL, NULL),
(8, 6, 'ps-ven00001', 'uit00002', 'http://www.panacea-soft.com', '2024-02-21 18:37:35', 158, '2024-02-21 18:37:35', NULL, NULL),
(9, 7, 'ps-ven00001', 'uit00002', 'http://www.whatsapp.com', '2024-02-21 19:03:51', 166, '2024-02-21 19:03:51', NULL, NULL);

-- --------------------------------------------------------

--
-- Table structure for table `psx_vendor_menus`
--

CREATE TABLE `psx_vendor_menus` (
  `id` bigint(20) UNSIGNED NOT NULL,
  `module_name` varchar(255) COLLATE utf8mb4_unicode_ci NOT NULL,
  `module_desc` varchar(255) COLLATE utf8mb4_unicode_ci NOT NULL,
  `module_lang_key` varchar(255) COLLATE utf8mb4_unicode_ci NOT NULL,
  `icon_id` bigint(20) UNSIGNED NOT NULL,
  `is_show_on_menu` tinyint(4) NOT NULL,
  `ordering` tinyint(4) NOT NULL,
  `core_sub_menu_group_id` bigint(20) UNSIGNED NOT NULL,
  `module_id` varchar(30) COLLATE utf8mb4_unicode_ci DEFAULT NULL,
  `added_date` timestamp NOT NULL DEFAULT current_timestamp() ON UPDATE current_timestamp(),
  `added_user_id` bigint(20) UNSIGNED NOT NULL,
  `updated_date` timestamp NULL DEFAULT NULL,
  `updated_user_id` bigint(20) UNSIGNED DEFAULT NULL,
  `updated_flag` smallint(6) DEFAULT NULL
) ENGINE=InnoDB DEFAULT CHARSET=utf8mb4 COLLATE=utf8mb4_unicode_ci;

--
-- Dumping data for table `psx_vendor_menus`
--

INSERT INTO `psx_vendor_menus` (`id`, `module_name`, `module_desc`, `module_lang_key`, `icon_id`, `is_show_on_menu`, `ordering`, `core_sub_menu_group_id`, `module_id`, `added_date`, `added_user_id`, `updated_date`, `updated_user_id`, `updated_flag`) VALUES
(1, 'vendor_item', 'Item List', 'core__vendor_item_list_module', 0, 1, 1, 2, 'ps-0000000002', '2023-12-21 19:50:13', 1, '2024-01-17 10:47:52', NULL, NULL),
(2, 'vendor_subscription_history', 'Subscription History', 'core__vendor_subscription_hist', 0, 1, 1, 3, 'ps-0000000003', '2024-01-17 10:47:52', 1, '2024-01-17 10:47:52', NULL, NULL),
(3, 'upgrade_subscription', 'Upgrade Subscription', 'core__vendor_subscription_upgrade', 0, 1, 2, 3, 'ps-0000000004', '2024-01-17 10:47:52', 1, '2024-01-17 10:47:52', NULL, NULL),
(4, 'vendor_payment', 'Payment Lists', 'core__vendor_payment_lists_module', 0, 1, 1, 4, 'ps-0000000005', '2024-02-07 14:57:51', 1, '2024-02-07 14:57:51', NULL, NULL),
(5, 'vendor_payment_setting', 'Payment Settings', 'core__vendor_payment_settings_module', 0, 1, 1, 4, 'ps-0000000006', '2024-02-07 14:57:51', 1, '2024-02-07 14:57:51', NULL, NULL),
(6, 'vendor_payment_status', 'Payment Status', 'core__vendor_payment_status_module', 0, 1, 1, 5, 'ps-0000000007', '2024-02-07 14:57:51', 1, '2024-02-07 14:57:51', NULL, NULL),
(7, 'vendor_order_status', 'Order Status', 'core__vendor_order_status_module', 0, 1, 2, 5, 'ps-0000000008', '2024-02-07 14:57:51', 1, '2024-02-07 14:57:51', NULL, NULL),
(8, 'vendor_order_list', 'Order List', 'core__vendor_order_list_module', 0, 1, 2, 6, 'ps-0000000009', '2024-02-07 14:57:51', 1, '2024-02-07 14:57:51', NULL, NULL),
(9, 'vendor_order_transaction', 'Order Transaction', 'core__vendor_order_transaction_module', 0, 1, 1, 7, 'ps-0000000010', '2024-02-07 14:57:51', 1, '2024-02-07 14:57:51', NULL, NULL),
(10, 'vendor_delivery_setting', 'Delivery Setting', 'core__vendor_delivery_setting_module', 0, 1, 1, 9, 'ps-0000000012', '2024-04-08 16:20:51', 1, '2024-04-08 16:20:51', NULL, NULL);

-- --------------------------------------------------------

--
-- Table structure for table `psx_vendor_menu_groups`
--

CREATE TABLE `psx_vendor_menu_groups` (
  `id` bigint(20) UNSIGNED NOT NULL,
  `group_name` varchar(255) COLLATE utf8mb4_unicode_ci NOT NULL,
  `group_icon` varchar(255) COLLATE utf8mb4_unicode_ci NOT NULL,
  `group_lang_key` varchar(255) COLLATE utf8mb4_unicode_ci NOT NULL,
  `is_show_on_menu` tinyint(4) NOT NULL,
  `ordering` tinyint(4) NOT NULL,
  `is_invisible_group_name` tinyint(4) NOT NULL,
  `added_date` timestamp NOT NULL DEFAULT current_timestamp() ON UPDATE current_timestamp(),
  `added_user_id` bigint(20) UNSIGNED NOT NULL,
  `updated_date` timestamp NULL DEFAULT NULL,
  `updated_user_id` bigint(20) UNSIGNED DEFAULT NULL,
  `updated_flag` smallint(6) DEFAULT NULL
) ENGINE=InnoDB DEFAULT CHARSET=utf8mb4 COLLATE=utf8mb4_unicode_ci;

--
-- Dumping data for table `psx_vendor_menu_groups`
--

INSERT INTO `psx_vendor_menu_groups` (`id`, `group_name`, `group_icon`, `group_lang_key`, `is_show_on_menu`, `ordering`, `is_invisible_group_name`, `added_date`, `added_user_id`, `updated_date`, `updated_user_id`, `updated_flag`) VALUES
(1, 'Dashboard', '', 'core__vendor_dashboard_label', 1, 1, 1, '2023-12-21 19:50:13', 1, '2023-12-21 19:50:13', NULL, NULL),
(2, 'Product Management', '', 'core__vendor_product_management', 1, 3, 0, '2023-12-21 19:50:13', 1, '2023-12-21 19:50:13', NULL, NULL),
(3, 'Packages', '', 'core__vendor_packages', 1, 2, 0, '2024-01-17 10:47:52', 1, '2024-01-17 11:17:39', NULL, NULL),
(4, 'Payment Management', '', 'core__vendor_payment_management_label', 1, 4, 0, '2024-02-07 14:57:51', 1, '2024-02-07 14:57:51', NULL, NULL),
(5, 'Other', '', 'core__vendor_other_label', 1, 5, 0, '2024-02-07 14:57:51', 1, '2024-02-07 14:57:51', NULL, NULL),
(6, 'Order Management', '', 'core__vendor_order_management_label', 1, 2, 0, '2024-02-07 14:57:51', 1, '2024-02-07 14:57:51', NULL, NULL),
(7, 'Report', '', 'core__vendor_report_label', 1, 3, 0, '2024-02-07 14:57:51', 1, '2024-02-07 14:57:51', NULL, NULL);

-- --------------------------------------------------------

--
-- Table structure for table `psx_vendor_modules`
--

CREATE TABLE `psx_vendor_modules` (
  `id` varchar(30) COLLATE utf8mb4_unicode_ci NOT NULL,
  `title` varchar(255) COLLATE utf8mb4_unicode_ci NOT NULL,
  `lang_key` varchar(255) COLLATE utf8mb4_unicode_ci NOT NULL,
  `menu_id` bigint(20) UNSIGNED DEFAULT NULL,
  `sub_menu_id` bigint(20) UNSIGNED DEFAULT NULL,
  `is_not_from_sidebar` tinyint(4) NOT NULL,
  `status` varchar(255) COLLATE utf8mb4_unicode_ci NOT NULL,
  `route_name` varchar(255) COLLATE utf8mb4_unicode_ci NOT NULL,
  `added_date` timestamp NOT NULL DEFAULT current_timestamp() ON UPDATE current_timestamp(),
  `added_user_id` bigint(20) UNSIGNED NOT NULL,
  `updated_date` timestamp NULL DEFAULT NULL,
  `updated_user_id` bigint(20) UNSIGNED DEFAULT NULL,
  `updated_flag` smallint(6) DEFAULT NULL
) ENGINE=InnoDB DEFAULT CHARSET=utf8mb4 COLLATE=utf8mb4_unicode_ci;

--
-- Dumping data for table `psx_vendor_modules`
--

INSERT INTO `psx_vendor_modules` (`id`, `title`, `lang_key`, `menu_id`, `sub_menu_id`, `is_not_from_sidebar`, `status`, `route_name`, `added_date`, `added_user_id`, `updated_date`, `updated_user_id`, `updated_flag`) VALUES
('ps-0000000001', 'core__vendor_my_store_module', 'core__vendor_my_store_module', NULL, 1, 0, '1', 'vendor_info.index', '2023-12-21 19:50:13', 1, '2023-12-21 19:50:13', NULL, NULL),
('ps-0000000002', 'core__vendor_item_list_module', 'core__vendor_item_list_module', 1, NULL, 0, '1', 'vendor_item.index', '2023-12-21 19:50:13', 1, '2023-12-21 19:50:13', NULL, NULL),
('ps-0000000003', 'core__vendor_subscription_hist', 'core__vendor_subscription_hist', 2, NULL, 0, '1', 'vendor_subscription_history.index', '2024-01-17 10:47:52', 1, '2024-01-17 10:47:52', NULL, NULL),
('ps-0000000004', 'core__vendor_subscription_upgrade', 'core__vendor_subscription_upgrade', 3, NULL, 0, '1', 'upgrade_subscription.index', '2024-01-17 10:47:52', 1, '2024-01-17 10:47:52', NULL, NULL),
('ps-0000000005', 'core__vendor_payment_lists_module', 'core__vendor_payment_lists_module', 4, NULL, 0, '1', 'vendor_payment.index', '2024-02-07 14:57:51', 1, '2024-02-07 14:57:51', NULL, NULL),
('ps-0000000006', 'core__vendor_payment_settings_module', 'core__vendor_payment_settings_module', 5, NULL, 0, '1', 'vendor_payment_setting.index', '2024-02-07 14:57:51', 1, '2024-02-07 14:57:51', NULL, NULL),
('ps-0000000007', 'core__vendor_payment_status_module', 'core__vendor_payment_status_module', 6, NULL, 0, '1', 'vendor_payment_status.index', '2024-02-07 14:57:51', 1, '2024-02-07 14:57:51', NULL, NULL),
('ps-0000000008', 'core__vendor_order_status_module', 'core__vendor_order_status_module', 7, NULL, 0, '1', 'vendor_order_status.index', '2024-02-07 14:57:51', 1, '2024-02-07 14:57:51', NULL, NULL),
('ps-0000000009', 'core__vendor_order_list_module', 'core__vendor_order_list_module', 8, NULL, 0, '1', 'vendor_order_list.index', '2024-02-07 14:57:51', 1, '2024-02-07 14:57:51', NULL, NULL),
('ps-0000000010', 'core__vendor_order_transaction_module', 'core__vendor_order_transaction_module', 9, NULL, 0, '1', 'order_transaction_report.index', '2024-02-07 14:57:51', 1, '2024-02-07 14:57:51', NULL, NULL),
('ps-0000000011', 'core__vendor_currency_module', 'core__vendor_currency_module', NULL, 8, 0, '1', 'vendor_currency.index', '2024-04-08 16:20:51', 1, '2024-04-08 16:20:51', NULL, NULL),
('ps-0000000012', 'core__vendor_delivery_setting_module', 'core__vendor_delivery_setting_module', 10, NULL, 0, '1', 'vendor_delivery_setting.index', '2024-04-08 16:20:51', 1, '2024-04-08 16:20:51', NULL, NULL);

-- --------------------------------------------------------

--
-- Table structure for table `psx_vendor_payments`
--

CREATE TABLE `psx_vendor_payments` (
  `id` bigint(20) UNSIGNED NOT NULL,
  `payment_id` varchar(255) COLLATE utf8mb4_unicode_ci NOT NULL,
  `vendor_id` bigint(20) UNSIGNED NOT NULL,
  `status` tinyint(1) NOT NULL DEFAULT 1,
  `added_date` timestamp NOT NULL DEFAULT current_timestamp() ON UPDATE current_timestamp(),
  `added_user_id` bigint(20) UNSIGNED NOT NULL,
  `updated_date` timestamp NULL DEFAULT NULL,
  `updated_user_id` bigint(20) UNSIGNED DEFAULT NULL,
  `updated_flag` smallint(6) DEFAULT NULL
) ENGINE=InnoDB DEFAULT CHARSET=utf8mb4 COLLATE=utf8mb4_unicode_ci;

--
-- Dumping data for table `psx_vendor_payments`
--

INSERT INTO `psx_vendor_payments` (`id`, `payment_id`, `vendor_id`, `status`, `added_date`, `added_user_id`, `updated_date`, `updated_user_id`, `updated_flag`) VALUES
(1, 'payment00001', 1, 1, '2024-02-07 14:57:51', 1, '2024-02-08 17:02:52', 1, NULL),
(2, 'payment00002', 1, 1, '2024-02-07 14:57:51', 1, '2024-04-08 16:20:51', 1, NULL),
(3, 'payment00003', 1, 1, '2024-02-07 14:57:51', 1, '2024-04-08 16:20:51', 1, NULL),
(4, 'payment00004', 1, 1, '2024-02-07 14:57:51', 1, '2024-04-08 16:20:51', 1, NULL),
(5, 'payment00001', 2, 1, '2024-02-07 14:57:51', 1, '2024-02-08 17:01:43', 161, NULL),
(6, 'payment00002', 2, 1, '2024-02-07 14:57:51', 1, '2024-04-08 16:20:51', 161, NULL),
(7, 'payment00003', 2, 1, '2024-02-07 14:57:51', 1, '2024-04-08 16:20:51', 161, NULL),
(8, 'payment00004', 2, 1, '2024-02-07 14:57:51', 1, '2024-04-08 16:20:51', 161, NULL),
(9, 'payment00001', 3, 1, '2024-02-13 17:15:04', 1, '2024-02-13 17:15:04', NULL, NULL),
(10, 'payment00002', 3, 1, '2024-02-13 17:15:04', 1, '2024-04-08 16:20:51', NULL, NULL),
(11, 'payment00003', 3, 1, '2024-02-13 17:15:04', 1, '2024-04-08 16:20:51', NULL, NULL),
(12, 'payment00004', 3, 1, '2024-02-13 17:15:04', 1, '2024-04-08 16:20:51', NULL, NULL),
(13, 'payment00001', 4, 1, '2024-02-13 17:22:34', 1, '2024-02-13 17:22:34', NULL, NULL),
(14, 'payment00002', 4, 1, '2024-02-13 17:22:34', 1, '2024-04-08 16:20:51', NULL, NULL),
(15, 'payment00003', 4, 1, '2024-02-13 17:22:34', 1, '2024-04-08 16:20:51', NULL, NULL),
(16, 'payment00004', 4, 1, '2024-02-13 17:22:34', 1, '2024-04-08 16:20:51', NULL, NULL),
(17, 'payment00001', 5, 1, '2024-02-13 19:22:32', 1, '2024-02-13 19:22:32', NULL, NULL),
(18, 'payment00002', 5, 1, '2024-02-13 19:22:32', 1, '2024-04-08 16:20:51', NULL, NULL),
(19, 'payment00003', 5, 1, '2024-02-13 19:22:32', 1, '2024-04-08 16:20:51', NULL, NULL),
(20, 'payment00004', 5, 1, '2024-02-13 19:22:32', 1, '2024-04-08 16:20:51', NULL, NULL),
(21, 'payment00001', 6, 1, '2024-02-21 18:34:56', 1, '2024-02-21 18:34:56', NULL, NULL),
(22, 'payment00002', 6, 1, '2024-02-21 18:34:56', 1, '2024-04-08 16:20:51', NULL, NULL),
(23, 'payment00003', 6, 1, '2024-02-21 18:34:56', 1, '2024-04-08 16:20:51', NULL, NULL),
(24, 'payment00004', 6, 1, '2024-02-21 18:34:56', 1, '2024-04-08 16:20:51', NULL, NULL),
(25, 'payment00001', 7, 1, '2024-02-21 19:00:40', 1, '2024-02-21 19:00:40', NULL, NULL),
(26, 'payment00002', 7, 1, '2024-02-21 19:00:40', 1, '2024-04-08 16:20:51', NULL, NULL),
(27, 'payment00003', 7, 1, '2024-02-21 19:00:40', 1, '2024-04-08 16:20:51', NULL, NULL),
(28, 'payment00004', 7, 1, '2024-02-21 19:00:40', 1, '2024-04-08 16:20:51', NULL, NULL),
(29, 'payment00009', 1, 1, '2024-04-08 16:20:51', 1, '2024-04-08 16:20:51', NULL, NULL),
(30, 'payment00009', 2, 1, '2024-04-08 16:20:51', 1, '2024-04-08 16:20:51', NULL, NULL),
(31, 'payment00009', 3, 1, '2024-04-08 16:20:51', 1, '2024-04-08 16:20:51', NULL, NULL),
(32, 'payment00009', 4, 1, '2024-04-08 16:20:51', 1, '2024-04-08 16:20:51', NULL, NULL),
(33, 'payment00009', 5, 1, '2024-04-08 16:20:51', 1, '2024-04-08 16:20:51', NULL, NULL),
(34, 'payment00009', 6, 1, '2024-04-08 16:20:51', 1, '2024-04-08 16:20:51', NULL, NULL),
(35, 'payment00009', 7, 1, '2024-04-08 16:20:51', 1, '2024-04-08 16:20:51', NULL, NULL),
(36, 'payment00010', 1, 1, '2024-06-07 13:40:08', 1, '2024-06-07 13:40:08', NULL, NULL),
(37, 'payment00010', 2, 1, '2024-06-07 13:40:08', 1, '2024-06-07 13:40:08', NULL, NULL),
(38, 'payment00010', 3, 1, '2024-06-07 13:40:08', 1, '2024-06-07 13:40:08', NULL, NULL),
(39, 'payment00010', 4, 1, '2024-06-07 13:40:08', 1, '2024-06-07 13:40:08', NULL, NULL),
(40, 'payment00010', 5, 1, '2024-06-07 13:40:08', 1, '2024-06-07 13:40:08', NULL, NULL),
(41, 'payment00010', 6, 1, '2024-06-07 13:40:09', 1, '2024-06-07 13:40:09', NULL, NULL),
(42, 'payment00010', 7, 1, '2024-06-07 13:40:09', 1, '2024-06-07 13:40:09', NULL, NULL);

-- --------------------------------------------------------

--
-- Table structure for table `psx_vendor_payment_infos`
--

CREATE TABLE `psx_vendor_payment_infos` (
  `id` bigint(20) UNSIGNED NOT NULL,
  `payment_id` varchar(255) COLLATE utf8mb4_unicode_ci NOT NULL,
  `core_keys_id` varchar(255) COLLATE utf8mb4_unicode_ci NOT NULL,
  `value` varchar(255) COLLATE utf8mb4_unicode_ci DEFAULT NULL,
  `vendor_id` bigint(20) UNSIGNED NOT NULL,
  `added_date` timestamp NOT NULL DEFAULT current_timestamp() ON UPDATE current_timestamp(),
  `added_user_id` bigint(20) UNSIGNED NOT NULL,
  `updated_date` timestamp NULL DEFAULT NULL,
  `updated_user_id` bigint(20) UNSIGNED DEFAULT NULL,
  `updated_flag` smallint(6) DEFAULT NULL
) ENGINE=InnoDB DEFAULT CHARSET=utf8mb4 COLLATE=utf8mb4_unicode_ci;

--
-- Dumping data for table `psx_vendor_payment_infos`
--

INSERT INTO `psx_vendor_payment_infos` (`id`, `payment_id`, `core_keys_id`, `value`, `vendor_id`, `added_date`, `added_user_id`, `updated_date`, `updated_user_id`, `updated_flag`) VALUES
(1, 'payment00001', 'pmt00001', 'dzj5p9mzpfpqkwsy', 1, '2024-02-07 15:24:29', 0, '2024-02-08 17:02:52', 1, NULL),
(2, 'payment00001', 'pmt00002', '2pmx8pq5ybf35fs3', 1, '2024-02-07 15:24:29', 0, '2024-02-08 17:02:52', 1, NULL),
(3, 'payment00001', 'pmt00003', 'e544a8473607d5d28567ce8ba0c98e60', 1, '2024-02-07 15:24:29', 0, '2024-02-08 17:02:52', 1, NULL),
(4, 'payment00001', 'pmt00006', 'sandbox', 1, '2024-02-07 15:24:29', 0, '2024-02-08 17:02:52', 1, NULL),
(5, 'payment00002', 'pmt00012', NULL, 1, '2024-02-07 15:24:29', 0, '2024-02-08 17:02:52', 1, NULL),
(6, 'payment00002', 'pmt00013', NULL, 1, '2024-02-07 15:24:29', 0, '2024-02-08 17:02:52', 1, NULL),
(7, 'payment00003', 'pmt00014', NULL, 1, '2024-02-07 15:24:29', 0, '2024-02-08 17:02:52', 1, NULL),
(8, 'payment00004', 'pmt00015', NULL, 1, '2024-02-07 15:24:29', 0, '2024-02-08 17:02:52', 1, NULL),
(9, 'payment00001', 'pmt00001', 'g29p5zv2yn99xzcm', 2, '2024-02-08 17:00:20', 0, '2024-02-08 17:01:43', 161, NULL),
(10, 'payment00001', 'pmt00002', 'qdsf4wb4hwcjkmh2', 2, '2024-02-08 17:00:20', 0, '2024-02-08 17:01:43', 161, NULL),
(11, 'payment00001', 'pmt00003', 'b5ab888553e3bdce77d22e3001784e9a', 2, '2024-02-08 17:00:20', 0, '2024-02-08 17:01:43', 161, NULL),
(12, 'payment00001', 'pmt00006', 'sandbox', 2, '2024-02-08 17:00:20', 0, '2024-02-08 17:01:43', 161, NULL),
(13, 'payment00002', 'pmt00012', NULL, 2, '2024-02-08 17:00:20', 0, '2024-02-08 17:01:43', 161, NULL),
(14, 'payment00002', 'pmt00013', NULL, 2, '2024-02-08 17:00:20', 0, '2024-02-08 17:01:43', 161, NULL),
(15, 'payment00003', 'pmt00014', NULL, 2, '2024-02-08 17:00:20', 0, '2024-02-08 17:01:43', 161, NULL),
(16, 'payment00004', 'pmt00015', NULL, 2, '2024-02-08 17:00:20', 0, '2024-02-08 17:01:43', 161, NULL),
(17, 'payment00010', 'ps-pmt00044', NULL, 1, '2024-06-07 13:40:08', 1, '2024-06-07 13:40:08', NULL, NULL),
(18, 'payment00010', 'ps-pmt00045', NULL, 1, '2024-06-07 13:40:08', 1, '2024-06-07 13:40:08', NULL, NULL),
(19, 'payment00010', 'ps-pmt00046', NULL, 1, '2024-06-07 13:40:08', 1, '2024-06-07 13:40:08', NULL, NULL),
(20, 'payment00010', 'ps-pmt00044', NULL, 2, '2024-06-07 13:40:08', 1, '2024-06-07 13:40:08', NULL, NULL),
(21, 'payment00010', 'ps-pmt00045', NULL, 2, '2024-06-07 13:40:08', 1, '2024-06-07 13:40:08', NULL, NULL),
(22, 'payment00010', 'ps-pmt00046', NULL, 2, '2024-06-07 13:40:08', 1, '2024-06-07 13:40:08', NULL, NULL),
(23, 'payment00010', 'ps-pmt00044', NULL, 3, '2024-06-07 13:40:08', 1, '2024-06-07 13:40:08', NULL, NULL),
(24, 'payment00010', 'ps-pmt00045', NULL, 3, '2024-06-07 13:40:08', 1, '2024-06-07 13:40:08', NULL, NULL),
(25, 'payment00010', 'ps-pmt00046', NULL, 3, '2024-06-07 13:40:08', 1, '2024-06-07 13:40:08', NULL, NULL),
(26, 'payment00010', 'ps-pmt00044', NULL, 4, '2024-06-07 13:40:08', 1, '2024-06-07 13:40:08', NULL, NULL),
(27, 'payment00010', 'ps-pmt00045', NULL, 4, '2024-06-07 13:40:08', 1, '2024-06-07 13:40:08', NULL, NULL),
(28, 'payment00010', 'ps-pmt00046', NULL, 4, '2024-06-07 13:40:08', 1, '2024-06-07 13:40:08', NULL, NULL),
(29, 'payment00010', 'ps-pmt00044', NULL, 5, '2024-06-07 13:40:08', 1, '2024-06-07 13:40:08', NULL, NULL),
(30, 'payment00010', 'ps-pmt00045', NULL, 5, '2024-06-07 13:40:09', 1, '2024-06-07 13:40:09', NULL, NULL),
(31, 'payment00010', 'ps-pmt00046', NULL, 5, '2024-06-07 13:40:09', 1, '2024-06-07 13:40:09', NULL, NULL),
(32, 'payment00010', 'ps-pmt00044', NULL, 6, '2024-06-07 13:40:09', 1, '2024-06-07 13:40:09', NULL, NULL),
(33, 'payment00010', 'ps-pmt00045', NULL, 6, '2024-06-07 13:40:09', 1, '2024-06-07 13:40:09', NULL, NULL),
(34, 'payment00010', 'ps-pmt00046', NULL, 6, '2024-06-07 13:40:09', 1, '2024-06-07 13:40:09', NULL, NULL),
(35, 'payment00010', 'ps-pmt00044', NULL, 7, '2024-06-07 13:40:09', 1, '2024-06-07 13:40:09', NULL, NULL),
(36, 'payment00010', 'ps-pmt00045', NULL, 7, '2024-06-07 13:40:09', 1, '2024-06-07 13:40:09', NULL, NULL),
(37, 'payment00010', 'ps-pmt00046', NULL, 7, '2024-06-07 13:40:09', 1, '2024-06-07 13:40:09', NULL, NULL);

-- --------------------------------------------------------

--
-- Table structure for table `psx_vendor_payment_statuses`
--

CREATE TABLE `psx_vendor_payment_statuses` (
  `id` int(11) NOT NULL,
  `name` varchar(255) COLLATE utf8mb4_unicode_ci NOT NULL,
  `description` varchar(255) COLLATE utf8mb4_unicode_ci NOT NULL,
  `colour` varchar(255) COLLATE utf8mb4_unicode_ci NOT NULL DEFAULT '#000000',
  `vendor_id` bigint(20) UNSIGNED NOT NULL,
  `status` tinyint(4) NOT NULL DEFAULT 1,
  `is_ps_default` tinyint(4) NOT NULL DEFAULT 0,
  `added_date` timestamp NOT NULL DEFAULT current_timestamp() ON UPDATE current_timestamp(),
  `added_user_id` bigint(20) UNSIGNED NOT NULL,
  `updated_date` timestamp NULL DEFAULT NULL,
  `updated_user_id` bigint(20) UNSIGNED DEFAULT NULL,
  `updated_flag` smallint(6) DEFAULT NULL
) ENGINE=InnoDB DEFAULT CHARSET=utf8mb4 COLLATE=utf8mb4_unicode_ci;

--
-- Dumping data for table `psx_vendor_payment_statuses`
--

INSERT INTO `psx_vendor_payment_statuses` (`id`, `name`, `description`, `colour`, `vendor_id`, `status`, `is_ps_default`, `added_date`, `added_user_id`, `updated_date`, `updated_user_id`, `updated_flag`) VALUES
(1, 'Unpaid', 'Unpaid', '#DC2626', 1, 1, 1, '2024-02-07 14:57:51', 1, '2024-02-07 14:57:51', NULL, NULL),
(2, 'Paid', 'Paid', '#059669', 1, 1, 1, '2024-02-07 14:57:51', 1, '2024-02-07 14:57:51', NULL, NULL),
(3, 'Rejected by Vendor', 'Rejected by Vendor', '#cc0081', 1, 1, 1, '2024-02-07 14:57:51', 1, '2024-02-07 14:57:51', NULL, NULL),
(4, 'Refunded', 'Refunded', '#3600cc', 1, 1, 1, '2024-02-07 14:57:51', 1, '2024-02-07 14:57:51', NULL, NULL),
(1, 'Unpaid', 'Unpaid', '#DC2626', 2, 1, 1, '2024-02-07 14:57:51', 1, '2024-02-07 14:57:51', NULL, NULL),
(2, 'Paid', 'Paid', '#059669', 2, 1, 1, '2024-02-07 14:57:51', 1, '2024-02-07 14:57:51', NULL, NULL),
(3, 'Rejected by Vendor', 'Rejected by Vendor', '#cc0081', 2, 1, 1, '2024-02-07 14:57:51', 1, '2024-02-07 14:57:51', NULL, NULL),
(4, 'Refunded', 'Refunded', '#3600cc', 2, 1, 1, '2024-02-07 14:57:51', 1, '2024-02-07 14:57:51', NULL, NULL),
(1, 'Unpaid', 'Unpaid', '#000000', 3, 1, 1, '2024-02-13 17:15:04', 1, '2024-02-13 17:15:04', NULL, NULL),
(2, 'Paid', 'Paid', '#000000', 3, 1, 1, '2024-02-13 17:15:04', 1, '2024-02-13 17:15:04', NULL, NULL),
(3, 'Rejected by Vendor', 'Rejected by Vendor', '#000000', 3, 1, 1, '2024-02-13 17:15:04', 1, '2024-02-13 17:15:04', NULL, NULL),
(4, 'Refunded', 'Refunded', '#000000', 3, 1, 1, '2024-02-13 17:15:04', 1, '2024-02-13 17:15:04', NULL, NULL),
(1, 'Unpaid', 'Unpaid', '#000000', 4, 1, 1, '2024-02-13 17:22:34', 1, '2024-02-13 17:22:34', NULL, NULL),
(2, 'Paid', 'Paid', '#000000', 4, 1, 1, '2024-02-13 17:22:34', 1, '2024-02-13 17:22:34', NULL, NULL),
(3, 'Rejected by Vendor', 'Rejected by Vendor', '#000000', 4, 1, 1, '2024-02-13 17:22:34', 1, '2024-02-13 17:22:34', NULL, NULL),
(4, 'Refunded', 'Refunded', '#000000', 4, 1, 1, '2024-02-13 17:22:34', 1, '2024-02-13 17:22:34', NULL, NULL),
(1, 'Unpaid', 'Unpaid', '#000000', 5, 1, 1, '2024-02-13 19:22:32', 1, '2024-02-13 19:22:32', NULL, NULL),
(2, 'Paid', 'Paid', '#000000', 5, 1, 1, '2024-02-13 19:22:32', 1, '2024-02-13 19:22:32', NULL, NULL),
(3, 'Rejected by Vendor', 'Rejected by Vendor', '#000000', 5, 1, 1, '2024-02-13 19:22:32', 1, '2024-02-13 19:22:32', NULL, NULL),
(4, 'Refunded', 'Refunded', '#000000', 5, 1, 1, '2024-02-13 19:22:32', 1, '2024-02-13 19:22:32', NULL, NULL),
(1, 'Unpaid', 'Unpaid', '#000000', 6, 1, 1, '2024-02-21 18:34:56', 1, '2024-02-21 18:34:56', NULL, NULL),
(2, 'Paid', 'Paid', '#000000', 6, 1, 1, '2024-02-21 18:34:56', 1, '2024-02-21 18:34:56', NULL, NULL),
(3, 'Rejected by Vendor', 'Rejected by Vendor', '#000000', 6, 1, 1, '2024-02-21 18:34:56', 1, '2024-02-21 18:34:56', NULL, NULL),
(4, 'Refunded', 'Refunded', '#000000', 6, 1, 1, '2024-02-21 18:34:56', 1, '2024-02-21 18:34:56', NULL, NULL),
(1, 'Unpaid', 'Unpaid', '#000000', 7, 1, 1, '2024-02-21 19:00:40', 1, '2024-02-21 19:00:40', NULL, NULL),
(2, 'Paid', 'Paid', '#000000', 7, 1, 1, '2024-02-21 19:00:40', 1, '2024-02-21 19:00:40', NULL, NULL),
(3, 'Rejected by Vendor', 'Rejected by Vendor', '#000000', 7, 1, 1, '2024-02-21 19:00:40', 1, '2024-02-21 19:00:40', NULL, NULL),
(4, 'Refunded', 'Refunded', '#000000', 7, 1, 1, '2024-02-21 19:00:40', 1, '2024-02-21 19:00:40', NULL, NULL);

-- --------------------------------------------------------

--
-- Table structure for table `psx_vendor_roles`
--

CREATE TABLE `psx_vendor_roles` (
  `id` bigint(20) UNSIGNED NOT NULL,
  `name` varchar(255) COLLATE utf8mb4_unicode_ci NOT NULL,
  `description` longtext COLLATE utf8mb4_unicode_ci NOT NULL,
  `status` varchar(255) COLLATE utf8mb4_unicode_ci NOT NULL,
  `added_date` timestamp NOT NULL DEFAULT current_timestamp() ON UPDATE current_timestamp(),
  `added_user_id` bigint(20) UNSIGNED NOT NULL,
  `updated_date` timestamp NULL DEFAULT NULL,
  `updated_user_id` bigint(20) UNSIGNED DEFAULT NULL,
  `updated_flag` smallint(6) DEFAULT NULL
) ENGINE=InnoDB DEFAULT CHARSET=utf8mb4 COLLATE=utf8mb4_unicode_ci;

--
-- Dumping data for table `psx_vendor_roles`
--

INSERT INTO `psx_vendor_roles` (`id`, `name`, `description`, `status`, `added_date`, `added_user_id`, `updated_date`, `updated_user_id`, `updated_flag`) VALUES
(1, 'Owner', 'Owner Role', '1', '2023-12-21 19:50:13', 1, NULL, NULL, NULL),
(2, 'Manager', 'Manager Role', '1', '2023-12-21 19:50:13', 1, NULL, NULL, NULL),
(3, 'Employer', 'Employer Role', '1', '2023-12-21 19:50:13', 1, NULL, NULL, NULL);

-- --------------------------------------------------------

--
-- Table structure for table `psx_vendor_role_permissions`
--

CREATE TABLE `psx_vendor_role_permissions` (
  `id` bigint(20) UNSIGNED NOT NULL,
  `vendor_role_id` bigint(20) UNSIGNED NOT NULL,
  `module_and_permission` longtext CHARACTER SET utf8mb4 COLLATE utf8mb4_bin DEFAULT NULL CHECK (json_valid(`module_and_permission`)),
  `added_date` timestamp NOT NULL DEFAULT current_timestamp() ON UPDATE current_timestamp(),
  `added_user_id` bigint(20) UNSIGNED NOT NULL,
  `updated_date` timestamp NULL DEFAULT NULL,
  `updated_user_id` bigint(20) UNSIGNED DEFAULT NULL,
  `updated_flag` smallint(6) DEFAULT NULL
) ENGINE=InnoDB DEFAULT CHARSET=utf8mb4 COLLATE=utf8mb4_unicode_ci;

--
-- Dumping data for table `psx_vendor_role_permissions`
--

INSERT INTO `psx_vendor_role_permissions` (`id`, `vendor_role_id`, `module_and_permission`, `added_date`, `added_user_id`, `updated_date`, `updated_user_id`, `updated_flag`) VALUES
(1, 1, '{\"ps-0000000001\": [\"1\", \"2\", \"3\", \"4\"], \"ps-0000000002\": [\"1\", \"2\", \"3\", \"4\"], \"ps-0000000003\": [\"1\", \"2\", \"3\", \"4\"], \"ps-0000000004\": [\"1\", \"2\", \"3\", \"4\"], \"ps-0000000005\": [\"1\", \"2\", \"3\", \"4\"], \"ps-0000000006\": [\"1\", \"2\", \"3\", \"4\"], \"ps-0000000007\": [\"1\", \"2\", \"3\", \"4\"], \"ps-0000000008\": [\"1\", \"2\", \"3\", \"4\"], \"ps-0000000009\": [\"1\", \"2\", \"3\", \"4\"], \"ps-0000000010\": [\"1\", \"2\", \"3\", \"4\"], \"ps-0000000011\": [\"1\", \"2\", \"3\", \"4\"], \"ps-0000000012\": [\"1\", \"2\", \"3\", \"4\"]}', '2024-01-17 10:47:52', 1, '2024-04-08 16:20:51', 1, NULL),
(2, 2, '{\"ps-0000000001\": [\"1\", \"2\", \"3\", \"4\"], \"ps-0000000002\": [\"1\", \"2\", \"3\", \"4\"]}', '2023-12-21 19:50:13', 1, NULL, NULL, NULL),
(3, 3, '{\"ps-0000000001\": [\"1\", \"2\", \"3\", \"4\"], \"ps-0000000002\": [\"1\", \"2\", \"3\"]}', '2023-12-21 19:50:13', 1, NULL, NULL, NULL);

-- --------------------------------------------------------

--
-- Table structure for table `psx_vendor_sub_menus`
--

CREATE TABLE `psx_vendor_sub_menus` (
  `id` bigint(20) UNSIGNED NOT NULL,
  `sub_menu_name` varchar(255) COLLATE utf8mb4_unicode_ci NOT NULL,
  `sub_menu_desc` varchar(255) COLLATE utf8mb4_unicode_ci NOT NULL,
  `icon_id` bigint(20) UNSIGNED NOT NULL,
  `sub_menu_lang_key` varchar(255) COLLATE utf8mb4_unicode_ci NOT NULL,
  `is_show_on_menu` tinyint(4) NOT NULL,
  `ordering` tinyint(4) NOT NULL,
  `module_id` varchar(30) COLLATE utf8mb4_unicode_ci DEFAULT NULL,
  `core_menu_group_id` bigint(20) UNSIGNED NOT NULL,
  `is_dropdown` tinyint(4) NOT NULL,
  `added_date` timestamp NOT NULL DEFAULT current_timestamp() ON UPDATE current_timestamp(),
  `added_user_id` bigint(20) UNSIGNED NOT NULL,
  `updated_date` timestamp NULL DEFAULT NULL,
  `updated_user_id` bigint(20) UNSIGNED DEFAULT NULL,
  `updated_flag` smallint(6) DEFAULT NULL
) ENGINE=InnoDB DEFAULT CHARSET=utf8mb4 COLLATE=utf8mb4_unicode_ci;

--
-- Dumping data for table `psx_vendor_sub_menus`
--

INSERT INTO `psx_vendor_sub_menus` (`id`, `sub_menu_name`, `sub_menu_desc`, `icon_id`, `sub_menu_lang_key`, `is_show_on_menu`, `ordering`, `module_id`, `core_menu_group_id`, `is_dropdown`, `added_date`, `added_user_id`, `updated_date`, `updated_user_id`, `updated_flag`) VALUES
(1, 'My Store', 'My Store', 18, 'core__vendor_my_store_module', 1, 1, 'ps-0000000001', 1, 0, '2023-12-21 19:50:13', 1, '2023-12-21 19:50:13', NULL, NULL),
(2, 'Items', 'Items', 2, 'core__vendor_item_module', 1, 2, NULL, 2, 1, '2023-12-21 19:50:13', 1, '2023-12-21 19:50:13', NULL, NULL),
(3, 'Subscriptions', 'Subscriptions', 19, 'core__vendor_subscriptions', 1, 2, NULL, 3, 1, '2024-01-17 10:47:52', 1, '2024-01-17 10:47:52', NULL, NULL),
(4, 'Payment', 'Payment', 11, 'core__vendor_payment_module', 1, 1, NULL, 4, 1, '2024-02-07 14:57:51', 1, '2024-02-07 14:57:51', NULL, NULL),
(5, 'Status Management', 'Status Management', 20, 'core__vendor_status_management_module', 1, 1, NULL, 5, 1, '2024-02-07 14:57:51', 1, '2024-02-07 14:57:51', NULL, NULL),
(6, 'Order', 'Order', 21, 'core__vendor_order_module', 1, 1, NULL, 6, 1, '2024-02-07 14:57:51', 1, '2024-02-07 14:57:51', NULL, NULL),
(7, 'Transaction Reports', 'Transaction Reports', 22, 'core__vendor_transaction_reports_module', 1, 1, NULL, 7, 1, '2024-02-07 14:57:51', 1, '2024-02-07 14:57:51', NULL, NULL),
(8, 'Vendor Currencies', 'Vendor Currencies', 23, 'core__vendor_currency_module', 1, 2, 'ps-0000000011', 5, 0, '2024-04-08 16:20:51', 1, '2024-04-08 16:20:51', NULL, NULL),
(9, 'Setting', 'Setting', 12, 'core__vendor_panel_setting_module', 1, 3, NULL, 5, 1, '2024-04-08 16:20:51', 1, '2024-04-08 16:20:51', NULL, NULL);

-- --------------------------------------------------------

--
-- Table structure for table `psx_vendor_transactions`
--

CREATE TABLE `psx_vendor_transactions` (
  `id` bigint(20) UNSIGNED NOT NULL,
  `order_id` bigint(20) UNSIGNED NOT NULL,
  `currency_id` bigint(20) UNSIGNED NOT NULL,
  `user_id` bigint(20) UNSIGNED NOT NULL,
  `vendor_id` bigint(20) UNSIGNED NOT NULL,
  `payment_date` timestamp NOT NULL DEFAULT current_timestamp(),
  `payment_amount` double NOT NULL,
  `payment_method` varchar(255) COLLATE utf8mb4_unicode_ci NOT NULL DEFAULT 'N.A',
  `razor_id` varchar(255) COLLATE utf8mb4_unicode_ci DEFAULT NULL,
  `is_paystack` tinyint(1) DEFAULT NULL,
  `vendor_payment_status_id` bigint(20) UNSIGNED NOT NULL DEFAULT 0,
  `transaction_id` varchar(255) COLLATE utf8mb4_unicode_ci DEFAULT NULL,
  `added_date` timestamp NOT NULL DEFAULT '0000-00-00 00:00:00',
  `added_user_id` bigint(20) UNSIGNED NOT NULL,
  `updated_date` timestamp NULL DEFAULT NULL,
  `updated_user_id` bigint(20) UNSIGNED DEFAULT NULL,
  `updated_flag` smallint(6) DEFAULT NULL
) ENGINE=InnoDB DEFAULT CHARSET=utf8mb4 COLLATE=utf8mb4_unicode_ci;

-- --------------------------------------------------------

--
-- Table structure for table `psx_vendor_user_permissions`
--

CREATE TABLE `psx_vendor_user_permissions` (
  `id` bigint(20) UNSIGNED NOT NULL,
  `user_id` bigint(20) UNSIGNED NOT NULL,
  `vendor_and_role` longtext CHARACTER SET utf8mb4 COLLATE utf8mb4_bin DEFAULT NULL CHECK (json_valid(`vendor_and_role`)),
  `added_date` timestamp NOT NULL DEFAULT current_timestamp() ON UPDATE current_timestamp(),
  `added_user_id` bigint(20) UNSIGNED NOT NULL,
  `updated_date` timestamp NULL DEFAULT NULL,
  `updated_user_id` bigint(20) UNSIGNED DEFAULT NULL,
  `updated_flag` smallint(6) DEFAULT NULL
) ENGINE=InnoDB DEFAULT CHARSET=utf8mb4 COLLATE=utf8mb4_unicode_ci;

--
-- Dumping data for table `psx_vendor_user_permissions`
--

INSERT INTO `psx_vendor_user_permissions` (`id`, `user_id`, `vendor_and_role`, `added_date`, `added_user_id`, `updated_date`, `updated_user_id`, `updated_flag`) VALUES
(1, 1, '{\"1\": \"1\"}', '2023-12-21 20:33:45', 0, '2023-12-21 20:33:45', NULL, NULL),
(2, 161, '{\"2\": \"1\"}', '2023-12-21 20:36:38', 0, '2023-12-21 20:36:38', NULL, NULL),
(3, 159, '{\"3\": \"1\"}', '2024-02-13 17:15:04', 0, '2024-02-13 17:15:04', NULL, NULL),
(4, 162, '{\"4\": \"1\"}', '2024-02-13 17:22:34', 0, '2024-02-13 17:22:34', NULL, NULL),
(5, 160, '{\"5\": \"1\"}', '2024-02-13 19:22:32', 0, '2024-02-13 19:22:32', NULL, NULL),
(6, 158, '{\"6\": \"1\"}', '2024-02-21 18:34:56', 0, '2024-02-21 18:34:56', NULL, NULL),
(7, 166, '{\"7\": \"1\"}', '2024-02-21 19:00:40', 0, '2024-02-21 19:00:40', NULL, NULL);

-- --------------------------------------------------------

--
-- Table structure for table `sessions`
--

CREATE TABLE `sessions` (
  `id` varchar(255) COLLATE utf8mb4_unicode_ci NOT NULL,
  `user_id` bigint(20) UNSIGNED DEFAULT NULL,
  `ip_address` varchar(45) COLLATE utf8mb4_unicode_ci DEFAULT NULL,
  `user_agent` text COLLATE utf8mb4_unicode_ci DEFAULT NULL,
  `payload` text COLLATE utf8mb4_unicode_ci NOT NULL,
  `last_activity` int(11) NOT NULL
) ENGINE=InnoDB DEFAULT CHARSET=utf8mb4 COLLATE=utf8mb4_unicode_ci;

--
-- Dumping data for table `sessions`
--

INSERT INTO `sessions` (`id`, `user_id`, `ip_address`, `user_agent`, `payload`, `last_activity`) VALUES
('pXHlYyxBfBgItIeg7bfphzGqo5uFoT4CFFAjNYXD', 1, '116.206.194.35', 'Mozilla/5.0 (Windows NT 10.0; Win64; x64) AppleWebKit/537.36 (KHTML, like Gecko) Chrome/127.0.0.0 Safari/537.36', 'YTo2OntzOjY6Il90b2tlbiI7czo0MDoiOFlPZnd5cEs0bERHYVY4dkRpQ0hXR3JtZEUzWWxIMERMRDE2SE8yMCI7czo5OiJfcHJldmlvdXMiO2E6MTp7czozOiJ1cmwiO3M6NTU6Imh0dHBzOi8vd3d3LnByb2R1Y3RzLnBhbmFjZWEtc29mdC5jby9wc3gtY2djLWRlbW8vYWRtaW4iO31zOjY6Il9mbGFzaCI7YToyOntzOjM6Im9sZCI7YTowOnt9czozOiJuZXciO2E6MDp7fX1zOjExOiJsb2dpblVzZXJJZCI7aToxO3M6NTA6ImxvZ2luX3dlYl81OWJhMzZhZGRjMmIyZjk0MDE1ODBmMDE0YzdmNThlYTRlMzA5ODlkIjtpOjE7czoxNzoicGFzc3dvcmRfaGFzaF93ZWIiO3M6NjA6IiQyeSQxMCRiUS83bmFWMGw5MWZYb0s5VnJ2QWMuTkZPZEdXNS5wRWhiRG5FL0guVHRGcFZQSGYwWG00QyI7fQ==', 1724231574),
('ub6ZCZ46RCifWLzr6grMp7yBZKjxOlv5JeiY9MKA', 1, '188.3.79.134', 'Mozilla/5.0 (Windows NT 10.0; Win64; x64) AppleWebKit/537.36 (KHTML, like Gecko) Chrome/127.0.0.0 Safari/537.36', 'YTo2OntzOjY6Il90b2tlbiI7czo0MDoiN25IajBTYUZUcExtNFhQYzJRR2Q4SXA3SGt0anQ4b0MyUUNudURaNyI7czo5OiJfcHJldmlvdXMiO2E6MTp7czozOiJ1cmwiO3M6NDk6Imh0dHBzOi8vd3d3LnByb2R1Y3RzLnBhbmFjZWEtc29mdC5jby9wc3gtY2djLWRlbW8iO31zOjY6Il9mbGFzaCI7YToyOntzOjM6Im9sZCI7YTowOnt9czozOiJuZXciO2E6MDp7fX1zOjExOiJsb2dpblVzZXJJZCI7aToxO3M6NTA6ImxvZ2luX3dlYl81OWJhMzZhZGRjMmIyZjk0MDE1ODBmMDE0YzdmNThlYTRlMzA5ODlkIjtpOjE7czoxNzoicGFzc3dvcmRfaGFzaF93ZWIiO3M6NjA6IiQyeSQxMCRiUS83bmFWMGw5MWZYb0s5VnJ2QWMuTkZPZEdXNS5wRWhiRG5FL0guVHRGcFZQSGYwWG00QyI7fQ==', 1724231614);

-- --------------------------------------------------------

--
-- Table structure for table `teams`
--

CREATE TABLE `teams` (
  `id` bigint(20) UNSIGNED NOT NULL,
  `user_id` bigint(20) UNSIGNED NOT NULL,
  `name` varchar(255) COLLATE utf8mb4_unicode_ci NOT NULL,
  `personal_team` tinyint(1) NOT NULL,
  `created_at` timestamp NULL DEFAULT NULL,
  `updated_at` timestamp NULL DEFAULT NULL
) ENGINE=InnoDB DEFAULT CHARSET=utf8mb4 COLLATE=utf8mb4_unicode_ci;

-- --------------------------------------------------------

--
-- Table structure for table `team_invitations`
--

CREATE TABLE `team_invitations` (
  `id` bigint(20) UNSIGNED NOT NULL,
  `team_id` bigint(20) UNSIGNED NOT NULL,
  `email` varchar(255) COLLATE utf8mb4_unicode_ci NOT NULL,
  `role` varchar(255) COLLATE utf8mb4_unicode_ci DEFAULT NULL,
  `created_at` timestamp NULL DEFAULT NULL,
  `updated_at` timestamp NULL DEFAULT NULL
) ENGINE=InnoDB DEFAULT CHARSET=utf8mb4 COLLATE=utf8mb4_unicode_ci;

-- --------------------------------------------------------

--
-- Table structure for table `team_user`
--

CREATE TABLE `team_user` (
  `id` bigint(20) UNSIGNED NOT NULL,
  `team_id` bigint(20) UNSIGNED NOT NULL,
  `user_id` bigint(20) UNSIGNED NOT NULL,
  `role` varchar(255) COLLATE utf8mb4_unicode_ci DEFAULT NULL,
  `created_at` timestamp NULL DEFAULT NULL,
  `updated_at` timestamp NULL DEFAULT NULL
) ENGINE=InnoDB DEFAULT CHARSET=utf8mb4 COLLATE=utf8mb4_unicode_ci;

--
-- Indexes for dumped tables
--

--
-- Indexes for table `failed_jobs`
--
ALTER TABLE `failed_jobs`
  ADD PRIMARY KEY (`id`),
  ADD UNIQUE KEY `failed_jobs_uuid_unique` (`uuid`);

--
-- Indexes for table `migrations`
--
ALTER TABLE `migrations`
  ADD PRIMARY KEY (`id`);

--
-- Indexes for table `password_resets`
--
ALTER TABLE `password_resets`
  ADD KEY `password_resets_email_index` (`email`);

--
-- Indexes for table `psx_activated_file_names`
--
ALTER TABLE `psx_activated_file_names`
  ADD PRIMARY KEY (`id`);

--
-- Indexes for table `psx_api_call_settings`
--
ALTER TABLE `psx_api_call_settings`
  ADD PRIMARY KEY (`id`);

--
-- Indexes for table `psx_authorizations`
--
ALTER TABLE `psx_authorizations`
  ADD PRIMARY KEY (`id`);

--
-- Indexes for table `psx_available_currencies`
--
ALTER TABLE `psx_available_currencies`
  ADD PRIMARY KEY (`id`);

--
-- Indexes for table `psx_block_users`
--
ALTER TABLE `psx_block_users`
  ADD PRIMARY KEY (`id`);

--
-- Indexes for table `psx_blogs`
--
ALTER TABLE `psx_blogs`
  ADD PRIMARY KEY (`id`);

--
-- Indexes for table `psx_blue_mark_users`
--
ALTER TABLE `psx_blue_mark_users`
  ADD PRIMARY KEY (`id`);

--
-- Indexes for table `psx_builder_app_info_caches`
--
ALTER TABLE `psx_builder_app_info_caches`
  ADD PRIMARY KEY (`id`);

--
-- Indexes for table `psx_carts`
--
ALTER TABLE `psx_carts`
  ADD PRIMARY KEY (`id`);

--
-- Indexes for table `psx_cart_items`
--
ALTER TABLE `psx_cart_items`
  ADD PRIMARY KEY (`id`);

--
-- Indexes for table `psx_categories`
--
ALTER TABLE `psx_categories`
  ADD PRIMARY KEY (`id`);

--
-- Indexes for table `psx_category_language_strings`
--
ALTER TABLE `psx_category_language_strings`
  ADD PRIMARY KEY (`id`);

--
-- Indexes for table `psx_chat_histories`
--
ALTER TABLE `psx_chat_histories`
  ADD PRIMARY KEY (`id`);

--
-- Indexes for table `psx_chat_notis`
--
ALTER TABLE `psx_chat_notis`
  ADD PRIMARY KEY (`id`);

--
-- Indexes for table `psx_check_version_updates`
--
ALTER TABLE `psx_check_version_updates`
  ADD PRIMARY KEY (`id`);

--
-- Indexes for table `psx_component_attributes`
--
ALTER TABLE `psx_component_attributes`
  ADD PRIMARY KEY (`id`);

--
-- Indexes for table `psx_contacts`
--
ALTER TABLE `psx_contacts`
  ADD PRIMARY KEY (`id`);

--
-- Indexes for table `psx_core_abouts`
--
ALTER TABLE `psx_core_abouts`
  ADD PRIMARY KEY (`id`);

--
-- Indexes for table `psx_core_data_deletions`
--
ALTER TABLE `psx_core_data_deletions`
  ADD PRIMARY KEY (`id`);

--
-- Indexes for table `psx_core_field_filter_settings`
--
ALTER TABLE `psx_core_field_filter_settings`
  ADD PRIMARY KEY (`id`);

--
-- Indexes for table `psx_core_images`
--
ALTER TABLE `psx_core_images`
  ADD PRIMARY KEY (`id`);

--
-- Indexes for table `psx_core_keys`
--
ALTER TABLE `psx_core_keys`
  ADD PRIMARY KEY (`id`);

--
-- Indexes for table `psx_core_key_counters`
--
ALTER TABLE `psx_core_key_counters`
  ADD PRIMARY KEY (`id`);

--
-- Indexes for table `psx_core_key_payment_relations`
--
ALTER TABLE `psx_core_key_payment_relations`
  ADD PRIMARY KEY (`id`);

--
-- Indexes for table `psx_core_key_types`
--
ALTER TABLE `psx_core_key_types`
  ADD PRIMARY KEY (`id`);

--
-- Indexes for table `psx_core_key_user_relations`
--
ALTER TABLE `psx_core_key_user_relations`
  ADD PRIMARY KEY (`id`);

--
-- Indexes for table `psx_core_menus`
--
ALTER TABLE `psx_core_menus`
  ADD PRIMARY KEY (`id`),
  ADD KEY `psx_core_menus_module_id_foreign` (`module_id`);

--
-- Indexes for table `psx_core_menu_groups`
--
ALTER TABLE `psx_core_menu_groups`
  ADD PRIMARY KEY (`id`);

--
-- Indexes for table `psx_core_modules`
--
ALTER TABLE `psx_core_modules`
  ADD PRIMARY KEY (`id`);

--
-- Indexes for table `psx_core_privacy_policies`
--
ALTER TABLE `psx_core_privacy_policies`
  ADD PRIMARY KEY (`id`);

--
-- Indexes for table `psx_core_reset_codes`
--
ALTER TABLE `psx_core_reset_codes`
  ADD PRIMARY KEY (`id`);

--
-- Indexes for table `psx_core_sub_menu_groups`
--
ALTER TABLE `psx_core_sub_menu_groups`
  ADD PRIMARY KEY (`id`),
  ADD KEY `psx_core_sub_menu_groups_module_id_foreign` (`module_id`);

--
-- Indexes for table `psx_currencies`
--
ALTER TABLE `psx_currencies`
  ADD PRIMARY KEY (`id`);

--
-- Indexes for table `psx_customize_ui`
--
ALTER TABLE `psx_customize_ui`
  ADD PRIMARY KEY (`id`);

--
-- Indexes for table `psx_customize_ui_details`
--
ALTER TABLE `psx_customize_ui_details`
  ADD PRIMARY KEY (`id`);

--
-- Indexes for table `psx_custom_sessions`
--
ALTER TABLE `psx_custom_sessions`
  ADD PRIMARY KEY (`id`),
  ADD KEY `psx_custom_sessions_user_id_index` (`user_id`),
  ADD KEY `psx_custom_sessions_last_activity_index` (`last_activity`);

--
-- Indexes for table `psx_dashboard_core_images`
--
ALTER TABLE `psx_dashboard_core_images`
  ADD PRIMARY KEY (`id`);

--
-- Indexes for table `psx_dashboard_highest_rated_buyers`
--
ALTER TABLE `psx_dashboard_highest_rated_buyers`
  ADD PRIMARY KEY (`id`);

--
-- Indexes for table `psx_dashboard_highest_rated_sellers`
--
ALTER TABLE `psx_dashboard_highest_rated_sellers`
  ADD PRIMARY KEY (`id`);

--
-- Indexes for table `psx_dashboard_latest_refresh_date`
--
ALTER TABLE `psx_dashboard_latest_refresh_date`
  ADD PRIMARY KEY (`id`);

--
-- Indexes for table `psx_dashboard_most_engaging_products`
--
ALTER TABLE `psx_dashboard_most_engaging_products`
  ADD PRIMARY KEY (`id`);

--
-- Indexes for table `psx_dashboard_most_purchased_packages`
--
ALTER TABLE `psx_dashboard_most_purchased_packages`
  ADD PRIMARY KEY (`id`);

--
-- Indexes for table `psx_dashboard_most_revenue_from_packages`
--
ALTER TABLE `psx_dashboard_most_revenue_from_packages`
  ADD PRIMARY KEY (`id`);

--
-- Indexes for table `psx_dashboard_most_revenue_from_promotions`
--
ALTER TABLE `psx_dashboard_most_revenue_from_promotions`
  ADD PRIMARY KEY (`id`);

--
-- Indexes for table `psx_dashboard_recent_registered_users`
--
ALTER TABLE `psx_dashboard_recent_registered_users`
  ADD PRIMARY KEY (`id`);

--
-- Indexes for table `psx_dashboard_total_and_percentage_results`
--
ALTER TABLE `psx_dashboard_total_and_percentage_results`
  ADD PRIMARY KEY (`id`);

--
-- Indexes for table `psx_domain_changes`
--
ALTER TABLE `psx_domain_changes`
  ADD PRIMARY KEY (`id`);

--
-- Indexes for table `psx_favourites`
--
ALTER TABLE `psx_favourites`
  ADD PRIMARY KEY (`id`);

--
-- Indexes for table `psx_follow_users`
--
ALTER TABLE `psx_follow_users`
  ADD PRIMARY KEY (`id`);

--
-- Indexes for table `psx_free_trial_durations`
--
ALTER TABLE `psx_free_trial_durations`
  ADD PRIMARY KEY (`id`);

--
-- Indexes for table `psx_frontend_settings`
--
ALTER TABLE `psx_frontend_settings`
  ADD PRIMARY KEY (`id`);

--
-- Indexes for table `psx_icons`
--
ALTER TABLE `psx_icons`
  ADD PRIMARY KEY (`id`);

--
-- Indexes for table `psx_installer`
--
ALTER TABLE `psx_installer`
  ADD PRIMARY KEY (`id`);

--
-- Indexes for table `psx_items`
--
ALTER TABLE `psx_items`
  ADD PRIMARY KEY (`id`),
  ADD KEY `psx_items_status_index` (`status`),
  ADD KEY `psx_items_added_user_id_index` (`added_user_id`);

--
-- Indexes for table `psx_item_discounts`
--
ALTER TABLE `psx_item_discounts`
  ADD PRIMARY KEY (`id`);

--
-- Indexes for table `psx_item_infos`
--
ALTER TABLE `psx_item_infos`
  ADD PRIMARY KEY (`id`),
  ADD KEY `psx_item_infos_item_id_index` (`item_id`);

--
-- Indexes for table `psx_item_reports`
--
ALTER TABLE `psx_item_reports`
  ADD PRIMARY KEY (`id`);

--
-- Indexes for table `psx_landing_pages`
--
ALTER TABLE `psx_landing_pages`
  ADD PRIMARY KEY (`id`);

--
-- Indexes for table `psx_languages`
--
ALTER TABLE `psx_languages`
  ADD PRIMARY KEY (`id`);

--
-- Indexes for table `psx_location_cities`
--
ALTER TABLE `psx_location_cities`
  ADD PRIMARY KEY (`id`);

--
-- Indexes for table `psx_location_city_infos`
--
ALTER TABLE `psx_location_city_infos`
  ADD PRIMARY KEY (`id`);

--
-- Indexes for table `psx_location_townships`
--
ALTER TABLE `psx_location_townships`
  ADD PRIMARY KEY (`id`),
  ADD KEY `psx_location_townships_location_city_id_foreign` (`location_city_id`);

--
-- Indexes for table `psx_log_changes`
--
ALTER TABLE `psx_log_changes`
  ADD PRIMARY KEY (`id`);

--
-- Indexes for table `psx_mobile_languages`
--
ALTER TABLE `psx_mobile_languages`
  ADD PRIMARY KEY (`id`);

--
-- Indexes for table `psx_mobile_settings`
--
ALTER TABLE `psx_mobile_settings`
  ADD PRIMARY KEY (`id`);

--
-- Indexes for table `psx_modules`
--
ALTER TABLE `psx_modules`
  ADD PRIMARY KEY (`id`);

--
-- Indexes for table `psx_nos`
--
ALTER TABLE `psx_nos`
  ADD PRIMARY KEY (`id`);

--
-- Indexes for table `psx_orders`
--
ALTER TABLE `psx_orders`
  ADD PRIMARY KEY (`id`);

--
-- Indexes for table `psx_order_items`
--
ALTER TABLE `psx_order_items`
  ADD PRIMARY KEY (`id`);

--
-- Indexes for table `psx_packages`
--
ALTER TABLE `psx_packages`
  ADD PRIMARY KEY (`id`);

--
-- Indexes for table `psx_package_bought_transactions`
--
ALTER TABLE `psx_package_bought_transactions`
  ADD PRIMARY KEY (`id`);

--
-- Indexes for table `psx_paid_item_histories`
--
ALTER TABLE `psx_paid_item_histories`
  ADD PRIMARY KEY (`id`);

--
-- Indexes for table `psx_payments`
--
ALTER TABLE `psx_payments`
  ADD PRIMARY KEY (`id`);

--
-- Indexes for table `psx_payment_attributes`
--
ALTER TABLE `psx_payment_attributes`
  ADD PRIMARY KEY (`id`);

--
-- Indexes for table `psx_payment_infos`
--
ALTER TABLE `psx_payment_infos`
  ADD PRIMARY KEY (`id`);

--
-- Indexes for table `psx_payment_statuses`
--
ALTER TABLE `psx_payment_statuses`
  ADD PRIMARY KEY (`id`);

--
-- Indexes for table `psx_permissions`
--
ALTER TABLE `psx_permissions`
  ADD PRIMARY KEY (`id`);

--
-- Indexes for table `psx_phone_country_codes`
--
ALTER TABLE `psx_phone_country_codes`
  ADD PRIMARY KEY (`id`);

--
-- Indexes for table `psx_products`
--
ALTER TABLE `psx_products`
  ADD PRIMARY KEY (`id`);

--
-- Indexes for table `psx_product_infos`
--
ALTER TABLE `psx_product_infos`
  ADD PRIMARY KEY (`id`);

--
-- Indexes for table `psx_push_notification_messages`
--
ALTER TABLE `psx_push_notification_messages`
  ADD PRIMARY KEY (`id`);

--
-- Indexes for table `psx_push_notification_users`
--
ALTER TABLE `psx_push_notification_users`
  ADD PRIMARY KEY (`id`);

--
-- Indexes for table `psx_ratings`
--
ALTER TABLE `psx_ratings`
  ADD PRIMARY KEY (`id`);

--
-- Indexes for table `psx_reported_item_statuses`
--
ALTER TABLE `psx_reported_item_statuses`
  ADD PRIMARY KEY (`id`);

--
-- Indexes for table `psx_roles`
--
ALTER TABLE `psx_roles`
  ADD PRIMARY KEY (`id`),
  ADD UNIQUE KEY `roles_name_unique` (`name`);

--
-- Indexes for table `psx_role_permissions`
--
ALTER TABLE `psx_role_permissions`
  ADD PRIMARY KEY (`id`),
  ADD KEY `psx_role_permissions_role_id_foreign` (`role_id`),
  ADD KEY `psx_role_permissions_module_id_foreign` (`module_id`);

--
-- Indexes for table `psx_search_histories`
--
ALTER TABLE `psx_search_histories`
  ADD PRIMARY KEY (`id`);

--
-- Indexes for table `psx_selected_theme`
--
ALTER TABLE `psx_selected_theme`
  ADD PRIMARY KEY (`id`);

--
-- Indexes for table `psx_settings`
--
ALTER TABLE `psx_settings`
  ADD PRIMARY KEY (`id`);

--
-- Indexes for table `psx_shippings`
--
ALTER TABLE `psx_shippings`
  ADD PRIMARY KEY (`id`);

--
-- Indexes for table `psx_shipping_and_billings`
--
ALTER TABLE `psx_shipping_and_billings`
  ADD PRIMARY KEY (`id`);

--
-- Indexes for table `psx_subcategories`
--
ALTER TABLE `psx_subcategories`
  ADD PRIMARY KEY (`id`),
  ADD KEY `psx_subcategories_category_id_foreign` (`category_id`);

--
-- Indexes for table `psx_subcat_subscribes`
--
ALTER TABLE `psx_subcat_subscribes`
  ADD PRIMARY KEY (`id`);

--
-- Indexes for table `psx_subscription_bought_transactions`
--
ALTER TABLE `psx_subscription_bought_transactions`
  ADD PRIMARY KEY (`id`);

--
-- Indexes for table `psx_system_codes`
--
ALTER TABLE `psx_system_codes`
  ADD PRIMARY KEY (`id`);

--
-- Indexes for table `psx_system_configs`
--
ALTER TABLE `psx_system_configs`
  ADD PRIMARY KEY (`id`);

--
-- Indexes for table `psx_table_used_types`
--
ALTER TABLE `psx_table_used_types`
  ADD PRIMARY KEY (`id`);

--
-- Indexes for table `psx_touches`
--
ALTER TABLE `psx_touches`
  ADD PRIMARY KEY (`id`);

--
-- Indexes for table `psx_transaction_counts`
--
ALTER TABLE `psx_transaction_counts`
  ADD PRIMARY KEY (`id`),
  ADD KEY `psx_transaction_counts_transaction_header_id_foreign` (`transaction_header_id`);

--
-- Indexes for table `psx_transaction_details`
--
ALTER TABLE `psx_transaction_details`
  ADD PRIMARY KEY (`id`),
  ADD KEY `psx_transaction_details_transaction_header_id_foreign` (`transaction_header_id`);

--
-- Indexes for table `psx_transaction_headers`
--
ALTER TABLE `psx_transaction_headers`
  ADD PRIMARY KEY (`id`);

--
-- Indexes for table `psx_transaction_statuses`
--
ALTER TABLE `psx_transaction_statuses`
  ADD PRIMARY KEY (`id`);

--
-- Indexes for table `psx_ui_types`
--
ALTER TABLE `psx_ui_types`
  ADD PRIMARY KEY (`id`);

--
-- Indexes for table `psx_updater_data`
--
ALTER TABLE `psx_updater_data`
  ADD PRIMARY KEY (`id`);

--
-- Indexes for table `psx_user_addresses`
--
ALTER TABLE `psx_user_addresses`
  ADD PRIMARY KEY (`id`);

--
-- Indexes for table `psx_user_address_information`
--
ALTER TABLE `psx_user_address_information`
  ADD PRIMARY KEY (`id`),
  ADD KEY `psx_user_address_information_user_id_foreign` (`user_id`);

--
-- Indexes for table `psx_user_boughts`
--
ALTER TABLE `psx_user_boughts`
  ADD PRIMARY KEY (`id`);

--
-- Indexes for table `psx_user_infos`
--
ALTER TABLE `psx_user_infos`
  ADD PRIMARY KEY (`id`),
  ADD KEY `psx_user_infos_user_id_index` (`user_id`);

--
-- Indexes for table `psx_user_permissions`
--
ALTER TABLE `psx_user_permissions`
  ADD PRIMARY KEY (`id`);

--
-- Indexes for table `psx_vendors`
--
ALTER TABLE `psx_vendors`
  ADD PRIMARY KEY (`id`);

--
-- Indexes for table `psx_vendor_applications`
--
ALTER TABLE `psx_vendor_applications`
  ADD PRIMARY KEY (`id`);

--
-- Indexes for table `psx_vendor_branches`
--
ALTER TABLE `psx_vendor_branches`
  ADD PRIMARY KEY (`id`);

--
-- Indexes for table `psx_vendor_delivery_settings`
--
ALTER TABLE `psx_vendor_delivery_settings`
  ADD PRIMARY KEY (`id`);

--
-- Indexes for table `psx_vendor_infos`
--
ALTER TABLE `psx_vendor_infos`
  ADD PRIMARY KEY (`id`);

--
-- Indexes for table `psx_vendor_menus`
--
ALTER TABLE `psx_vendor_menus`
  ADD PRIMARY KEY (`id`);

--
-- Indexes for table `psx_vendor_menu_groups`
--
ALTER TABLE `psx_vendor_menu_groups`
  ADD PRIMARY KEY (`id`);

--
-- Indexes for table `psx_vendor_modules`
--
ALTER TABLE `psx_vendor_modules`
  ADD PRIMARY KEY (`id`);

--
-- Indexes for table `psx_vendor_payments`
--
ALTER TABLE `psx_vendor_payments`
  ADD PRIMARY KEY (`id`);

--
-- Indexes for table `psx_vendor_payment_infos`
--
ALTER TABLE `psx_vendor_payment_infos`
  ADD PRIMARY KEY (`id`);

--
-- Indexes for table `psx_vendor_roles`
--
ALTER TABLE `psx_vendor_roles`
  ADD PRIMARY KEY (`id`);

--
-- Indexes for table `psx_vendor_role_permissions`
--
ALTER TABLE `psx_vendor_role_permissions`
  ADD PRIMARY KEY (`id`);

--
-- Indexes for table `psx_vendor_sub_menus`
--
ALTER TABLE `psx_vendor_sub_menus`
  ADD PRIMARY KEY (`id`);

--
-- Indexes for table `psx_vendor_transactions`
--
ALTER TABLE `psx_vendor_transactions`
  ADD PRIMARY KEY (`id`);

--
-- Indexes for table `psx_vendor_user_permissions`
--
ALTER TABLE `psx_vendor_user_permissions`
  ADD PRIMARY KEY (`id`);

--
-- Indexes for table `sessions`
--
ALTER TABLE `sessions`
  ADD PRIMARY KEY (`id`),
  ADD KEY `sessions_user_id_index` (`user_id`),
  ADD KEY `sessions_last_activity_index` (`last_activity`);

--
-- Indexes for table `teams`
--
ALTER TABLE `teams`
  ADD PRIMARY KEY (`id`),
  ADD KEY `teams_user_id_index` (`user_id`);

--
-- Indexes for table `team_invitations`
--
ALTER TABLE `team_invitations`
  ADD PRIMARY KEY (`id`),
  ADD UNIQUE KEY `team_invitations_team_id_email_unique` (`team_id`,`email`);

--
-- Indexes for table `team_user`
--
ALTER TABLE `team_user`
  ADD PRIMARY KEY (`id`),
  ADD UNIQUE KEY `team_user_team_id_user_id_unique` (`team_id`,`user_id`);

--
-- AUTO_INCREMENT for dumped tables
--

--
-- AUTO_INCREMENT for table `failed_jobs`
--
ALTER TABLE `failed_jobs`
  MODIFY `id` bigint(20) UNSIGNED NOT NULL AUTO_INCREMENT;

--
-- AUTO_INCREMENT for table `migrations`
--
ALTER TABLE `migrations`
  MODIFY `id` int(10) UNSIGNED NOT NULL AUTO_INCREMENT, AUTO_INCREMENT=339;

--
-- AUTO_INCREMENT for table `psx_activated_file_names`
--
ALTER TABLE `psx_activated_file_names`
  MODIFY `id` bigint(20) UNSIGNED NOT NULL AUTO_INCREMENT;

--
-- AUTO_INCREMENT for table `psx_api_call_settings`
--
ALTER TABLE `psx_api_call_settings`
  MODIFY `id` bigint(20) UNSIGNED NOT NULL AUTO_INCREMENT, AUTO_INCREMENT=2;

--
-- AUTO_INCREMENT for table `psx_authorizations`
--
ALTER TABLE `psx_authorizations`
  MODIFY `id` bigint(20) UNSIGNED NOT NULL AUTO_INCREMENT;

--
-- AUTO_INCREMENT for table `psx_available_currencies`
--
ALTER TABLE `psx_available_currencies`
  MODIFY `id` bigint(20) UNSIGNED NOT NULL AUTO_INCREMENT, AUTO_INCREMENT=161;

--
-- AUTO_INCREMENT for table `psx_block_users`
--
ALTER TABLE `psx_block_users`
  MODIFY `id` bigint(20) UNSIGNED NOT NULL AUTO_INCREMENT, AUTO_INCREMENT=9;

--
-- AUTO_INCREMENT for table `psx_blogs`
--
ALTER TABLE `psx_blogs`
  MODIFY `id` bigint(20) UNSIGNED NOT NULL AUTO_INCREMENT, AUTO_INCREMENT=61;

--
-- AUTO_INCREMENT for table `psx_blue_mark_users`
--
ALTER TABLE `psx_blue_mark_users`
  MODIFY `id` bigint(20) UNSIGNED NOT NULL AUTO_INCREMENT, AUTO_INCREMENT=16;

--
-- AUTO_INCREMENT for table `psx_builder_app_info_caches`
--
ALTER TABLE `psx_builder_app_info_caches`
  MODIFY `id` bigint(20) UNSIGNED NOT NULL AUTO_INCREMENT, AUTO_INCREMENT=5;

--
-- AUTO_INCREMENT for table `psx_carts`
--
ALTER TABLE `psx_carts`
  MODIFY `id` bigint(20) UNSIGNED NOT NULL AUTO_INCREMENT;

--
-- AUTO_INCREMENT for table `psx_cart_items`
--
ALTER TABLE `psx_cart_items`
  MODIFY `id` bigint(20) UNSIGNED NOT NULL AUTO_INCREMENT;

--
-- AUTO_INCREMENT for table `psx_categories`
--
ALTER TABLE `psx_categories`
  MODIFY `id` bigint(20) UNSIGNED NOT NULL AUTO_INCREMENT, AUTO_INCREMENT=25;

--
-- AUTO_INCREMENT for table `psx_category_language_strings`
--
ALTER TABLE `psx_category_language_strings`
  MODIFY `id` bigint(20) UNSIGNED NOT NULL AUTO_INCREMENT;

--
-- AUTO_INCREMENT for table `psx_chat_histories`
--
ALTER TABLE `psx_chat_histories`
  MODIFY `id` bigint(20) UNSIGNED NOT NULL AUTO_INCREMENT, AUTO_INCREMENT=38;

--
-- AUTO_INCREMENT for table `psx_chat_notis`
--
ALTER TABLE `psx_chat_notis`
  MODIFY `id` bigint(20) UNSIGNED NOT NULL AUTO_INCREMENT, AUTO_INCREMENT=155;

--
-- AUTO_INCREMENT for table `psx_check_version_updates`
--
ALTER TABLE `psx_check_version_updates`
  MODIFY `id` bigint(20) UNSIGNED NOT NULL AUTO_INCREMENT, AUTO_INCREMENT=4;

--
-- AUTO_INCREMENT for table `psx_component_attributes`
--
ALTER TABLE `psx_component_attributes`
  MODIFY `id` bigint(20) UNSIGNED NOT NULL AUTO_INCREMENT;

--
-- AUTO_INCREMENT for table `psx_contacts`
--
ALTER TABLE `psx_contacts`
  MODIFY `id` bigint(20) UNSIGNED NOT NULL AUTO_INCREMENT, AUTO_INCREMENT=16;

--
-- AUTO_INCREMENT for table `psx_core_abouts`
--
ALTER TABLE `psx_core_abouts`
  MODIFY `id` bigint(20) UNSIGNED NOT NULL AUTO_INCREMENT, AUTO_INCREMENT=2;

--
-- AUTO_INCREMENT for table `psx_core_data_deletions`
--
ALTER TABLE `psx_core_data_deletions`
  MODIFY `id` bigint(20) UNSIGNED NOT NULL AUTO_INCREMENT, AUTO_INCREMENT=2;

--
-- AUTO_INCREMENT for table `psx_core_field_filter_settings`
--
ALTER TABLE `psx_core_field_filter_settings`
  MODIFY `id` bigint(20) UNSIGNED NOT NULL AUTO_INCREMENT, AUTO_INCREMENT=281638;

--
-- AUTO_INCREMENT for table `psx_core_images`
--
ALTER TABLE `psx_core_images`
  MODIFY `id` bigint(20) UNSIGNED NOT NULL AUTO_INCREMENT, AUTO_INCREMENT=2068;

--
-- AUTO_INCREMENT for table `psx_core_keys`
--
ALTER TABLE `psx_core_keys`
  MODIFY `id` bigint(20) UNSIGNED NOT NULL AUTO_INCREMENT, AUTO_INCREMENT=68;

--
-- AUTO_INCREMENT for table `psx_core_key_counters`
--
ALTER TABLE `psx_core_key_counters`
  MODIFY `id` bigint(20) UNSIGNED NOT NULL AUTO_INCREMENT, AUTO_INCREMENT=105;

--
-- AUTO_INCREMENT for table `psx_core_key_payment_relations`
--
ALTER TABLE `psx_core_key_payment_relations`
  MODIFY `id` bigint(20) UNSIGNED NOT NULL AUTO_INCREMENT, AUTO_INCREMENT=90;

--
-- AUTO_INCREMENT for table `psx_core_key_types`
--
ALTER TABLE `psx_core_key_types`
  MODIFY `id` bigint(20) UNSIGNED NOT NULL AUTO_INCREMENT, AUTO_INCREMENT=65;

--
-- AUTO_INCREMENT for table `psx_core_key_user_relations`
--
ALTER TABLE `psx_core_key_user_relations`
  MODIFY `id` bigint(20) UNSIGNED NOT NULL AUTO_INCREMENT, AUTO_INCREMENT=9;

--
-- AUTO_INCREMENT for table `psx_core_menus`
--
ALTER TABLE `psx_core_menus`
  MODIFY `id` bigint(20) UNSIGNED NOT NULL AUTO_INCREMENT, AUTO_INCREMENT=83;

--
-- AUTO_INCREMENT for table `psx_core_menu_groups`
--
ALTER TABLE `psx_core_menu_groups`
  MODIFY `id` bigint(20) UNSIGNED NOT NULL AUTO_INCREMENT, AUTO_INCREMENT=6;

--
-- AUTO_INCREMENT for table `psx_core_modules`
--
ALTER TABLE `psx_core_modules`
  MODIFY `id` bigint(20) UNSIGNED NOT NULL AUTO_INCREMENT, AUTO_INCREMENT=63;

--
-- AUTO_INCREMENT for table `psx_core_privacy_policies`
--
ALTER TABLE `psx_core_privacy_policies`
  MODIFY `id` bigint(20) UNSIGNED NOT NULL AUTO_INCREMENT, AUTO_INCREMENT=2;

--
-- AUTO_INCREMENT for table `psx_core_reset_codes`
--
ALTER TABLE `psx_core_reset_codes`
  MODIFY `id` bigint(20) UNSIGNED NOT NULL AUTO_INCREMENT;

--
-- AUTO_INCREMENT for table `psx_core_sub_menu_groups`
--
ALTER TABLE `psx_core_sub_menu_groups`
  MODIFY `id` bigint(20) UNSIGNED NOT NULL AUTO_INCREMENT, AUTO_INCREMENT=22;

--
-- AUTO_INCREMENT for table `psx_currencies`
--
ALTER TABLE `psx_currencies`
  MODIFY `id` bigint(20) UNSIGNED NOT NULL AUTO_INCREMENT, AUTO_INCREMENT=17;

--
-- AUTO_INCREMENT for table `psx_customize_ui`
--
ALTER TABLE `psx_customize_ui`
  MODIFY `id` bigint(20) UNSIGNED NOT NULL AUTO_INCREMENT, AUTO_INCREMENT=280914;

--
-- AUTO_INCREMENT for table `psx_customize_ui_details`
--
ALTER TABLE `psx_customize_ui_details`
  MODIFY `id` bigint(20) UNSIGNED NOT NULL AUTO_INCREMENT, AUTO_INCREMENT=114;

--
-- AUTO_INCREMENT for table `psx_dashboard_core_images`
--
ALTER TABLE `psx_dashboard_core_images`
  MODIFY `id` bigint(20) UNSIGNED NOT NULL AUTO_INCREMENT, AUTO_INCREMENT=11;

--
-- AUTO_INCREMENT for table `psx_dashboard_highest_rated_buyers`
--
ALTER TABLE `psx_dashboard_highest_rated_buyers`
  MODIFY `id` bigint(20) UNSIGNED NOT NULL AUTO_INCREMENT, AUTO_INCREMENT=98;

--
-- AUTO_INCREMENT for table `psx_dashboard_highest_rated_sellers`
--
ALTER TABLE `psx_dashboard_highest_rated_sellers`
  MODIFY `id` bigint(20) UNSIGNED NOT NULL AUTO_INCREMENT, AUTO_INCREMENT=162;

--
-- AUTO_INCREMENT for table `psx_dashboard_latest_refresh_date`
--
ALTER TABLE `psx_dashboard_latest_refresh_date`
  MODIFY `id` bigint(20) UNSIGNED NOT NULL AUTO_INCREMENT, AUTO_INCREMENT=2;

--
-- AUTO_INCREMENT for table `psx_dashboard_most_engaging_products`
--
ALTER TABLE `psx_dashboard_most_engaging_products`
  MODIFY `id` bigint(20) UNSIGNED NOT NULL AUTO_INCREMENT, AUTO_INCREMENT=6;

--
-- AUTO_INCREMENT for table `psx_dashboard_most_purchased_packages`
--
ALTER TABLE `psx_dashboard_most_purchased_packages`
  MODIFY `id` bigint(20) UNSIGNED NOT NULL AUTO_INCREMENT, AUTO_INCREMENT=6;

--
-- AUTO_INCREMENT for table `psx_dashboard_most_revenue_from_packages`
--
ALTER TABLE `psx_dashboard_most_revenue_from_packages`
  MODIFY `id` bigint(20) UNSIGNED NOT NULL AUTO_INCREMENT, AUTO_INCREMENT=8;

--
-- AUTO_INCREMENT for table `psx_dashboard_most_revenue_from_promotions`
--
ALTER TABLE `psx_dashboard_most_revenue_from_promotions`
  MODIFY `id` bigint(20) UNSIGNED NOT NULL AUTO_INCREMENT, AUTO_INCREMENT=8;

--
-- AUTO_INCREMENT for table `psx_dashboard_recent_registered_users`
--
ALTER TABLE `psx_dashboard_recent_registered_users`
  MODIFY `id` bigint(20) UNSIGNED NOT NULL AUTO_INCREMENT, AUTO_INCREMENT=9;

--
-- AUTO_INCREMENT for table `psx_dashboard_total_and_percentage_results`
--
ALTER TABLE `psx_dashboard_total_and_percentage_results`
  MODIFY `id` bigint(20) UNSIGNED NOT NULL AUTO_INCREMENT, AUTO_INCREMENT=7;

--
-- AUTO_INCREMENT for table `psx_domain_changes`
--
ALTER TABLE `psx_domain_changes`
  MODIFY `id` bigint(20) UNSIGNED NOT NULL AUTO_INCREMENT, AUTO_INCREMENT=2;

--
-- AUTO_INCREMENT for table `psx_favourites`
--
ALTER TABLE `psx_favourites`
  MODIFY `id` bigint(20) UNSIGNED NOT NULL AUTO_INCREMENT, AUTO_INCREMENT=94;

--
-- AUTO_INCREMENT for table `psx_follow_users`
--
ALTER TABLE `psx_follow_users`
  MODIFY `id` bigint(20) UNSIGNED NOT NULL AUTO_INCREMENT, AUTO_INCREMENT=54;

--
-- AUTO_INCREMENT for table `psx_free_trial_durations`
--
ALTER TABLE `psx_free_trial_durations`
  MODIFY `id` bigint(20) UNSIGNED NOT NULL AUTO_INCREMENT, AUTO_INCREMENT=2;

--
-- AUTO_INCREMENT for table `psx_frontend_settings`
--
ALTER TABLE `psx_frontend_settings`
  MODIFY `id` bigint(20) UNSIGNED NOT NULL AUTO_INCREMENT, AUTO_INCREMENT=2;

--
-- AUTO_INCREMENT for table `psx_icons`
--
ALTER TABLE `psx_icons`
  MODIFY `id` bigint(20) UNSIGNED NOT NULL AUTO_INCREMENT, AUTO_INCREMENT=24;

--
-- AUTO_INCREMENT for table `psx_installer`
--
ALTER TABLE `psx_installer`
  MODIFY `id` bigint(20) UNSIGNED NOT NULL AUTO_INCREMENT, AUTO_INCREMENT=2;

--
-- AUTO_INCREMENT for table `psx_items`
--
ALTER TABLE `psx_items`
  MODIFY `id` bigint(20) UNSIGNED NOT NULL AUTO_INCREMENT, AUTO_INCREMENT=628;

--
-- AUTO_INCREMENT for table `psx_item_discounts`
--
ALTER TABLE `psx_item_discounts`
  MODIFY `id` bigint(20) UNSIGNED NOT NULL AUTO_INCREMENT;

--
-- AUTO_INCREMENT for table `psx_item_infos`
--
ALTER TABLE `psx_item_infos`
  MODIFY `id` bigint(20) UNSIGNED NOT NULL AUTO_INCREMENT, AUTO_INCREMENT=3766;

--
-- AUTO_INCREMENT for table `psx_item_reports`
--
ALTER TABLE `psx_item_reports`
  MODIFY `id` bigint(20) UNSIGNED NOT NULL AUTO_INCREMENT, AUTO_INCREMENT=18;

--
-- AUTO_INCREMENT for table `psx_landing_pages`
--
ALTER TABLE `psx_landing_pages`
  MODIFY `id` bigint(20) UNSIGNED NOT NULL AUTO_INCREMENT, AUTO_INCREMENT=2;

--
-- AUTO_INCREMENT for table `psx_languages`
--
ALTER TABLE `psx_languages`
  MODIFY `id` bigint(20) UNSIGNED NOT NULL AUTO_INCREMENT, AUTO_INCREMENT=18;

--
-- AUTO_INCREMENT for table `psx_location_cities`
--
ALTER TABLE `psx_location_cities`
  MODIFY `id` bigint(20) UNSIGNED NOT NULL AUTO_INCREMENT, AUTO_INCREMENT=31;

--
-- AUTO_INCREMENT for table `psx_location_city_infos`
--
ALTER TABLE `psx_location_city_infos`
  MODIFY `id` bigint(20) UNSIGNED NOT NULL AUTO_INCREMENT, AUTO_INCREMENT=5;

--
-- AUTO_INCREMENT for table `psx_location_townships`
--
ALTER TABLE `psx_location_townships`
  MODIFY `id` bigint(20) UNSIGNED NOT NULL AUTO_INCREMENT, AUTO_INCREMENT=44;

--
-- AUTO_INCREMENT for table `psx_log_changes`
--
ALTER TABLE `psx_log_changes`
  MODIFY `id` bigint(20) UNSIGNED NOT NULL AUTO_INCREMENT, AUTO_INCREMENT=3;

--
-- AUTO_INCREMENT for table `psx_mobile_languages`
--
ALTER TABLE `psx_mobile_languages`
  MODIFY `id` bigint(20) UNSIGNED NOT NULL AUTO_INCREMENT, AUTO_INCREMENT=24;

--
-- AUTO_INCREMENT for table `psx_mobile_settings`
--
ALTER TABLE `psx_mobile_settings`
  MODIFY `id` bigint(20) UNSIGNED NOT NULL AUTO_INCREMENT, AUTO_INCREMENT=2;

--
-- AUTO_INCREMENT for table `psx_modules`
--
ALTER TABLE `psx_modules`
  MODIFY `id` bigint(20) UNSIGNED NOT NULL AUTO_INCREMENT, AUTO_INCREMENT=89;

--
-- AUTO_INCREMENT for table `psx_nos`
--
ALTER TABLE `psx_nos`
  MODIFY `id` bigint(20) UNSIGNED NOT NULL AUTO_INCREMENT;

--
-- AUTO_INCREMENT for table `psx_orders`
--
ALTER TABLE `psx_orders`
  MODIFY `id` bigint(20) UNSIGNED NOT NULL AUTO_INCREMENT, AUTO_INCREMENT=29;

--
-- AUTO_INCREMENT for table `psx_order_items`
--
ALTER TABLE `psx_order_items`
  MODIFY `id` bigint(20) UNSIGNED NOT NULL AUTO_INCREMENT, AUTO_INCREMENT=29;

--
-- AUTO_INCREMENT for table `psx_packages`
--
ALTER TABLE `psx_packages`
  MODIFY `id` bigint(20) UNSIGNED NOT NULL AUTO_INCREMENT;

--
-- AUTO_INCREMENT for table `psx_package_bought_transactions`
--
ALTER TABLE `psx_package_bought_transactions`
  MODIFY `id` bigint(20) UNSIGNED NOT NULL AUTO_INCREMENT, AUTO_INCREMENT=47;

--
-- AUTO_INCREMENT for table `psx_paid_item_histories`
--
ALTER TABLE `psx_paid_item_histories`
  MODIFY `id` bigint(20) UNSIGNED NOT NULL AUTO_INCREMENT, AUTO_INCREMENT=74;

--
-- AUTO_INCREMENT for table `psx_payment_attributes`
--
ALTER TABLE `psx_payment_attributes`
  MODIFY `id` bigint(20) UNSIGNED NOT NULL AUTO_INCREMENT, AUTO_INCREMENT=178;

--
-- AUTO_INCREMENT for table `psx_payment_infos`
--
ALTER TABLE `psx_payment_infos`
  MODIFY `id` bigint(20) UNSIGNED NOT NULL AUTO_INCREMENT, AUTO_INCREMENT=90;

--
-- AUTO_INCREMENT for table `psx_payment_statuses`
--
ALTER TABLE `psx_payment_statuses`
  MODIFY `id` bigint(20) UNSIGNED NOT NULL AUTO_INCREMENT, AUTO_INCREMENT=5;

--
-- AUTO_INCREMENT for table `psx_permissions`
--
ALTER TABLE `psx_permissions`
  MODIFY `id` bigint(20) UNSIGNED NOT NULL AUTO_INCREMENT, AUTO_INCREMENT=5;

--
-- AUTO_INCREMENT for table `psx_phone_country_codes`
--
ALTER TABLE `psx_phone_country_codes`
  MODIFY `id` bigint(20) UNSIGNED NOT NULL AUTO_INCREMENT, AUTO_INCREMENT=248;

--
-- AUTO_INCREMENT for table `psx_products`
--
ALTER TABLE `psx_products`
  MODIFY `id` bigint(20) UNSIGNED NOT NULL AUTO_INCREMENT;

--
-- AUTO_INCREMENT for table `psx_product_infos`
--
ALTER TABLE `psx_product_infos`
  MODIFY `id` bigint(20) UNSIGNED NOT NULL AUTO_INCREMENT;

--
-- AUTO_INCREMENT for table `psx_push_notification_messages`
--
ALTER TABLE `psx_push_notification_messages`
  MODIFY `id` bigint(20) UNSIGNED NOT NULL AUTO_INCREMENT, AUTO_INCREMENT=35;

--
-- AUTO_INCREMENT for table `psx_push_notification_users`
--
ALTER TABLE `psx_push_notification_users`
  MODIFY `id` bigint(20) UNSIGNED NOT NULL AUTO_INCREMENT, AUTO_INCREMENT=22;

--
-- AUTO_INCREMENT for table `psx_ratings`
--
ALTER TABLE `psx_ratings`
  MODIFY `id` bigint(20) UNSIGNED NOT NULL AUTO_INCREMENT, AUTO_INCREMENT=36;

--
-- AUTO_INCREMENT for table `psx_reported_item_statuses`
--
ALTER TABLE `psx_reported_item_statuses`
  MODIFY `id` bigint(20) UNSIGNED NOT NULL AUTO_INCREMENT, AUTO_INCREMENT=3;

--
-- AUTO_INCREMENT for table `psx_roles`
--
ALTER TABLE `psx_roles`
  MODIFY `id` bigint(20) UNSIGNED NOT NULL AUTO_INCREMENT, AUTO_INCREMENT=8;

--
-- AUTO_INCREMENT for table `psx_role_permissions`
--
ALTER TABLE `psx_role_permissions`
  MODIFY `id` bigint(20) UNSIGNED NOT NULL AUTO_INCREMENT, AUTO_INCREMENT=1502;

--
-- AUTO_INCREMENT for table `psx_search_histories`
--
ALTER TABLE `psx_search_histories`
  MODIFY `id` bigint(20) UNSIGNED NOT NULL AUTO_INCREMENT, AUTO_INCREMENT=628;

--
-- AUTO_INCREMENT for table `psx_selected_theme`
--
ALTER TABLE `psx_selected_theme`
  MODIFY `id` bigint(20) UNSIGNED NOT NULL AUTO_INCREMENT;

--
-- AUTO_INCREMENT for table `psx_settings`
--
ALTER TABLE `psx_settings`
  MODIFY `id` bigint(20) UNSIGNED NOT NULL AUTO_INCREMENT, AUTO_INCREMENT=3;

--
-- AUTO_INCREMENT for table `psx_shippings`
--
ALTER TABLE `psx_shippings`
  MODIFY `id` bigint(20) UNSIGNED NOT NULL AUTO_INCREMENT, AUTO_INCREMENT=5;

--
-- AUTO_INCREMENT for table `psx_shipping_and_billings`
--
ALTER TABLE `psx_shipping_and_billings`
  MODIFY `id` bigint(20) UNSIGNED NOT NULL AUTO_INCREMENT, AUTO_INCREMENT=29;

--
-- AUTO_INCREMENT for table `psx_subcategories`
--
ALTER TABLE `psx_subcategories`
  MODIFY `id` bigint(20) UNSIGNED NOT NULL AUTO_INCREMENT, AUTO_INCREMENT=89;

--
-- AUTO_INCREMENT for table `psx_subcat_subscribes`
--
ALTER TABLE `psx_subcat_subscribes`
  MODIFY `id` bigint(20) UNSIGNED NOT NULL AUTO_INCREMENT, AUTO_INCREMENT=26;

--
-- AUTO_INCREMENT for table `psx_subscription_bought_transactions`
--
ALTER TABLE `psx_subscription_bought_transactions`
  MODIFY `id` bigint(20) UNSIGNED NOT NULL AUTO_INCREMENT, AUTO_INCREMENT=6;

--
-- AUTO_INCREMENT for table `psx_system_codes`
--
ALTER TABLE `psx_system_codes`
  MODIFY `id` bigint(20) UNSIGNED NOT NULL AUTO_INCREMENT, AUTO_INCREMENT=3;

--
-- AUTO_INCREMENT for table `psx_system_configs`
--
ALTER TABLE `psx_system_configs`
  MODIFY `id` bigint(20) UNSIGNED NOT NULL AUTO_INCREMENT, AUTO_INCREMENT=2;

--
-- AUTO_INCREMENT for table `psx_table_used_types`
--
ALTER TABLE `psx_table_used_types`
  MODIFY `id` bigint(20) UNSIGNED NOT NULL AUTO_INCREMENT, AUTO_INCREMENT=4;

--
-- AUTO_INCREMENT for table `psx_touches`
--
ALTER TABLE `psx_touches`
  MODIFY `id` bigint(20) UNSIGNED NOT NULL AUTO_INCREMENT, AUTO_INCREMENT=2430;

--
-- AUTO_INCREMENT for table `psx_transaction_counts`
--
ALTER TABLE `psx_transaction_counts`
  MODIFY `id` bigint(20) UNSIGNED NOT NULL AUTO_INCREMENT, AUTO_INCREMENT=14;

--
-- AUTO_INCREMENT for table `psx_transaction_details`
--
ALTER TABLE `psx_transaction_details`
  MODIFY `id` bigint(20) UNSIGNED NOT NULL AUTO_INCREMENT, AUTO_INCREMENT=14;

--
-- AUTO_INCREMENT for table `psx_transaction_headers`
--
ALTER TABLE `psx_transaction_headers`
  MODIFY `id` bigint(20) UNSIGNED NOT NULL AUTO_INCREMENT, AUTO_INCREMENT=6;

--
-- AUTO_INCREMENT for table `psx_transaction_statuses`
--
ALTER TABLE `psx_transaction_statuses`
  MODIFY `id` bigint(20) UNSIGNED NOT NULL AUTO_INCREMENT, AUTO_INCREMENT=9;

--
-- AUTO_INCREMENT for table `psx_ui_types`
--
ALTER TABLE `psx_ui_types`
  MODIFY `id` bigint(20) UNSIGNED NOT NULL AUTO_INCREMENT, AUTO_INCREMENT=12;

--
-- AUTO_INCREMENT for table `psx_updater_data`
--
ALTER TABLE `psx_updater_data`
  MODIFY `id` bigint(20) UNSIGNED NOT NULL AUTO_INCREMENT;

--
-- AUTO_INCREMENT for table `psx_user_addresses`
--
ALTER TABLE `psx_user_addresses`
  MODIFY `id` bigint(20) UNSIGNED NOT NULL AUTO_INCREMENT;

--
-- AUTO_INCREMENT for table `psx_user_address_information`
--
ALTER TABLE `psx_user_address_information`
  MODIFY `id` bigint(20) UNSIGNED NOT NULL AUTO_INCREMENT;

--
-- AUTO_INCREMENT for table `psx_user_boughts`
--
ALTER TABLE `psx_user_boughts`
  MODIFY `id` bigint(20) UNSIGNED NOT NULL AUTO_INCREMENT, AUTO_INCREMENT=21;

--
-- AUTO_INCREMENT for table `psx_user_infos`
--
ALTER TABLE `psx_user_infos`
  MODIFY `id` bigint(20) UNSIGNED NOT NULL AUTO_INCREMENT, AUTO_INCREMENT=83;

--
-- AUTO_INCREMENT for table `psx_user_permissions`
--
ALTER TABLE `psx_user_permissions`
  MODIFY `id` bigint(20) UNSIGNED NOT NULL AUTO_INCREMENT, AUTO_INCREMENT=131;

--
-- AUTO_INCREMENT for table `psx_vendors`
--
ALTER TABLE `psx_vendors`
  MODIFY `id` bigint(20) UNSIGNED NOT NULL AUTO_INCREMENT, AUTO_INCREMENT=8;

--
-- AUTO_INCREMENT for table `psx_vendor_applications`
--
ALTER TABLE `psx_vendor_applications`
  MODIFY `id` bigint(20) UNSIGNED NOT NULL AUTO_INCREMENT, AUTO_INCREMENT=8;

--
-- AUTO_INCREMENT for table `psx_vendor_branches`
--
ALTER TABLE `psx_vendor_branches`
  MODIFY `id` bigint(20) UNSIGNED NOT NULL AUTO_INCREMENT;

--
-- AUTO_INCREMENT for table `psx_vendor_delivery_settings`
--
ALTER TABLE `psx_vendor_delivery_settings`
  MODIFY `id` bigint(20) UNSIGNED NOT NULL AUTO_INCREMENT, AUTO_INCREMENT=8;

--
-- AUTO_INCREMENT for table `psx_vendor_infos`
--
ALTER TABLE `psx_vendor_infos`
  MODIFY `id` bigint(20) UNSIGNED NOT NULL AUTO_INCREMENT, AUTO_INCREMENT=10;

--
-- AUTO_INCREMENT for table `psx_vendor_menus`
--
ALTER TABLE `psx_vendor_menus`
  MODIFY `id` bigint(20) UNSIGNED NOT NULL AUTO_INCREMENT, AUTO_INCREMENT=11;

--
-- AUTO_INCREMENT for table `psx_vendor_menu_groups`
--
ALTER TABLE `psx_vendor_menu_groups`
  MODIFY `id` bigint(20) UNSIGNED NOT NULL AUTO_INCREMENT, AUTO_INCREMENT=8;

--
-- AUTO_INCREMENT for table `psx_vendor_payments`
--
ALTER TABLE `psx_vendor_payments`
  MODIFY `id` bigint(20) UNSIGNED NOT NULL AUTO_INCREMENT, AUTO_INCREMENT=43;

--
-- AUTO_INCREMENT for table `psx_vendor_payment_infos`
--
ALTER TABLE `psx_vendor_payment_infos`
  MODIFY `id` bigint(20) UNSIGNED NOT NULL AUTO_INCREMENT, AUTO_INCREMENT=38;

--
-- AUTO_INCREMENT for table `psx_vendor_roles`
--
ALTER TABLE `psx_vendor_roles`
  MODIFY `id` bigint(20) UNSIGNED NOT NULL AUTO_INCREMENT, AUTO_INCREMENT=4;

--
-- AUTO_INCREMENT for table `psx_vendor_role_permissions`
--
ALTER TABLE `psx_vendor_role_permissions`
  MODIFY `id` bigint(20) UNSIGNED NOT NULL AUTO_INCREMENT, AUTO_INCREMENT=4;

--
-- AUTO_INCREMENT for table `psx_vendor_sub_menus`
--
ALTER TABLE `psx_vendor_sub_menus`
  MODIFY `id` bigint(20) UNSIGNED NOT NULL AUTO_INCREMENT, AUTO_INCREMENT=10;

--
-- AUTO_INCREMENT for table `psx_vendor_transactions`
--
ALTER TABLE `psx_vendor_transactions`
  MODIFY `id` bigint(20) UNSIGNED NOT NULL AUTO_INCREMENT;

--
-- AUTO_INCREMENT for table `psx_vendor_user_permissions`
--
ALTER TABLE `psx_vendor_user_permissions`
  MODIFY `id` bigint(20) UNSIGNED NOT NULL AUTO_INCREMENT, AUTO_INCREMENT=8;

--
-- AUTO_INCREMENT for table `teams`
--
ALTER TABLE `teams`
  MODIFY `id` bigint(20) UNSIGNED NOT NULL AUTO_INCREMENT;

--
-- AUTO_INCREMENT for table `team_invitations`
--
ALTER TABLE `team_invitations`
  MODIFY `id` bigint(20) UNSIGNED NOT NULL AUTO_INCREMENT;

--
-- AUTO_INCREMENT for table `team_user`
--
ALTER TABLE `team_user`
  MODIFY `id` bigint(20) UNSIGNED NOT NULL AUTO_INCREMENT;

--
-- Constraints for dumped tables
--

--
-- Constraints for table `psx_core_menus`
--
ALTER TABLE `psx_core_menus`
  ADD CONSTRAINT `psx_core_menus_module_id_foreign` FOREIGN KEY (`module_id`) REFERENCES `psx_modules` (`id`) ON DELETE CASCADE;

--
-- Constraints for table `psx_core_sub_menu_groups`
--
ALTER TABLE `psx_core_sub_menu_groups`
  ADD CONSTRAINT `psx_core_sub_menu_groups_module_id_foreign` FOREIGN KEY (`module_id`) REFERENCES `psx_modules` (`id`) ON DELETE CASCADE;

--
-- Constraints for table `psx_location_townships`
--
ALTER TABLE `psx_location_townships`
  ADD CONSTRAINT `psx_location_townships_location_city_id_foreign` FOREIGN KEY (`location_city_id`) REFERENCES `psx_location_cities` (`id`) ON DELETE CASCADE;

--
-- Constraints for table `psx_role_permissions`
--
ALTER TABLE `psx_role_permissions`
  ADD CONSTRAINT `psx_role_permissions_module_id_foreign` FOREIGN KEY (`module_id`) REFERENCES `psx_modules` (`id`) ON DELETE CASCADE,
  ADD CONSTRAINT `psx_role_permissions_role_id_foreign` FOREIGN KEY (`role_id`) REFERENCES `psx_roles` (`id`) ON DELETE CASCADE;

--
-- Constraints for table `psx_transaction_counts`
--
ALTER TABLE `psx_transaction_counts`
  ADD CONSTRAINT `psx_transaction_counts_transaction_header_id_foreign` FOREIGN KEY (`transaction_header_id`) REFERENCES `psx_transaction_headers` (`id`) ON DELETE CASCADE;

--
-- Constraints for table `psx_transaction_details`
--
ALTER TABLE `psx_transaction_details`
  ADD CONSTRAINT `psx_transaction_details_transaction_header_id_foreign` FOREIGN KEY (`transaction_header_id`) REFERENCES `psx_transaction_headers` (`id`) ON DELETE CASCADE;

--
-- Constraints for table `psx_user_address_information`
--
ALTER TABLE `psx_user_address_information`
  ADD CONSTRAINT `psx_user_address_information_user_id_foreign` FOREIGN KEY (`user_id`) REFERENCES `users` (`id`) ON DELETE CASCADE;
COMMIT;

